{"id":8258,"date":"2016-03-01T18:37:51","date_gmt":"2016-03-01T17:37:51","guid":{"rendered":"http:\/\/www.andreclaude.fr\/web\/?post_type=product&#038;p=8258"},"modified":"2022-01-26T18:24:38","modified_gmt":"2022-01-26T17:24:38","slug":"composition-champagne-et-croquant","status":"publish","type":"product","link":"https:\/\/www.andreclaude.fr\/web\/index.php\/produit\/composition-champagne-et-croquant\/","title":{"rendered":"Composition Champagne et Croquant de corde"},"content":{"rendered":"<p>Croquant\u00a0 de corde Fabriqu\u00e9 par<\/p>\n<p>Maison Bruy\u00e8re ZA LaBouissounade 81150 Lagrave<\/p>\n<p>&nbsp;<\/p>\n","protected":false},"excerpt":{"rendered":"<div>\n<p>Composition Champagne et Croquant<\/p>\n<ul>\n<li>Champagne Devaux Grande R\u00e9serve Brut 37,5 cl :Alcool : 12 % contient des sulfites.\n<p class=\"contact_infos_texte\">Champagne Devaux Hameau de Villeneuve 10110 Bar-sur-Seine.<\/p>\n<p>La consommation de boissons alcoolis\u00e9es pendant la grossesse, m\u00eame en faible quantit\u00e9, peut avoir des cons\u00e9quences graves sur la sant\u00e9 de l\u2019enfant.<\/p>\n<p>LA VENTE D ALCOOL EST INTERDITE AUX MINEURS.<\/p>\n<p>L ABUS D ALCOOL EST DANGEREUX POUR LA SANTE. A CONSOMMER AVEC MODERATION.<\/li>\n<li>Croquant de corde sachet 100g :Ingr\u00e9dients : sucre,<strong> amandes<\/strong> 20%, farine de <strong>bl\u00e9<\/strong>, blancs d&rsquo;<strong>oeufs<\/strong>. Traces possibles de <strong>lait<\/strong> et de <strong>noisettes<\/strong>.Valeurs nutritionnelles moyennes pour 100g\n<p>Energie : 1884kj\/448kcal<\/p>\n<p>Mati\u00e8res grasses : 13g dont acides gras satur\u00e9s : 1g<\/p>\n<p>Glucides : 71g dont sucres : 60g<\/p>\n<p>Fibres alimentaires : 3.7g<\/p>\n<p>Prot\u00e9ines : 9.8g<\/p>\n<p>Sel : 0.07g<\/li>\n<\/ul>\n<p>Pour les gourmands et les amateurs de Gastronomie, vous pouvez composez vous-m\u00eame vos paniers gourmands et m\u00eame les faire livrer directement \u00e0 vos proches.<\/p>\n<\/div>\n","protected":false},"featured_media":8259,"comment_status":"closed","ping_status":"closed","template":"","meta":[],"product_cat":[198,194],"product_tag":[],"jetpack_publicize_connections":[],"_links":{"self":[{"href":"https:\/\/www.andreclaude.fr\/web\/index.php\/wp-json\/wp\/v2\/product\/8258"}],"collection":[{"href":"https:\/\/www.andreclaude.fr\/web\/index.php\/wp-json\/wp\/v2\/product"}],"about":[{"href":"https:\/\/www.andreclaude.fr\/web\/index.php\/wp-json\/wp\/v2\/types\/product"}],"replies":[{"embeddable":true,"href":"https:\/\/www.andreclaude.fr\/web\/index.php\/wp-json\/wp\/v2\/comments?post=8258"}],"wp:featuredmedia":[{"embeddable":true,"href":"https:\/\/www.andreclaude.fr\/web\/index.php\/wp-json\/wp\/v2\/media\/8259"}],"wp:attachment":[{"href":"https:\/\/www.andreclaude.fr\/web\/index.php\/wp-json\/wp\/v2\/media?parent=8258"}],"wp:term":[{"taxonomy":"product_cat","embeddable":true,"href":"https:\/\/www.andreclaude.fr\/web\/index.php\/wp-json\/wp\/v2\/product_cat?post=8258"},{"taxonomy":"product_tag","embeddable":true,"href":"https:\/\/www.andreclaude.fr\/web\/index.php\/wp-json\/wp\/v2\/product_tag?post=8258"}],"curies":[{"name":"wp","href":"https:\/\/api.w.org\/{rel}","templated":true}]}}