{"id":8184,"date":"2016-02-24T06:40:17","date_gmt":"2016-02-24T05:40:17","guid":{"rendered":"http:\/\/www.andreclaude.fr\/web\/?post_type=product&#038;p=8184"},"modified":"2023-05-11T08:11:35","modified_gmt":"2023-05-11T07:11:35","slug":"menetou-salon-blanc-75-cl-2013","status":"publish","type":"product","link":"https:\/\/www.andreclaude.fr\/web\/index.php\/produit\/menetou-salon-blanc-75-cl-2013\/","title":{"rendered":"Menetou salon blanc Eric Louis 75 cl 2020"},"content":{"rendered":"","protected":false},"excerpt":{"rendered":"<p><strong><span class=\"ck_vert\">C\u00e9page :<\/span> <\/strong>100% Sauvignon Blanc<\/p>\n<p><strong><span class=\"ck_vert\">Terroir :<\/span> <\/strong>provient de sols argilo-calcaires et de marnes kimm\u00e9ridgiennes.<\/p>\n<p><strong><span class=\"ck_vert\">Travail de la vigne :<\/span><\/strong>La vigne est l\u2019objet d\u2019observations constantes: nous limitons nos rendements, d\u00e9butons les vendanges suivant la maturit\u00e9 de chaque parcelle, proc\u00e9dons au tri de la r\u00e9colte\u2026<\/p>\n<p class=\"ck_normal\"><strong><span class=\"ck_vert\">Vinification :<\/span> <\/strong>Les raisins sont achemin\u00e9s au pressoir pneumatique. Apr\u00e8s un pressurage d\u00e9licat, ce vin va fermenter avec des levures indig\u00e8nes. Il est ensuite \u00e9lev\u00e9 durant quelques mois sur lies fines de fermentation.<\/p>\n<p><strong><span class=\"ck_vert\">D\u00e9gustation :<\/span><\/strong>Frais et fruit\u00e9, sa bouche est ronde et souple avec des notes d&rsquo;agrumes et de fleurs blanches.<\/p>\n<p><strong><span class=\"ck_vert\">Accords Mets &amp; Vins :<\/span> <\/strong>Servi \u00e0 l&rsquo;ap\u00e9ritif, il pr\u00e9pare en douceur le palais \u00e0 la plus fine gastronomie. Le meilleur accompagnement sera les fruits de mer et les poissons.<\/p>\n<p><strong><span class=\"ck_vert\">R\u00e9compenses par Mill\u00e9sime :<\/span><\/strong><\/p>\n<p>2018: M\u00e9daille d&rsquo;Or aux Vinalies Internationales<\/p>\n<p>2018: Note de 83\/100 au Decanter World Wine Awards<\/p>\n<p>2014 : Decanter World Wine Awards &#8211; M\u00e9daille d&rsquo;Argent<\/p>\n<p class=\" text-justify\">Alcool 13 % Contient des sulfites.<\/p>\n<p class=\" text-justify\">La consommation de boissons alcoolis\u00e9es pendant la grossesse, m\u00eame en faible quantit\u00e9, peut avoir des cons\u00e9quences graves sur la sant\u00e9 de l\u2019enfant.<\/p>\n<p class=\" text-justify\">L ABUS D ALCOOL EST DANGEREUX POUR LA SANTE. A CONSOMMER AVEC MODERATION.<\/p>\n<p class=\" text-justify\">LA VENTE D ALCOOL EST INTERDITE AUX MINEURS.<\/p>\n<p class=\" text-justify\">Eric Louis 18300 Thauvenay<\/p>\n<p>&nbsp;<\/p>\n","protected":false},"featured_media":8185,"comment_status":"closed","ping_status":"closed","template":"","meta":[],"product_cat":[194,162],"product_tag":[],"jetpack_publicize_connections":[],"_links":{"self":[{"href":"https:\/\/www.andreclaude.fr\/web\/index.php\/wp-json\/wp\/v2\/product\/8184"}],"collection":[{"href":"https:\/\/www.andreclaude.fr\/web\/index.php\/wp-json\/wp\/v2\/product"}],"about":[{"href":"https:\/\/www.andreclaude.fr\/web\/index.php\/wp-json\/wp\/v2\/types\/product"}],"replies":[{"embeddable":true,"href":"https:\/\/www.andreclaude.fr\/web\/index.php\/wp-json\/wp\/v2\/comments?post=8184"}],"wp:featuredmedia":[{"embeddable":true,"href":"https:\/\/www.andreclaude.fr\/web\/index.php\/wp-json\/wp\/v2\/media\/8185"}],"wp:attachment":[{"href":"https:\/\/www.andreclaude.fr\/web\/index.php\/wp-json\/wp\/v2\/media?parent=8184"}],"wp:term":[{"taxonomy":"product_cat","embeddable":true,"href":"https:\/\/www.andreclaude.fr\/web\/index.php\/wp-json\/wp\/v2\/product_cat?post=8184"},{"taxonomy":"product_tag","embeddable":true,"href":"https:\/\/www.andreclaude.fr\/web\/index.php\/wp-json\/wp\/v2\/product_tag?post=8184"}],"curies":[{"name":"wp","href":"https:\/\/api.w.org\/{rel}","templated":true}]}}