{"id":7891,"date":"2016-01-29T20:25:09","date_gmt":"2016-01-29T19:25:09","guid":{"rendered":"http:\/\/www.andreclaude.fr\/web\/?post_type=product&#038;p=7891"},"modified":"2022-01-27T09:44:54","modified_gmt":"2022-01-27T08:44:54","slug":"moulin-aux-3-poivres-noir-blanc-et-vert","status":"publish","type":"product","link":"https:\/\/www.andreclaude.fr\/web\/index.php\/produit\/moulin-aux-3-poivres-noir-blanc-et-vert\/","title":{"rendered":"Moulin aux 3 poivres noir blanc et vert 125g"},"content":{"rendered":"<p>Distribu\u00e9 par<\/p>\n<p>SDP<\/p>\n<p><span class=\"LrzXr\">8 Rue des Oliviers, <\/span><\/p>\n<p><span class=\"LrzXr\">94310 Orly<\/span><\/p>\n","protected":false},"excerpt":{"rendered":"<p>Le Moulin 3 Poivres propose une association subtile et \u00e9quilibr\u00e9e de poivre noir, de poivre blanc et de poivre vert . Un m\u00e9lange in\u00e9dit pour varier les plaisirs du poivre. Pratique \u00e0 table comme en cuisine, il vous permettra d\u2019appr\u00e9cier pleinement la qualit\u00e9 des ingr\u00e9dients fra\u00eechement moulus.<\/p>\n","protected":false},"featured_media":7892,"comment_status":"closed","ping_status":"closed","template":"","meta":[],"product_cat":[194,179],"product_tag":[],"jetpack_publicize_connections":[],"_links":{"self":[{"href":"https:\/\/www.andreclaude.fr\/web\/index.php\/wp-json\/wp\/v2\/product\/7891"}],"collection":[{"href":"https:\/\/www.andreclaude.fr\/web\/index.php\/wp-json\/wp\/v2\/product"}],"about":[{"href":"https:\/\/www.andreclaude.fr\/web\/index.php\/wp-json\/wp\/v2\/types\/product"}],"replies":[{"embeddable":true,"href":"https:\/\/www.andreclaude.fr\/web\/index.php\/wp-json\/wp\/v2\/comments?post=7891"}],"wp:featuredmedia":[{"embeddable":true,"href":"https:\/\/www.andreclaude.fr\/web\/index.php\/wp-json\/wp\/v2\/media\/7892"}],"wp:attachment":[{"href":"https:\/\/www.andreclaude.fr\/web\/index.php\/wp-json\/wp\/v2\/media?parent=7891"}],"wp:term":[{"taxonomy":"product_cat","embeddable":true,"href":"https:\/\/www.andreclaude.fr\/web\/index.php\/wp-json\/wp\/v2\/product_cat?post=7891"},{"taxonomy":"product_tag","embeddable":true,"href":"https:\/\/www.andreclaude.fr\/web\/index.php\/wp-json\/wp\/v2\/product_tag?post=7891"}],"curies":[{"name":"wp","href":"https:\/\/api.w.org\/{rel}","templated":true}]}}

<p>Distribué par</p>
<p>SDP</p>
<p><span class="LrzXr">8 Rue des Oliviers, </span></p>
<p><span class="LrzXr">94310 Orly</span></p>

<p>Le Moulin 3 Poivres propose une association subtile et équilibrée de poivre noir, de poivre blanc et de poivre vert . Un mélange inédit pour varier les plaisirs du poivre. Pratique à table comme en cuisine, il vous permettra d’apprécier pleinement la qualité des ingrédients fraîchement moulus.</p>
