{"id":6512,"date":"2015-12-07T12:14:08","date_gmt":"2015-12-07T11:14:08","guid":{"rendered":"http:\/\/www.andreclaude.fr\/web\/index.php\/produit\/olive-verte-denoyautee-barq-env-350-grs\/"},"modified":"2024-07-16T15:57:57","modified_gmt":"2024-07-16T14:57:57","slug":"olive-verte-denoyautee-barq-env-350-grs","status":"publish","type":"product","link":"https:\/\/www.andreclaude.fr\/web\/index.php\/produit\/olive-verte-denoyautee-barq-env-350-grs\/","title":{"rendered":"Olive verte d\u00e9noyaut\u00e9e la Barquette env 350g"},"content":{"rendered":"<p>SAISOF<\/p>\n<p>29\/31 Rue des investisseurs<\/p>\n<p>91560 CROSNES<\/p>\n","protected":false},"excerpt":{"rendered":"<p>Olive verte d\u00e9noyaut\u00e9e nature.<\/p>\n<p>Conditionn\u00e9 en barquette refermable \u00e0 volont\u00e9 pour garder toute sa saveur.<\/p>\n<p>&nbsp;<\/p>\n","protected":false},"featured_media":7951,"comment_status":"closed","ping_status":"closed","template":"","meta":[],"product_cat":[194,152],"product_tag":[],"jetpack_publicize_connections":[],"_links":{"self":[{"href":"https:\/\/www.andreclaude.fr\/web\/index.php\/wp-json\/wp\/v2\/product\/6512"}],"collection":[{"href":"https:\/\/www.andreclaude.fr\/web\/index.php\/wp-json\/wp\/v2\/product"}],"about":[{"href":"https:\/\/www.andreclaude.fr\/web\/index.php\/wp-json\/wp\/v2\/types\/product"}],"replies":[{"embeddable":true,"href":"https:\/\/www.andreclaude.fr\/web\/index.php\/wp-json\/wp\/v2\/comments?post=6512"}],"wp:featuredmedia":[{"embeddable":true,"href":"https:\/\/www.andreclaude.fr\/web\/index.php\/wp-json\/wp\/v2\/media\/7951"}],"wp:attachment":[{"href":"https:\/\/www.andreclaude.fr\/web\/index.php\/wp-json\/wp\/v2\/media?parent=6512"}],"wp:term":[{"taxonomy":"product_cat","embeddable":true,"href":"https:\/\/www.andreclaude.fr\/web\/index.php\/wp-json\/wp\/v2\/product_cat?post=6512"},{"taxonomy":"product_tag","embeddable":true,"href":"https:\/\/www.andreclaude.fr\/web\/index.php\/wp-json\/wp\/v2\/product_tag?post=6512"}],"curies":[{"name":"wp","href":"https:\/\/api.w.org\/{rel}","templated":true}]}}