{"id":6492,"date":"2015-12-07T11:43:25","date_gmt":"2015-12-07T10:43:25","guid":{"rendered":"http:\/\/www.andreclaude.fr\/web\/index.php\/produit\/chevre-trefle-de-la-region-la-piece\/"},"modified":"2022-01-06T11:41:11","modified_gmt":"2022-01-06T10:41:11","slug":"chevre-trefle-de-la-region-la-piece","status":"publish","type":"product","link":"https:\/\/www.andreclaude.fr\/web\/index.php\/produit\/chevre-trefle-de-la-region-la-piece\/","title":{"rendered":"Ch\u00e8vre Tr\u00e9fle de la r\u00e9gion la pi\u00e8ce"},"content":{"rendered":"<div class=\"vc_span6 wpb_column column_container\">\n<p>EARL DU PETIT PERCHE<\/p>\n<p>La Bretonnerie<\/p>\n<p>41270 ROMILLY DU PERCHE<\/p>\n<\/div>\n","protected":false},"excerpt":{"rendered":"<div id=\"main\" class=\"container clearfix\">\n<div id=\"container\">\n<div id=\"primary\">\n<div id=\"content\">\n<section id=\"post-64\" class=\"post-64 post type-post status-publish format-standard has-post-thumbnail hentry category-diapo category-fromage\">\n<article>\n<header class=\"entry-header\">\n<h1 class=\"entry-title\">Le Tr\u00e8fle CCP<\/h1>\n<\/header>\n<div class=\"entry-content clearfix\">\n<div class=\"vc_row wpb_row vc_row-fluid\">\n<div class=\"wpb_column vc_column_container vc_col-sm-6\">\n<div class=\"vc_column-inner \">\n<div class=\"wpb_wrapper\">\n<div class=\"wpb_text_column wpb_content_element \">\n<div class=\"wpb_wrapper\">\n<p><strong>Fromage de ch\u00e8vre fermier au lait cru \u2013 CCP (certification de conformit\u00e9 de produit) \u00a0EARL DU PETIT PERCHE<\/strong><\/p>\n<ul>\n<li>(97% de <strong>lait<\/strong> frais, 2% de lactos\u00e9rum issu de l\u2019exploitation,\u00a00,8% de pr\u00e9sure et 0,2 % de sel),<\/li>\n<li>provenant de L\u2019EARL DU PETIT PERCHE,<\/li>\n<li>Moul\u00e9 \u00e0 la louche<\/li>\n<li>Affin\u00e9 ou Sec<\/li>\n<li>Sel naturel noir<\/li>\n<li>Poids \u00e0 dix jours d\u2019affinage 160 g<\/li>\n<li>Mati\u00e8re grasse dans extrait sec 51.8 %<\/li>\n<li>Mati\u00e8re grasse moyenne 23 %<\/li>\n<li>Allerg\u00e8ne : Lait<\/li>\n<\/ul>\n<p>En forme de tr\u00e8fle \u00e0 quatre feuilles, ce fromage symbolise l\u2019exploitation de Bruno et Yvan Pelletier, mais aussi le terroir dont il est issu. Moul\u00e9 \u00e0 la louche avec du lait frais, il tient sa typicit\u00e9 de son \u00e9gouttage, tr\u00e8s long. Une saveur tr\u00e8s particuli\u00e8re de sous-bois et un salage fait \u00e0 la main au sel noir, caract\u00e9rise le Tr\u00e8fle du Perche apr\u00e8s 12 jours d\u2019affinage.<\/p>\n<p>Fromage de ch\u00e8vre fermier au lait cru \u2013 CCP (certification de conformit\u00e9 de produit) cr\u00e9\u00e9 par l\u2019association des fromagers Caprins Perche et Loir dont M. Bruno Pelletier est le pr\u00e9sident.<\/p>\n<\/div>\n<\/div>\n<\/div>\n<\/div>\n<\/div>\n<div class=\"wpb_column vc_column_container vc_col-sm-6\"><\/div>\n<\/div>\n<\/div>\n<\/article>\n<\/section>\n<\/div>\n<\/div>\n<\/div>\n<\/div>\n","protected":false},"featured_media":7382,"comment_status":"closed","ping_status":"closed","template":"","meta":[],"product_cat":[196,194,169],"product_tag":[],"jetpack_publicize_connections":[],"_links":{"self":[{"href":"https:\/\/www.andreclaude.fr\/web\/index.php\/wp-json\/wp\/v2\/product\/6492"}],"collection":[{"href":"https:\/\/www.andreclaude.fr\/web\/index.php\/wp-json\/wp\/v2\/product"}],"about":[{"href":"https:\/\/www.andreclaude.fr\/web\/index.php\/wp-json\/wp\/v2\/types\/product"}],"replies":[{"embeddable":true,"href":"https:\/\/www.andreclaude.fr\/web\/index.php\/wp-json\/wp\/v2\/comments?post=6492"}],"wp:featuredmedia":[{"embeddable":true,"href":"https:\/\/www.andreclaude.fr\/web\/index.php\/wp-json\/wp\/v2\/media\/7382"}],"wp:attachment":[{"href":"https:\/\/www.andreclaude.fr\/web\/index.php\/wp-json\/wp\/v2\/media?parent=6492"}],"wp:term":[{"taxonomy":"product_cat","embeddable":true,"href":"https:\/\/www.andreclaude.fr\/web\/index.php\/wp-json\/wp\/v2\/product_cat?post=6492"},{"taxonomy":"product_tag","embeddable":true,"href":"https:\/\/www.andreclaude.fr\/web\/index.php\/wp-json\/wp\/v2\/product_tag?post=6492"}],"curies":[{"name":"wp","href":"https:\/\/api.w.org\/{rel}","templated":true}]}}