{"id":6478,"date":"2015-12-07T11:42:57","date_gmt":"2015-12-07T10:42:57","guid":{"rendered":"http:\/\/www.andreclaude.fr\/web\/index.php\/produit\/perche-long-de-la-region-la-piece\/"},"modified":"2023-03-10T09:53:04","modified_gmt":"2023-03-10T08:53:04","slug":"perche-long-de-la-region-la-piece","status":"publish","type":"product","link":"https:\/\/www.andreclaude.fr\/web\/index.php\/produit\/perche-long-de-la-region-la-piece\/","title":{"rendered":"Ch\u00e8vre Perche long de la r\u00e9gion la pi\u00e8ce"},"content":{"rendered":"<p>EARL DU PETIT PERCHE<\/p>\n<p>La Bretonnerie<\/p>\n<p>41270 ROMILLY DU PERCHE<\/p>\n","protected":false},"excerpt":{"rendered":"<header class=\"entry-header\">\n<h1 class=\"entry-title\">Le Perche long<\/h1>\n<\/header>\n<div class=\"entry-content clearfix\">\n<div class=\"vc_row wpb_row vc_row-fluid\">\n<div class=\"wpb_column vc_column_container vc_col-sm-6\">\n<div class=\"vc_column-inner \">\n<div class=\"wpb_wrapper\">\n<div class=\"wpb_text_column wpb_content_element \">\n<div class=\"wpb_wrapper\">\n<p><strong>Fromage de ch\u00e8vre fermier au lait cru \u2013 EARL DU PETIT PERCHE<\/strong><\/p>\n<ul>\n<li>(97% de <strong>lait<\/strong> frais, 2% de lactos\u00e9rum issu de l\u2019exploitation,\u00a00,8% de pr\u00e9sure et 0,2 % de sel),<\/li>\n<li>provenant de L\u2019EARL DU PETIT PERCHE,<\/li>\n<li>Moul\u00e9 \u00e0 la louche<\/li>\n<li>Frais, Affin\u00e9 ou Sec<\/li>\n<li>Sel naturel noir<\/li>\n<li>Mati\u00e8re grasse moyenne 23 %<\/li>\n<li>Poids minimum au d\u00e9moulage 350 g<\/li>\n<li>Allerg\u00e8ne : <strong>Lait<\/strong><\/li>\n<\/ul>\n<\/div>\n<\/div>\n<\/div>\n<\/div>\n<\/div>\n<\/div>\n<\/div>\n<header class=\"entry-header\">\n<p class=\"entry-title\">FROMAGES M\u00c9DAILL\u00c9S<\/p>\n<\/header>\n<p>Le 21 juin 2017, concours r\u00e9gional de fromages au ch\u00e2teau de Selles-Sur-Cher.<\/p>\n<p>7 m\u00e9dailles re\u00e7ues pour 7 fromages pr\u00e9sent\u00e9s.<\/p>\n<p>Le Tr\u00e8ffle m\u00e9daille d&rsquo;argent.<\/p>\n<p>La Pyramide m\u00e9daille d&rsquo;argent ex-aequo.<\/p>\n<p>Le Petit Perche au poivre m\u00e9daille de bronze.<\/p>\n<p>Le Petit Perche persillade m\u00e9daille d&rsquo;or.<\/p>\n<p>Le Petit Perche long affin\u00e9s m\u00e9daille d&rsquo;or.<\/p>\n<p>Le Petit Perche blanc m\u00e9daille d&rsquo;or.<\/p>\n<p>Le Petit Perche long d\u00e9but d&rsquo;affinage m\u00e9daille d&rsquo;or.<\/p>\n","protected":false},"featured_media":7081,"comment_status":"closed","ping_status":"closed","template":"","meta":[],"product_cat":[196,194,169],"product_tag":[],"jetpack_publicize_connections":[],"_links":{"self":[{"href":"https:\/\/www.andreclaude.fr\/web\/index.php\/wp-json\/wp\/v2\/product\/6478"}],"collection":[{"href":"https:\/\/www.andreclaude.fr\/web\/index.php\/wp-json\/wp\/v2\/product"}],"about":[{"href":"https:\/\/www.andreclaude.fr\/web\/index.php\/wp-json\/wp\/v2\/types\/product"}],"replies":[{"embeddable":true,"href":"https:\/\/www.andreclaude.fr\/web\/index.php\/wp-json\/wp\/v2\/comments?post=6478"}],"wp:featuredmedia":[{"embeddable":true,"href":"https:\/\/www.andreclaude.fr\/web\/index.php\/wp-json\/wp\/v2\/media\/7081"}],"wp:attachment":[{"href":"https:\/\/www.andreclaude.fr\/web\/index.php\/wp-json\/wp\/v2\/media?parent=6478"}],"wp:term":[{"taxonomy":"product_cat","embeddable":true,"href":"https:\/\/www.andreclaude.fr\/web\/index.php\/wp-json\/wp\/v2\/product_cat?post=6478"},{"taxonomy":"product_tag","embeddable":true,"href":"https:\/\/www.andreclaude.fr\/web\/index.php\/wp-json\/wp\/v2\/product_tag?post=6478"}],"curies":[{"name":"wp","href":"https:\/\/api.w.org\/{rel}","templated":true}]}}

Chèvre Perche long de la région la pièce

<header class="entry-header">
<h1 class="entry-title">Le Perche long</h1>
</header>
<div class="entry-content clearfix">
<div class="vc_row wpb_row vc_row-fluid">
<div class="wpb_column vc_column_container vc_col-sm-6">
<div class="vc_column-inner ">
<div class="wpb_wrapper">
<div class="wpb_text_column wpb_content_element ">
<div class="wpb_wrapper">
<p><strong>Fromage de chèvre fermier au lait cru – EARL DU PETIT PERCHE</strong></p>
<ul>
<li>(97% de <strong>lait</strong> frais, 2% de lactosérum issu de l’exploitation, 0,8% de présure et 0,2 % de sel),</li>
<li>provenant de L’EARL DU PETIT PERCHE,</li>
<li>Moulé à la louche</li>
<li>Frais, Affiné ou Sec</li>
<li>Sel naturel noir</li>
<li>Matière grasse moyenne 23 %</li>
<li>Poids minimum au démoulage 350 g</li>
<li>Allergène : <strong>Lait</strong></li>
</ul>
</div>
</div>
</div>
</div>
</div>
</div>
</div>
<header class="entry-header">
<p class="entry-title">FROMAGES MÉDAILLÉS</p>
</header>
<p>Le 21 juin 2017, concours régional de fromages au château de Selles-Sur-Cher.</p>
<p>7 médailles reçues pour 7 fromages présentés.</p>
<p>Le Trèffle médaille d&rsquo;argent.</p>
<p>La Pyramide médaille d&rsquo;argent ex-aequo.</p>
<p>Le Petit Perche au poivre médaille de bronze.</p>
<p>Le Petit Perche persillade médaille d&rsquo;or.</p>
<p>Le Petit Perche long affinés médaille d&rsquo;or.</p>
<p>Le Petit Perche blanc médaille d&rsquo;or.</p>
<p>Le Petit Perche long début d&rsquo;affinage médaille d&rsquo;or.</p>
