{"id":6459,"date":"2015-12-07T11:42:50","date_gmt":"2015-12-07T10:42:50","guid":{"rendered":"http:\/\/www.andreclaude.fr\/web\/index.php\/produit\/epice-graines-de-coriande-le-pot\/"},"modified":"2023-10-17T09:51:23","modified_gmt":"2023-10-17T08:51:23","slug":"epice-graines-de-coriande-le-pot","status":"publish","type":"product","link":"https:\/\/www.andreclaude.fr\/web\/index.php\/produit\/epice-graines-de-coriande-le-pot\/","title":{"rendered":"Graines coriandre le pot"},"content":{"rendered":"<p>Distribu\u00e9 par<\/p>\n<p>Agidra<\/p>\n<p>BP 156<\/p>\n<p>69801 SAINT PRIEST<\/p>\n","protected":false},"excerpt":{"rendered":"<p>Ingr\u00e9dients : coriandre s\u00e9ch\u00e9e<\/p>\n<p>Traces possibles de c\u00e9leri, gluten, moutarde et s\u00e9same.<\/p>\n","protected":false},"featured_media":7241,"comment_status":"closed","ping_status":"closed","template":"","meta":[],"product_cat":[194,172],"product_tag":[],"jetpack_publicize_connections":[],"_links":{"self":[{"href":"https:\/\/www.andreclaude.fr\/web\/index.php\/wp-json\/wp\/v2\/product\/6459"}],"collection":[{"href":"https:\/\/www.andreclaude.fr\/web\/index.php\/wp-json\/wp\/v2\/product"}],"about":[{"href":"https:\/\/www.andreclaude.fr\/web\/index.php\/wp-json\/wp\/v2\/types\/product"}],"replies":[{"embeddable":true,"href":"https:\/\/www.andreclaude.fr\/web\/index.php\/wp-json\/wp\/v2\/comments?post=6459"}],"wp:featuredmedia":[{"embeddable":true,"href":"https:\/\/www.andreclaude.fr\/web\/index.php\/wp-json\/wp\/v2\/media\/7241"}],"wp:attachment":[{"href":"https:\/\/www.andreclaude.fr\/web\/index.php\/wp-json\/wp\/v2\/media?parent=6459"}],"wp:term":[{"taxonomy":"product_cat","embeddable":true,"href":"https:\/\/www.andreclaude.fr\/web\/index.php\/wp-json\/wp\/v2\/product_cat?post=6459"},{"taxonomy":"product_tag","embeddable":true,"href":"https:\/\/www.andreclaude.fr\/web\/index.php\/wp-json\/wp\/v2\/product_tag?post=6459"}],"curies":[{"name":"wp","href":"https:\/\/api.w.org\/{rel}","templated":true}]}}

<p>Distribué par</p>
<p>Agidra</p>
<p>BP 156</p>
<p>69801 SAINT PRIEST</p>

<p>Ingrédients : coriandre séchée</p>
<p>Traces possibles de céleri, gluten, moutarde et sésame.</p>
