{"id":6434,"date":"2015-12-07T11:42:42","date_gmt":"2015-12-07T10:42:42","guid":{"rendered":"http:\/\/www.andreclaude.fr\/web\/index.php\/produit\/a-poivrons-grilles-bocal-314-ml\/"},"modified":"2022-01-15T08:57:31","modified_gmt":"2022-01-15T07:57:31","slug":"a-poivrons-grilles-bocal-314-ml","status":"publish","type":"product","link":"https:\/\/www.andreclaude.fr\/web\/index.php\/produit\/a-poivrons-grilles-bocal-314-ml\/","title":{"rendered":"Poivrons grill\u00e9s bocal 314 Ml"},"content":{"rendered":"<p>Maison\u00a0 CASTELLINO<\/p>\n<p>Distribu\u00e9 par<\/p>\n<p>DISTRAZUR<\/p>\n<p><span class=\"LrzXr\">ZI des plaines,<\/span><\/p>\n<p><span class=\"LrzXr\"> 80 chemins des buis,<\/span><\/p>\n<p><span class=\"LrzXr\"> 26780 Malataverne<\/span><\/p>\n","protected":false},"excerpt":{"rendered":"<p>Id\u00e9ales pour les ap\u00e9ritifs, salades, sandwiches, p\u00e2tes, pizzas, tartes, bruschettas\u2026<\/p>\n<p>Apr\u00e8s d\u00e9gustation, la marinade d\u00e9licieusement parfum\u00e9e par les lamelles de poivrons et ses \u00e9pices, peut \u00eatre utilis\u00e9e dans vos pr\u00e9parations de salades, pates\u2026<\/p>\n","protected":false},"featured_media":6435,"comment_status":"closed","ping_status":"closed","template":"","meta":[],"product_cat":[194,183],"product_tag":[],"jetpack_publicize_connections":[],"_links":{"self":[{"href":"https:\/\/www.andreclaude.fr\/web\/index.php\/wp-json\/wp\/v2\/product\/6434"}],"collection":[{"href":"https:\/\/www.andreclaude.fr\/web\/index.php\/wp-json\/wp\/v2\/product"}],"about":[{"href":"https:\/\/www.andreclaude.fr\/web\/index.php\/wp-json\/wp\/v2\/types\/product"}],"replies":[{"embeddable":true,"href":"https:\/\/www.andreclaude.fr\/web\/index.php\/wp-json\/wp\/v2\/comments?post=6434"}],"wp:featuredmedia":[{"embeddable":true,"href":"https:\/\/www.andreclaude.fr\/web\/index.php\/wp-json\/wp\/v2\/media\/6435"}],"wp:attachment":[{"href":"https:\/\/www.andreclaude.fr\/web\/index.php\/wp-json\/wp\/v2\/media?parent=6434"}],"wp:term":[{"taxonomy":"product_cat","embeddable":true,"href":"https:\/\/www.andreclaude.fr\/web\/index.php\/wp-json\/wp\/v2\/product_cat?post=6434"},{"taxonomy":"product_tag","embeddable":true,"href":"https:\/\/www.andreclaude.fr\/web\/index.php\/wp-json\/wp\/v2\/product_tag?post=6434"}],"curies":[{"name":"wp","href":"https:\/\/api.w.org\/{rel}","templated":true}]}}

Poivrons grillés bocal 314 Ml

<p>Maison  CASTELLINO</p>
<p>Distribué par</p>
<p>DISTRAZUR</p>
<p><span class="LrzXr">ZI des plaines,</span></p>
<p><span class="LrzXr"> 80 chemins des buis,</span></p>
<p><span class="LrzXr"> 26780 Malataverne</span></p>

<p>Idéales pour les apéritifs, salades, sandwiches, pâtes, pizzas, tartes, bruschettas…</p>
<p>Après dégustation, la marinade délicieusement parfumée par les lamelles de poivrons et ses épices, peut être utilisée dans vos préparations de salades, pates…</p>
