{"id":6292,"date":"2015-12-07T11:39:22","date_gmt":"2015-12-07T10:39:22","guid":{"rendered":"http:\/\/www.andreclaude.fr\/web\/index.php\/produit\/the-rooibos-aux-epices-la-boite\/"},"modified":"2022-05-10T09:14:22","modified_gmt":"2022-05-10T08:14:22","slug":"the-rooibos-aux-epices-la-boite","status":"publish","type":"product","link":"https:\/\/www.andreclaude.fr\/web\/index.php\/produit\/the-rooibos-aux-epices-la-boite\/","title":{"rendered":"Th\u00e9 &#8211; Roo\u00efbos aux \u00e9pices boite de 40 sachets voile"},"content":{"rendered":"<p>Comptoirs RICHARD<\/p>\n<p>71, Rue Lecourbe<\/p>\n<p>75015 Paris<\/p>\n<p><span class=\"\">Il se d\u00e9guste id\u00e9alement la journ\u00e9e et le soir, avec ou sans nuage de lait. Son aspect est celui d&rsquo;une petite feuille bris\u00e9e rouge homog\u00e8ne. Le Roo\u00efbos aux \u00e9pices se compose d&rsquo;un roo\u00efbos rouge aromatis\u00e9 \u00e0 l\u2019orange et aux \u00e9pices et agr\u00e9ment\u00e9 de graines de cardamome, d\u2019\u00e9corces de cannelle, de clou de girofle, de p\u00e9tales de tournesol et de morceaux de vanille. Sa liqueur rouge orang\u00e9e r\u00e9v\u00e9lant des notes bois\u00e9es, \u00e9pic\u00e9es et zest\u00e9es orange douce sans aucune astringence ni amertume.<\/span><\/p>\n<p>Sans th\u00e9ine, il est id\u00e9al pour le soir. Il est aussi bon chaud que froid.<\/p>\n","protected":false},"excerpt":{"rendered":"<p>Rooibos, \u00e9corces d&rsquo;orange, graines de cardamone 9.6%, morceaux de cannelle 5.8%, morceaux de gingembre3.9%, ar\u00f4mes<\/p>\n<p>Peut contenir des traces de fruits \u00e0 coque, de lait et de soja.<\/p>\n<p>Temp\u00e9rature : 90 \u00b0C<\/p>\n<p>Temps d\u2019infusion : 4 min<\/p>\n<p>Avec ou sans lait<\/p>\n<p>Moment de la journ\u00e9e : toute la journ\u00e9e et le soir<\/p>\n","protected":false},"featured_media":6293,"comment_status":"closed","ping_status":"closed","template":"","meta":[],"product_cat":[194,181],"product_tag":[],"jetpack_publicize_connections":[],"_links":{"self":[{"href":"https:\/\/www.andreclaude.fr\/web\/index.php\/wp-json\/wp\/v2\/product\/6292"}],"collection":[{"href":"https:\/\/www.andreclaude.fr\/web\/index.php\/wp-json\/wp\/v2\/product"}],"about":[{"href":"https:\/\/www.andreclaude.fr\/web\/index.php\/wp-json\/wp\/v2\/types\/product"}],"replies":[{"embeddable":true,"href":"https:\/\/www.andreclaude.fr\/web\/index.php\/wp-json\/wp\/v2\/comments?post=6292"}],"wp:featuredmedia":[{"embeddable":true,"href":"https:\/\/www.andreclaude.fr\/web\/index.php\/wp-json\/wp\/v2\/media\/6293"}],"wp:attachment":[{"href":"https:\/\/www.andreclaude.fr\/web\/index.php\/wp-json\/wp\/v2\/media?parent=6292"}],"wp:term":[{"taxonomy":"product_cat","embeddable":true,"href":"https:\/\/www.andreclaude.fr\/web\/index.php\/wp-json\/wp\/v2\/product_cat?post=6292"},{"taxonomy":"product_tag","embeddable":true,"href":"https:\/\/www.andreclaude.fr\/web\/index.php\/wp-json\/wp\/v2\/product_tag?post=6292"}],"curies":[{"name":"wp","href":"https:\/\/api.w.org\/{rel}","templated":true}]}}