{"id":6268,"date":"2015-12-07T11:38:47","date_gmt":"2015-12-07T10:38:47","guid":{"rendered":"http:\/\/www.andreclaude.fr\/web\/index.php\/produit\/the-menthe-la-boite\/"},"modified":"2023-06-06T16:58:00","modified_gmt":"2023-06-06T15:58:00","slug":"the-menthe-la-boite","status":"publish","type":"product","link":"https:\/\/www.andreclaude.fr\/web\/index.php\/produit\/the-menthe-la-boite\/","title":{"rendered":"Th\u00e9 &#8211; Menthe Bio la boite de 40 sachets voile"},"content":{"rendered":"<p>Comptoirs RICHARD<\/p>\n<p>71, Rue Lecourbe<\/p>\n<p>75015 Paris<\/p>\n<p><span class=\"\"><span class=\"description\">Il se d\u00e9guste id\u00e9alement la journ\u00e9e et le soir sans lait. Il se compose de th\u00e9 vert gunpowder agr\u00e9ment\u00e9 de menthe douce nanah dans la plus pure tradition marocaine. Sa la liqueur ambr\u00e9e claire d\u00e9veloppe les notes cors\u00e9es du gunpowder adoucies par la menthe douce nanah s\u00e9ch\u00e9e.<\/span><\/span><\/p>\n<p>Pour un voyage dans les souks\u00a0!<\/p>\n<p>Le th\u00e9 vert \u00e0 la Menthe est aussi bon chaud que froid.<\/p>\n","protected":false},"excerpt":{"rendered":"<p>Th\u00e9 Vert menthe\u00a0 verte 19%, ar\u00f4mes.<\/p>\n<p>Peut contenir des traces de fruits \u00e0 coque, de lait et de soja.<\/p>\n<p>Temp\u00e9rature : 90 \u00b0C<\/p>\n<p>Temps d\u2019infusion : 3 min<\/p>\n<p>Sans lait<\/p>\n<p>Moment de la journ\u00e9e : toute la journ\u00e9e et le soir<\/p>\n","protected":false},"featured_media":6269,"comment_status":"closed","ping_status":"closed","template":"","meta":[],"product_cat":[194,181],"product_tag":[],"jetpack_publicize_connections":[],"_links":{"self":[{"href":"https:\/\/www.andreclaude.fr\/web\/index.php\/wp-json\/wp\/v2\/product\/6268"}],"collection":[{"href":"https:\/\/www.andreclaude.fr\/web\/index.php\/wp-json\/wp\/v2\/product"}],"about":[{"href":"https:\/\/www.andreclaude.fr\/web\/index.php\/wp-json\/wp\/v2\/types\/product"}],"replies":[{"embeddable":true,"href":"https:\/\/www.andreclaude.fr\/web\/index.php\/wp-json\/wp\/v2\/comments?post=6268"}],"wp:featuredmedia":[{"embeddable":true,"href":"https:\/\/www.andreclaude.fr\/web\/index.php\/wp-json\/wp\/v2\/media\/6269"}],"wp:attachment":[{"href":"https:\/\/www.andreclaude.fr\/web\/index.php\/wp-json\/wp\/v2\/media?parent=6268"}],"wp:term":[{"taxonomy":"product_cat","embeddable":true,"href":"https:\/\/www.andreclaude.fr\/web\/index.php\/wp-json\/wp\/v2\/product_cat?post=6268"},{"taxonomy":"product_tag","embeddable":true,"href":"https:\/\/www.andreclaude.fr\/web\/index.php\/wp-json\/wp\/v2\/product_tag?post=6268"}],"curies":[{"name":"wp","href":"https:\/\/api.w.org\/{rel}","templated":true}]}}