{"id":6213,"date":"2015-12-07T11:38:25","date_gmt":"2015-12-07T10:38:25","guid":{"rendered":"http:\/\/www.andreclaude.fr\/web\/index.php\/produit\/gaufrette-chocolat\/"},"modified":"2024-03-15T16:49:51","modified_gmt":"2024-03-15T15:49:51","slug":"gaufrette-chocolat","status":"publish","type":"product","link":"https:\/\/www.andreclaude.fr\/web\/index.php\/produit\/gaufrette-chocolat\/","title":{"rendered":"Gaufrette au chocolat le paquet 175g"},"content":{"rendered":"<p>Biscuiterie Eug\u00e8ne BLOND<\/p>\n<p>159 Rue de Verlinghem<\/p>\n<p>59130 Lambersart France<\/p>\n","protected":false},"excerpt":{"rendered":"<p>C&rsquo;est une tradition qui remonte \u00e0 1894 ! Aujourd&rsquo;hui, m\u00eame si la recette est toujours rigoureusement la m\u00eame, \u00e0 l&rsquo;ar\u00f4me Vanille s&rsquo;ajoutent celui du Chocolat, de la Framboise &#8230; Et avant de d\u00e9guster votre gaufrette, n&rsquo;oubliez pas de lire la petite phrase qui vous fera sourire!!<\/p>\n<p>Contenance : 0 cl<br \/>\nPoids net : 175 g<br \/>\nPoids net \u00e9goutt\u00e9 : 0 g<\/p>\n<p>CARACTERISTIQUES PRODUIT<br \/>\nIngr\u00e9dients :\u00a0 Sucre, farine de bl\u00e9, mati\u00e8res grasses v\u00e9g\u00e9tales non hydrog\u00e9n\u00e9es, poudre de cacao, colorants : b\u00e9t\u00e0-carot\u00e8ne, sel, \u00e9mulsifiant : l\u00e9cithine de soja (sans O.G.M), poudre \u00e0 lever : carbonate de magn\u00e9sie.<\/p>\n<p>Allerg\u00e8nes :<br \/>\nTraces d&rsquo;allerg\u00e8nes possibles : Poudre blanc d&rsquo;oeufs.<br \/>\nAllerg\u00e8nes pr\u00e9sents dans l&rsquo;atelier :<\/p>\n<p>Valeurs nutritionnelles pour 100 g de produit \u00e9goutt\u00e9<\/p>\n<p>Energie 2243 kJ \/ 537 kcal<br \/>\nGlucides 65,1 g<\/p>\n<p>Mode d&#8217;emploi :<br \/>\nRecommandations :<br \/>\nContre indications :<br \/>\nStockage avant emploi : sachet ferm\u00e9, au sec \u00e0 temp\u00e9rature ambiante<\/p>\n<p>Stockage apr\u00e8s ouverture : sachet ferm\u00e9, au sec \u00e0 temp\u00e9rature ambiante<\/p>\n<p>DLUO \u00e0 fabrication : 360 jour(s)<br \/>\nDLUO garantie : 120 jour(s)<\/p>\n<p>Origine : FRANCE<br \/>\nLieu de fabrication : 59130 LAMBERSART<\/p>\n","protected":false},"featured_media":7233,"comment_status":"closed","ping_status":"closed","template":"","meta":[],"product_cat":[194,170],"product_tag":[],"jetpack_publicize_connections":[],"_links":{"self":[{"href":"https:\/\/www.andreclaude.fr\/web\/index.php\/wp-json\/wp\/v2\/product\/6213"}],"collection":[{"href":"https:\/\/www.andreclaude.fr\/web\/index.php\/wp-json\/wp\/v2\/product"}],"about":[{"href":"https:\/\/www.andreclaude.fr\/web\/index.php\/wp-json\/wp\/v2\/types\/product"}],"replies":[{"embeddable":true,"href":"https:\/\/www.andreclaude.fr\/web\/index.php\/wp-json\/wp\/v2\/comments?post=6213"}],"wp:featuredmedia":[{"embeddable":true,"href":"https:\/\/www.andreclaude.fr\/web\/index.php\/wp-json\/wp\/v2\/media\/7233"}],"wp:attachment":[{"href":"https:\/\/www.andreclaude.fr\/web\/index.php\/wp-json\/wp\/v2\/media?parent=6213"}],"wp:term":[{"taxonomy":"product_cat","embeddable":true,"href":"https:\/\/www.andreclaude.fr\/web\/index.php\/wp-json\/wp\/v2\/product_cat?post=6213"},{"taxonomy":"product_tag","embeddable":true,"href":"https:\/\/www.andreclaude.fr\/web\/index.php\/wp-json\/wp\/v2\/product_tag?post=6213"}],"curies":[{"name":"wp","href":"https:\/\/api.w.org\/{rel}","templated":true}]}}

<p>Biscuiterie Eugène BLOND</p>
<p>159 Rue de Verlinghem</p>
<p>59130 Lambersart France</p>

<p>C&rsquo;est une tradition qui remonte à 1894 ! Aujourd&rsquo;hui, même si la recette est toujours rigoureusement la même, à l&rsquo;arôme Vanille s&rsquo;ajoutent celui du Chocolat, de la Framboise &#8230; Et avant de déguster votre gaufrette, n&rsquo;oubliez pas de lire la petite phrase qui vous fera sourire!!</p>
<p>Contenance : 0 cl<br />
Poids net : 175 g<br />
Poids net égoutté : 0 g</p>
<p>CARACTERISTIQUES PRODUIT<br />
Ingrédients :  Sucre, farine de blé, matières grasses végétales non hydrogénées, poudre de cacao, colorants : bétà-carotène, sel, émulsifiant : lécithine de soja (sans O.G.M), poudre à lever : carbonate de magnésie.</p>
<p>Allergènes :<br />
Traces d&rsquo;allergènes possibles : Poudre blanc d&rsquo;oeufs.<br />
Allergènes présents dans l&rsquo;atelier :</p>
<p>Valeurs nutritionnelles pour 100 g de produit égoutté</p>
<p>Energie 2243 kJ / 537 kcal<br />
Glucides 65,1 g</p>
<p>Mode d&#8217;emploi :<br />
Recommandations :<br />
Contre indications :<br />
Stockage avant emploi : sachet fermé, au sec à température ambiante</p>
<p>Stockage après ouverture : sachet fermé, au sec à température ambiante</p>
<p>DLUO à fabrication : 360 jour(s)<br />
DLUO garantie : 120 jour(s)</p>
<p>Origine : FRANCE<br />
Lieu de fabrication : 59130 LAMBERSART</p>
