{"id":6161,"date":"2015-12-07T11:37:53","date_gmt":"2015-12-07T10:37:53","guid":{"rendered":"http:\/\/www.andreclaude.fr\/web\/index.php\/produit\/tapenade-tapenade-verte-le-pot\/"},"modified":"2018-10-05T16:27:37","modified_gmt":"2018-10-05T15:27:37","slug":"tapenade-tapenade-verte-le-pot","status":"publish","type":"product","link":"https:\/\/www.andreclaude.fr\/web\/index.php\/produit\/tapenade-tapenade-verte-le-pot\/","title":{"rendered":"Tapenade &#8211; Tapenade verte verrine 90g"},"content":{"rendered":"<p>Distribu\u00e9 par<\/p>\n<p>DISTRAZUR<\/p>\n<p><span class=\"LrzXr\">ZI des plaines,<\/span><\/p>\n<p><span class=\"LrzXr\"> 80 chemins des buis,<\/span><\/p>\n<p><span class=\"LrzXr\"> 26780 Malataverne<\/span><\/p>\n","protected":false},"excerpt":{"rendered":"<p>La recette traditionnelle de la Tapenade verte, elle est le produit incontournable sur vos toasts ap\u00e9ritif, ou en cuisine.<\/p>\n<p>Ingr\u00e9dients : olives vertes 82%, c\u00e2pres 6%, huile d&rsquo;olive, p\u00e2te d<strong>&lsquo;anchois<\/strong> (<strong>anchois<\/strong> sal\u00e9s 82%, huile d&rsquo;olive, vinaigre de vin, sel, poivre, girofle), vinaigre de vin, ail, poivre<\/p>\n<p>Sans conservateur, sans OGM<\/p>\n<p>Valeurs nutritionnelles moyennes pour 100 g<\/p>\n<p>Energie : 693kj\/168kcal<\/p>\n<p>Mati\u00e8res grasses : 17 g dont acides gras satur\u00e9s : 2.4g<\/p>\n<p>Glucides : 1,8g dont sucres 0.6g<\/p>\n<p>Prot\u00e9ines : 1.8g<\/p>\n<p>Sel : 3.6g<\/p>\n","protected":false},"featured_media":7524,"comment_status":"closed","ping_status":"closed","template":"","meta":[],"product_cat":[194,183],"product_tag":[],"jetpack_publicize_connections":[],"_links":{"self":[{"href":"https:\/\/www.andreclaude.fr\/web\/index.php\/wp-json\/wp\/v2\/product\/6161"}],"collection":[{"href":"https:\/\/www.andreclaude.fr\/web\/index.php\/wp-json\/wp\/v2\/product"}],"about":[{"href":"https:\/\/www.andreclaude.fr\/web\/index.php\/wp-json\/wp\/v2\/types\/product"}],"replies":[{"embeddable":true,"href":"https:\/\/www.andreclaude.fr\/web\/index.php\/wp-json\/wp\/v2\/comments?post=6161"}],"wp:featuredmedia":[{"embeddable":true,"href":"https:\/\/www.andreclaude.fr\/web\/index.php\/wp-json\/wp\/v2\/media\/7524"}],"wp:attachment":[{"href":"https:\/\/www.andreclaude.fr\/web\/index.php\/wp-json\/wp\/v2\/media?parent=6161"}],"wp:term":[{"taxonomy":"product_cat","embeddable":true,"href":"https:\/\/www.andreclaude.fr\/web\/index.php\/wp-json\/wp\/v2\/product_cat?post=6161"},{"taxonomy":"product_tag","embeddable":true,"href":"https:\/\/www.andreclaude.fr\/web\/index.php\/wp-json\/wp\/v2\/product_tag?post=6161"}],"curies":[{"name":"wp","href":"https:\/\/api.w.org\/{rel}","templated":true}]}}