{"id":6142,"date":"2015-12-07T11:37:48","date_gmt":"2015-12-07T10:37:48","guid":{"rendered":"http:\/\/www.andreclaude.fr\/web\/index.php\/produit\/jus-de-pomme-la-bouteille\/"},"modified":"2024-03-12T16:05:08","modified_gmt":"2024-03-12T15:05:08","slug":"jus-de-pomme-la-bouteille","status":"publish","type":"product","link":"https:\/\/www.andreclaude.fr\/web\/index.php\/produit\/jus-de-pomme-la-bouteille\/","title":{"rendered":"Jus de pomme de la r\u00e9gion bouteille 1 litre"},"content":{"rendered":"<p>EARL BIGOT Arboriculteur<\/p>\n<p>Les Vergers des Tertres<\/p>\n<p>8 Rue des Ecoles<\/p>\n<p>61110 COULONGES LES SABLONS<\/p>\n<p>&nbsp;<\/p>\n","protected":false},"excerpt":{"rendered":"<p>Jus de pomme artisanal de notre producteur de pommes dans le Perche : 61 110 Coulonges les sablons. Bouteille de 1 litre.<\/p>\n<p>Fruits s\u00e9lectionn\u00e9s au verger pour leurs qualit\u00e9s gustatives.<\/p>\n<p>Aucun conservateur, ni additif, sans ajout de sucre, conform\u00e9ment \u00e0 la l\u00e9gislation.<\/p>\n<p>&nbsp;<\/p>\n","protected":false},"featured_media":18975,"comment_status":"closed","ping_status":"closed","template":"","meta":[],"product_cat":[212,196,194],"product_tag":[],"jetpack_publicize_connections":[],"_links":{"self":[{"href":"https:\/\/www.andreclaude.fr\/web\/index.php\/wp-json\/wp\/v2\/product\/6142"}],"collection":[{"href":"https:\/\/www.andreclaude.fr\/web\/index.php\/wp-json\/wp\/v2\/product"}],"about":[{"href":"https:\/\/www.andreclaude.fr\/web\/index.php\/wp-json\/wp\/v2\/types\/product"}],"replies":[{"embeddable":true,"href":"https:\/\/www.andreclaude.fr\/web\/index.php\/wp-json\/wp\/v2\/comments?post=6142"}],"wp:featuredmedia":[{"embeddable":true,"href":"https:\/\/www.andreclaude.fr\/web\/index.php\/wp-json\/wp\/v2\/media\/18975"}],"wp:attachment":[{"href":"https:\/\/www.andreclaude.fr\/web\/index.php\/wp-json\/wp\/v2\/media?parent=6142"}],"wp:term":[{"taxonomy":"product_cat","embeddable":true,"href":"https:\/\/www.andreclaude.fr\/web\/index.php\/wp-json\/wp\/v2\/product_cat?post=6142"},{"taxonomy":"product_tag","embeddable":true,"href":"https:\/\/www.andreclaude.fr\/web\/index.php\/wp-json\/wp\/v2\/product_tag?post=6142"}],"curies":[{"name":"wp","href":"https:\/\/api.w.org\/{rel}","templated":true}]}}

Jus de pomme de la région bouteille 1 litre

<p>Jus de pomme artisanal de notre producteur de pommes dans le Perche : 61 110 Coulonges les sablons. Bouteille de 1 litre.</p>
<p>Fruits sélectionnés au verger pour leurs qualités gustatives.</p>
<p>Aucun conservateur, ni additif, sans ajout de sucre, conformément à la législation.</p>
<p>&nbsp;</p>
