{"id":6137,"date":"2015-12-07T11:37:48","date_gmt":"2015-12-07T10:37:48","guid":{"rendered":"http:\/\/www.andreclaude.fr\/web\/index.php\/produit\/pate-alsacienne-torsade-le-paquet-250g\/"},"modified":"2022-03-01T11:06:38","modified_gmt":"2022-03-01T10:06:38","slug":"pate-alsacienne-torsade-le-paquet-250g","status":"publish","type":"product","link":"https:\/\/www.andreclaude.fr\/web\/index.php\/produit\/pate-alsacienne-torsade-le-paquet-250g\/","title":{"rendered":"P\u00e2te Alsacienne &#8211; torsade le paquet 250g"},"content":{"rendered":"","protected":false},"excerpt":{"rendered":"<p>CARACTERISTIQUES PRODUIT<br \/>\nIngr\u00e9dients : &#8211; PATES D&rsquo;ALSACE 7 OEUFS FRAIS AU KILO DE SEMOULE DE BLE DUR &#8211; &#8211; &#8211; &#8211; &#8211; &#8211; &#8211; &#8211; &#8211; &#8211; &#8211; &#8211; &#8211; &#8211; &#8211; &#8211; &#8211; &#8211; &#8211;<br \/>\nINGREDIENTS : Semoule de bl\u00e9 dur de qualit\u00e9 sup\u00e9rieure, oeufs frais (30 %).<br \/>\nAllerg\u00e8nes : <strong>Gluten, Oeufs<\/strong><br \/>\nTraces d&rsquo;allerg\u00e8nes possibles :<br \/>\nAllerg\u00e8nes pr\u00e9sents dans l&rsquo;atelier :<\/p>\n<p>Valeurs nutritionnelles pour 100 g de produit \u00e9goutt\u00e9<\/p>\n<p>Energie 1579 kJ \/ 373 kcal<br \/>\nMati\u00e8res grasses 5 g<br \/>\ndont acides gras satur\u00e9s 1,3 g<br \/>\nGlucides 67 g<br \/>\nDont Sucres 2,6 g<br \/>\nProt\u00e9ines 15 g<br \/>\nSel 0,12 g<\/p>\n<p>Mode d&#8217;emploi : temps de cuisson : 7-8 mn &#8211; verser les p\u00e2tes dans un grand volume d&rsquo;eau bouillante sal\u00e9e (1 litre pour 100g de p\u00e2tes). laisser cuire le temps indiqu\u00e9 en<br \/>\nremuant de temps en temps. Egoutter sans rincer.<\/p>\n<p>Recommandations :<br \/>\nContre indications :<br \/>\nStockage avant emploi : \u00e0 l&rsquo;abri de l&rsquo;humidit\u00e9.<br \/>\nStockage apr\u00e8s ouverture : \u00e0 l&rsquo;abri de l&rsquo;humidit\u00e9.<br \/>\nDLUO \u00e0 fabrication : 1080 jour(s)<br \/>\nDLUO garantie : 180 jour(s)<\/p>\n<p>Origine : FRANCE<br \/>\nLieu de fabrication : FABRIQUE EN ALSACE \u00e0 MARLENHEIM (BAS RHIN)<\/p>\n","protected":false},"featured_media":7933,"comment_status":"closed","ping_status":"closed","template":"","meta":[],"product_cat":[194,180],"product_tag":[],"jetpack_publicize_connections":[],"_links":{"self":[{"href":"https:\/\/www.andreclaude.fr\/web\/index.php\/wp-json\/wp\/v2\/product\/6137"}],"collection":[{"href":"https:\/\/www.andreclaude.fr\/web\/index.php\/wp-json\/wp\/v2\/product"}],"about":[{"href":"https:\/\/www.andreclaude.fr\/web\/index.php\/wp-json\/wp\/v2\/types\/product"}],"replies":[{"embeddable":true,"href":"https:\/\/www.andreclaude.fr\/web\/index.php\/wp-json\/wp\/v2\/comments?post=6137"}],"wp:featuredmedia":[{"embeddable":true,"href":"https:\/\/www.andreclaude.fr\/web\/index.php\/wp-json\/wp\/v2\/media\/7933"}],"wp:attachment":[{"href":"https:\/\/www.andreclaude.fr\/web\/index.php\/wp-json\/wp\/v2\/media?parent=6137"}],"wp:term":[{"taxonomy":"product_cat","embeddable":true,"href":"https:\/\/www.andreclaude.fr\/web\/index.php\/wp-json\/wp\/v2\/product_cat?post=6137"},{"taxonomy":"product_tag","embeddable":true,"href":"https:\/\/www.andreclaude.fr\/web\/index.php\/wp-json\/wp\/v2\/product_tag?post=6137"}],"curies":[{"name":"wp","href":"https:\/\/api.w.org\/{rel}","templated":true}]}}

Pâte Alsacienne &#8211; torsade le paquet 250g

<p>CARACTERISTIQUES PRODUIT<br />
Ingrédients : &#8211; PATES D&rsquo;ALSACE 7 OEUFS FRAIS AU KILO DE SEMOULE DE BLE DUR &#8211; &#8211; &#8211; &#8211; &#8211; &#8211; &#8211; &#8211; &#8211; &#8211; &#8211; &#8211; &#8211; &#8211; &#8211; &#8211; &#8211; &#8211; &#8211;<br />
INGREDIENTS : Semoule de blé dur de qualité supérieure, oeufs frais (30 %).<br />
Allergènes : <strong>Gluten, Oeufs</strong><br />
Traces d&rsquo;allergènes possibles :<br />
Allergènes présents dans l&rsquo;atelier :</p>
<p>Valeurs nutritionnelles pour 100 g de produit égoutté</p>
<p>Energie 1579 kJ / 373 kcal<br />
Matières grasses 5 g<br />
dont acides gras saturés 1,3 g<br />
Glucides 67 g<br />
Dont Sucres 2,6 g<br />
Protéines 15 g<br />
Sel 0,12 g</p>
<p>Mode d&#8217;emploi : temps de cuisson : 7-8 mn &#8211; verser les pâtes dans un grand volume d&rsquo;eau bouillante salée (1 litre pour 100g de pâtes). laisser cuire le temps indiqué en<br />
remuant de temps en temps. Egoutter sans rincer.</p>
<p>Recommandations :<br />
Contre indications :<br />
Stockage avant emploi : à l&rsquo;abri de l&rsquo;humidité.<br />
Stockage après ouverture : à l&rsquo;abri de l&rsquo;humidité.<br />
DLUO à fabrication : 1080 jour(s)<br />
DLUO garantie : 180 jour(s)</p>
<p>Origine : FRANCE<br />
Lieu de fabrication : FABRIQUE EN ALSACE à MARLENHEIM (BAS RHIN)</p>
