{"id":6121,"date":"2015-12-07T11:37:43","date_gmt":"2015-12-07T10:37:43","guid":{"rendered":"http:\/\/www.andreclaude.fr\/web\/index.php\/produit\/bocaux-lentilles\/"},"modified":"2022-01-28T08:53:56","modified_gmt":"2022-01-28T07:53:56","slug":"bocaux-lentilles","status":"publish","type":"product","link":"https:\/\/www.andreclaude.fr\/web\/index.php\/produit\/bocaux-lentilles\/","title":{"rendered":"Bocaux lentilles le bocal de 660g"},"content":{"rendered":"","protected":false},"excerpt":{"rendered":"<p>Contenance : 72 cl<br \/>\nPoids net : 660 g<br \/>\nPoids net \u00e9goutt\u00e9 : 0 g<\/p>\n<p>CARACTERISTIQUES PRODUIT<br \/>\nIngr\u00e9dients : Eau, lentilles s\u00e8ches tremp\u00e9es 47%, graisse d&rsquo;oie 3%, sel, double concentr\u00e9 de tomates, ar\u00f4mes (bl\u00e9, soja,c\u00e9leri) sirop de glucose, huile de tournesol, sucre, oignon,<br \/>\ngraisse de boeuf, herbes aromatiques, \u00e9pices, acidifiant : acide citrique (ou E330).<\/p>\n<p>Allerg\u00e8nes : GLUTEN, SOJA, CELERI<br \/>\nTraces d&rsquo;allerg\u00e8nes possibles :<br \/>\nAllerg\u00e8nes pr\u00e9sents dans l&rsquo;atelier :<br \/>\nValeurs nutritionnelles pour 100 g de produit \u00e9goutt\u00e9:<\/p>\n<p>Energie 434 kJ \/ 104 kcal<br \/>\nMati\u00e8res grasses 3,6 g<br \/>\ndont acides gras satur\u00e9s 1,1 g<br \/>\nGlucides 10,3 g<br \/>\nDont Sucres 0,7 g<br \/>\nFibres alimentaires 3,6 g<br \/>\nProt\u00e9ines 5,7 g<br \/>\nSel 0,71 g<\/p>\n<p>Mode d&#8217;emploi :<br \/>\nRecommandations :<br \/>\nContre indications :<br \/>\nStockage avant emploi : A conserver \u00e0 temp\u00e9rature<br \/>\nambiante, de pr\u00e9f\u00e9rence dans un endroit frais et sec et \u00e0<br \/>\nl&rsquo;abri de la lumi\u00e8re.<br \/>\nStockage apr\u00e8s ouverture : A conserver au<br \/>\nr\u00e9fr\u00e9girateur \u00e0 4\u00b0C maximum dans un r\u00e9cipient<br \/>\nalimentaire propre et ferm\u00e9, et \u00e0 consommer sous 48h.<\/p>\n<p>DLUO \u00e0 fabrication : 1440 jour(s)<br \/>\nDLUO garantie : 360 jour(s)<\/p>\n<p>Origine : FRANCE<br \/>\nLieu de fabrication : 59173 RENESCURE<\/p>\n","protected":false},"featured_media":7842,"comment_status":"closed","ping_status":"closed","template":"","meta":[],"product_cat":[194,178],"product_tag":[],"jetpack_publicize_connections":[],"_links":{"self":[{"href":"https:\/\/www.andreclaude.fr\/web\/index.php\/wp-json\/wp\/v2\/product\/6121"}],"collection":[{"href":"https:\/\/www.andreclaude.fr\/web\/index.php\/wp-json\/wp\/v2\/product"}],"about":[{"href":"https:\/\/www.andreclaude.fr\/web\/index.php\/wp-json\/wp\/v2\/types\/product"}],"replies":[{"embeddable":true,"href":"https:\/\/www.andreclaude.fr\/web\/index.php\/wp-json\/wp\/v2\/comments?post=6121"}],"wp:featuredmedia":[{"embeddable":true,"href":"https:\/\/www.andreclaude.fr\/web\/index.php\/wp-json\/wp\/v2\/media\/7842"}],"wp:attachment":[{"href":"https:\/\/www.andreclaude.fr\/web\/index.php\/wp-json\/wp\/v2\/media?parent=6121"}],"wp:term":[{"taxonomy":"product_cat","embeddable":true,"href":"https:\/\/www.andreclaude.fr\/web\/index.php\/wp-json\/wp\/v2\/product_cat?post=6121"},{"taxonomy":"product_tag","embeddable":true,"href":"https:\/\/www.andreclaude.fr\/web\/index.php\/wp-json\/wp\/v2\/product_tag?post=6121"}],"curies":[{"name":"wp","href":"https:\/\/api.w.org\/{rel}","templated":true}]}}

<p>Contenance : 72 cl<br />
Poids net : 660 g<br />
Poids net égoutté : 0 g</p>
<p>CARACTERISTIQUES PRODUIT<br />
Ingrédients : Eau, lentilles sèches trempées 47%, graisse d&rsquo;oie 3%, sel, double concentré de tomates, arômes (blé, soja,céleri) sirop de glucose, huile de tournesol, sucre, oignon,<br />
graisse de boeuf, herbes aromatiques, épices, acidifiant : acide citrique (ou E330).</p>
<p>Allergènes : GLUTEN, SOJA, CELERI<br />
Traces d&rsquo;allergènes possibles :<br />
Allergènes présents dans l&rsquo;atelier :<br />
Valeurs nutritionnelles pour 100 g de produit égoutté:</p>
<p>Energie 434 kJ / 104 kcal<br />
Matières grasses 3,6 g<br />
dont acides gras saturés 1,1 g<br />
Glucides 10,3 g<br />
Dont Sucres 0,7 g<br />
Fibres alimentaires 3,6 g<br />
Protéines 5,7 g<br />
Sel 0,71 g</p>
<p>Mode d&#8217;emploi :<br />
Recommandations :<br />
Contre indications :<br />
Stockage avant emploi : A conserver à température<br />
ambiante, de préférence dans un endroit frais et sec et à<br />
l&rsquo;abri de la lumière.<br />
Stockage après ouverture : A conserver au<br />
réfrégirateur à 4°C maximum dans un récipient<br />
alimentaire propre et fermé, et à consommer sous 48h.</p>
<p>DLUO à fabrication : 1440 jour(s)<br />
DLUO garantie : 360 jour(s)</p>
<p>Origine : FRANCE<br />
Lieu de fabrication : 59173 RENESCURE</p>
