{"id":6074,"date":"2015-12-07T11:37:23","date_gmt":"2015-12-07T10:37:23","guid":{"rendered":"http:\/\/www.andreclaude.fr\/web\/index.php\/produit\/gelee-de-coing-le-pot\/"},"modified":"2022-01-28T10:41:14","modified_gmt":"2022-01-28T09:41:14","slug":"gelee-de-coing-le-pot","status":"publish","type":"product","link":"https:\/\/www.andreclaude.fr\/web\/index.php\/produit\/gelee-de-coing-le-pot\/","title":{"rendered":"Gel\u00e9e de coing le pot de 370g"},"content":{"rendered":"<p>SAS COPYR<\/p>\n<p>09190 LORP<\/p>\n","protected":false},"excerpt":{"rendered":"<p>Gel\u00e9e Daniel Boudet<\/p>\n<p>Pr\u00e9par\u00e9e avec 55g de fruit pour 100g de produit fini.<\/p>\n<p>Teneur totale en sucres : 60g pour 100g<\/p>\n<p>Ingr\u00e9dients : Sucre, eau, jus concentr\u00e9 de coing (9,9%), jus de citron concentr\u00e9, g\u00e9lifiant : pectine.<\/p>\n<p>OGM : Garanti sans OGM<br \/>\nIONISATION : Ce produit n&rsquo;est pas trait\u00e9 par ionisation et ne contient aucun ingr\u00e9dient ou additif ionis\u00e9.<br \/>\nALLERGENE(S) :Absence<\/p>\n<p>Valeurs nutritionnelles\u00a0 pour 100 g<\/p>\n<p>Energie : 237kcal \/1003kj<\/p>\n<p>Mati\u00e8res grasses : 0.1 g dont acides gras satur\u00e9s : 0g<\/p>\n<p>Glucides : 58g dont sucres 58g<\/p>\n<p>Prot\u00e9ines : 0.2g<\/p>\n<p>Sel : 0g<\/p>\n","protected":false},"featured_media":19052,"comment_status":"closed","ping_status":"closed","template":"","meta":[],"product_cat":[194,177],"product_tag":[],"jetpack_publicize_connections":[],"_links":{"self":[{"href":"https:\/\/www.andreclaude.fr\/web\/index.php\/wp-json\/wp\/v2\/product\/6074"}],"collection":[{"href":"https:\/\/www.andreclaude.fr\/web\/index.php\/wp-json\/wp\/v2\/product"}],"about":[{"href":"https:\/\/www.andreclaude.fr\/web\/index.php\/wp-json\/wp\/v2\/types\/product"}],"replies":[{"embeddable":true,"href":"https:\/\/www.andreclaude.fr\/web\/index.php\/wp-json\/wp\/v2\/comments?post=6074"}],"wp:featuredmedia":[{"embeddable":true,"href":"https:\/\/www.andreclaude.fr\/web\/index.php\/wp-json\/wp\/v2\/media\/19052"}],"wp:attachment":[{"href":"https:\/\/www.andreclaude.fr\/web\/index.php\/wp-json\/wp\/v2\/media?parent=6074"}],"wp:term":[{"taxonomy":"product_cat","embeddable":true,"href":"https:\/\/www.andreclaude.fr\/web\/index.php\/wp-json\/wp\/v2\/product_cat?post=6074"},{"taxonomy":"product_tag","embeddable":true,"href":"https:\/\/www.andreclaude.fr\/web\/index.php\/wp-json\/wp\/v2\/product_tag?post=6074"}],"curies":[{"name":"wp","href":"https:\/\/api.w.org\/{rel}","templated":true}]}}