{"id":6034,"date":"2015-12-07T11:37:06","date_gmt":"2015-12-07T10:37:06","guid":{"rendered":"http:\/\/www.andreclaude.fr\/web\/index.php\/produit\/fromage-du-cure-affine-au-muscadet-specialite-nantaise-part-env-250-grs\/"},"modified":"2022-03-23T11:30:57","modified_gmt":"2022-03-23T10:30:57","slug":"fromage-du-cure-affine-au-muscadet-specialite-nantaise-part-env-250-grs","status":"publish","type":"product","link":"https:\/\/www.andreclaude.fr\/web\/index.php\/produit\/fromage-du-cure-affine-au-muscadet-specialite-nantaise-part-env-250-grs\/","title":{"rendered":"Fromage du cur\u00e9 part env. 200g"},"content":{"rendered":"<p>Le Cur\u00e9 Nantais<\/p>\n<p>44210 PORNIC<\/p>\n<p>&nbsp;<\/p>\n","protected":false},"excerpt":{"rendered":"<p align=\"justify\">Fromage du cur\u00e9 au <strong>lait<\/strong> cru entier de vache affin\u00e9 au muscadet sp\u00e9cialit\u00e9 de la r\u00e9gion Nantaise de fabrication artisanale est un assez surprenant ! avec une texture tr\u00e8s souple et onctueuse, fondante en bouche mais ne coulant pas . Le fait de la frotter au Muscadet lui donne un go\u00fbt fruit\u00e9, agr\u00e9able et vraiment tr\u00e8s l\u00e9g\u00e8rement \u00ab\u00a0alcoolis\u00e9\u00a0\u00bb mais sans exc\u00e8s ! Sa saveur est fine en bouche et tr\u00e8s agr\u00e9able au palais ! Un juste \u00e9quilibre entre texture et saveur !<\/p>\n<p align=\"justify\">Ingr\u00e9dients : <strong>Lait<\/strong> de vache entier cru (origine France), sel, ferments, pr\u00e9sure<\/p>\n<p align=\"justify\">Valeurs nutritionnelles moyennes pour 100g<\/p>\n<p align=\"justify\">Energie : 1361kj\/328kcal<\/p>\n<p align=\"justify\">Mati\u00e8res grasses : 26g dont acides gras satur\u00e9s : 17.4g<\/p>\n<p align=\"justify\">Glucides : 0.5g dont sucres 0.5g<\/p>\n<p align=\"justify\">Prot\u00e9ines : 23g<\/p>\n<p align=\"justify\">Sel : 1.7g<\/p>\n<p>&nbsp;<\/p>\n","protected":false},"featured_media":10613,"comment_status":"closed","ping_status":"closed","template":"","meta":[],"product_cat":[194,165],"product_tag":[],"jetpack_publicize_connections":[],"_links":{"self":[{"href":"https:\/\/www.andreclaude.fr\/web\/index.php\/wp-json\/wp\/v2\/product\/6034"}],"collection":[{"href":"https:\/\/www.andreclaude.fr\/web\/index.php\/wp-json\/wp\/v2\/product"}],"about":[{"href":"https:\/\/www.andreclaude.fr\/web\/index.php\/wp-json\/wp\/v2\/types\/product"}],"replies":[{"embeddable":true,"href":"https:\/\/www.andreclaude.fr\/web\/index.php\/wp-json\/wp\/v2\/comments?post=6034"}],"wp:featuredmedia":[{"embeddable":true,"href":"https:\/\/www.andreclaude.fr\/web\/index.php\/wp-json\/wp\/v2\/media\/10613"}],"wp:attachment":[{"href":"https:\/\/www.andreclaude.fr\/web\/index.php\/wp-json\/wp\/v2\/media?parent=6034"}],"wp:term":[{"taxonomy":"product_cat","embeddable":true,"href":"https:\/\/www.andreclaude.fr\/web\/index.php\/wp-json\/wp\/v2\/product_cat?post=6034"},{"taxonomy":"product_tag","embeddable":true,"href":"https:\/\/www.andreclaude.fr\/web\/index.php\/wp-json\/wp\/v2\/product_tag?post=6034"}],"curies":[{"name":"wp","href":"https:\/\/api.w.org\/{rel}","templated":true}]}}

Fromage du curé part env. 200g

<p>Le Curé Nantais</p>
<p>44210 PORNIC</p>
<p>&nbsp;</p>

<p align="justify">Fromage du curé au <strong>lait</strong> cru entier de vache affiné au muscadet spécialité de la région Nantaise de fabrication artisanale est un assez surprenant ! avec une texture très souple et onctueuse, fondante en bouche mais ne coulant pas . Le fait de la frotter au Muscadet lui donne un goût fruité, agréable et vraiment très légèrement « alcoolisé » mais sans excès ! Sa saveur est fine en bouche et très agréable au palais ! Un juste équilibre entre texture et saveur !</p>
<p align="justify">Ingrédients : <strong>Lait</strong> de vache entier cru (origine France), sel, ferments, présure</p>
<p align="justify">Valeurs nutritionnelles moyennes pour 100g</p>
<p align="justify">Energie : 1361kj/328kcal</p>
<p align="justify">Matières grasses : 26g dont acides gras saturés : 17.4g</p>
<p align="justify">Glucides : 0.5g dont sucres 0.5g</p>
<p align="justify">Protéines : 23g</p>
<p align="justify">Sel : 1.7g</p>
<p>&nbsp;</p>
