{"id":5991,"date":"2015-12-07T11:36:50","date_gmt":"2015-12-07T10:36:50","guid":{"rendered":"http:\/\/www.andreclaude.fr\/web\/index.php\/produit\/12-petit-basque-env-350-grs\/"},"modified":"2018-10-12T07:43:21","modified_gmt":"2018-10-12T06:43:21","slug":"12-petit-basque-env-350-grs","status":"publish","type":"product","link":"https:\/\/www.andreclaude.fr\/web\/index.php\/produit\/12-petit-basque-env-350-grs\/","title":{"rendered":"Petit Basque demi environ 325 grs"},"content":{"rendered":"<p>Fabriqu\u00e9 par la SNC Pyr\u00e9n\u00e9from<\/p>\n<p>64120 Larceveau Pyr\u00e9n\u00e9es Atlantiques<\/p>\n","protected":false},"excerpt":{"rendered":"<p>Sa p\u00e2te est fondante et son go\u00fbt subtilement fruit\u00e9. Il se marie tr\u00e8s bien avec de la confiture de cerise noire.<\/p>\n<p>Ingr\u00e9dients : <strong>lait<\/strong> de brebis pasteuris\u00e9 (origine UE), sel, coagulant, chlorure de calcium, ferments lactiques (<strong>lait<\/strong>), colorants de la cro\u00fbte E150c E160b, conservateur E235<\/p>\n<p>Valeurs nutritionnelles moyennes pour 100g<\/p>\n<p>Energie : 1712kj\/413kcal<\/p>\n<p>Mati\u00e8res grasses : 35.9g dont acides gras satur\u00e9s 25.5g<\/p>\n<p>Glucides : 0.2g dont sucres 0.2g<\/p>\n<p>Prot\u00e9ines : 22.3g<\/p>\n<p>Sel : 1.8g<\/p>\n<p>&nbsp;<\/p>\n","protected":false},"featured_media":10601,"comment_status":"closed","ping_status":"closed","template":"","meta":[],"product_cat":[194,167],"product_tag":[],"jetpack_publicize_connections":[],"_links":{"self":[{"href":"https:\/\/www.andreclaude.fr\/web\/index.php\/wp-json\/wp\/v2\/product\/5991"}],"collection":[{"href":"https:\/\/www.andreclaude.fr\/web\/index.php\/wp-json\/wp\/v2\/product"}],"about":[{"href":"https:\/\/www.andreclaude.fr\/web\/index.php\/wp-json\/wp\/v2\/types\/product"}],"replies":[{"embeddable":true,"href":"https:\/\/www.andreclaude.fr\/web\/index.php\/wp-json\/wp\/v2\/comments?post=5991"}],"wp:featuredmedia":[{"embeddable":true,"href":"https:\/\/www.andreclaude.fr\/web\/index.php\/wp-json\/wp\/v2\/media\/10601"}],"wp:attachment":[{"href":"https:\/\/www.andreclaude.fr\/web\/index.php\/wp-json\/wp\/v2\/media?parent=5991"}],"wp:term":[{"taxonomy":"product_cat","embeddable":true,"href":"https:\/\/www.andreclaude.fr\/web\/index.php\/wp-json\/wp\/v2\/product_cat?post=5991"},{"taxonomy":"product_tag","embeddable":true,"href":"https:\/\/www.andreclaude.fr\/web\/index.php\/wp-json\/wp\/v2\/product_tag?post=5991"}],"curies":[{"name":"wp","href":"https:\/\/api.w.org\/{rel}","templated":true}]}}

<p>Fabriqué par la SNC Pyrénéfrom</p>
<p>64120 Larceveau Pyrénées Atlantiques</p>

<p>Sa pâte est fondante et son goût subtilement fruité. Il se marie très bien avec de la confiture de cerise noire.</p>
<p>Ingrédients : <strong>lait</strong> de brebis pasteurisé (origine UE), sel, coagulant, chlorure de calcium, ferments lactiques (<strong>lait</strong>), colorants de la croûte E150c E160b, conservateur E235</p>
<p>Valeurs nutritionnelles moyennes pour 100g</p>
<p>Energie : 1712kj/413kcal</p>
<p>Matières grasses : 35.9g dont acides gras saturés 25.5g</p>
<p>Glucides : 0.2g dont sucres 0.2g</p>
<p>Protéines : 22.3g</p>
<p>Sel : 1.8g</p>
<p>&nbsp;</p>
