{"id":5951,"date":"2015-12-07T11:36:23","date_gmt":"2015-12-07T10:36:23","guid":{"rendered":"http:\/\/www.andreclaude.fr\/web\/index.php\/produit\/cigarette-chocolat\/"},"modified":"2023-08-19T10:48:23","modified_gmt":"2023-08-19T09:48:23","slug":"cigarette-chocolat","status":"publish","type":"product","link":"https:\/\/www.andreclaude.fr\/web\/index.php\/produit\/cigarette-chocolat\/","title":{"rendered":"Cigarette au chocolat la boite 400g"},"content":{"rendered":"<p>Thrace SA<\/p>\n<p>691 00 Komotini GR<\/p>\n","protected":false},"excerpt":{"rendered":"<p>Cigarettes Fourr\u00e9es au Chocolat et aux Noisettes.<span class=\"txt_beige\"> Marque :<\/span> Bolero.<span class=\"txt_beige\"> Conditionnement :<\/span> Boite 400g.<\/p>\n<p>Ingr\u00e9dients : sucre, farine de <strong>bl\u00e9<\/strong>, huile de palme, poudre de <strong>lactos\u00e9rum<\/strong>, amidon de ma\u00efs, poudre de cacao d\u00e9graiss\u00e9(3.7%), <strong>lait<\/strong> \u00e9cr\u00e9m\u00e9 en poudre, <strong>noisettes<\/strong> (1.2%), \u00e9mulsifiant : l\u00e9cithine de <strong>soja<\/strong>, colorant : couleur caramel, sirop de glucose, ar\u00f4mes. <strong>Peut contenir des traces d&rsquo;oeuf, de s\u00e9same, d&rsquo;arachides ou d&rsquo;autres noix.<\/strong><\/p>\n<p>Valeurs nutritionnelles moyennes pour 100g<\/p>\n<p>Energie : 2001kj\/476kcal<\/p>\n<p>Lipides : 16.7g\u00a0 dont acides gras satur\u00e9s : 7.8g<\/p>\n<p>Glucides : 75.5g dont sucres : 50.2g<\/p>\n<p>Prot\u00e9ines :5g<\/p>\n<p>Sel : 0.2g<\/p>\n<p>Produit de Gr\u00e8ce<\/p>\n","protected":false},"featured_media":7225,"comment_status":"closed","ping_status":"closed","template":"","meta":[],"product_cat":[194,170],"product_tag":[],"jetpack_publicize_connections":[],"_links":{"self":[{"href":"https:\/\/www.andreclaude.fr\/web\/index.php\/wp-json\/wp\/v2\/product\/5951"}],"collection":[{"href":"https:\/\/www.andreclaude.fr\/web\/index.php\/wp-json\/wp\/v2\/product"}],"about":[{"href":"https:\/\/www.andreclaude.fr\/web\/index.php\/wp-json\/wp\/v2\/types\/product"}],"replies":[{"embeddable":true,"href":"https:\/\/www.andreclaude.fr\/web\/index.php\/wp-json\/wp\/v2\/comments?post=5951"}],"wp:featuredmedia":[{"embeddable":true,"href":"https:\/\/www.andreclaude.fr\/web\/index.php\/wp-json\/wp\/v2\/media\/7225"}],"wp:attachment":[{"href":"https:\/\/www.andreclaude.fr\/web\/index.php\/wp-json\/wp\/v2\/media?parent=5951"}],"wp:term":[{"taxonomy":"product_cat","embeddable":true,"href":"https:\/\/www.andreclaude.fr\/web\/index.php\/wp-json\/wp\/v2\/product_cat?post=5951"},{"taxonomy":"product_tag","embeddable":true,"href":"https:\/\/www.andreclaude.fr\/web\/index.php\/wp-json\/wp\/v2\/product_tag?post=5951"}],"curies":[{"name":"wp","href":"https:\/\/api.w.org\/{rel}","templated":true}]}}