{"id":5845,"date":"2015-12-07T11:35:54","date_gmt":"2015-12-07T10:35:54","guid":{"rendered":"http:\/\/www.andreclaude.fr\/web\/index.php\/produit\/cidre-brut\/"},"modified":"2024-01-30T10:19:51","modified_gmt":"2024-01-30T09:19:51","slug":"cidre-brut","status":"publish","type":"product","link":"https:\/\/www.andreclaude.fr\/web\/index.php\/produit\/cidre-brut\/","title":{"rendered":"Cidre Bio Brut du perche  Bouteille 75 cl"},"content":{"rendered":"","protected":false},"excerpt":{"rendered":"<div class=\"short-description\">\n<p class=\"short-description\">Au c\u0153ur du Parc Naturel R\u00e9gional du Perche, dans l\u2019Orne, producteurs r\u00e9coltants, la Cidrerie Traditionnelle du Perche au Theil pour vous faire d\u00e9couvrir leur savoir-faire et leur passion.<\/p>\n<div class=\"short-description\">Alcool 5 %<\/div>\n<div class=\"short-description\">61260 Val au perche<\/div>\n<\/div>\n<div class=\"short-description\">La consommation de boissons alcoolis\u00e9es pendant la grossesse, m\u00eame en faible quantit\u00e9, peut avoir des cons\u00e9quences graves sur la sant\u00e9 de l\u2019enfant.<br \/>\nL ABUS D ALCOOL EST DANGEREUX POUR LA SANTE. A CONSOMMER AVEC MODERATION.LA VENTE D ALCOOL EST INTERDITE AUX MINEURS.Rouquette Production.<\/div>\n","protected":false},"featured_media":16874,"comment_status":"closed","ping_status":"closed","template":"","meta":[],"product_cat":[194,160],"product_tag":[],"jetpack_publicize_connections":[],"_links":{"self":[{"href":"https:\/\/www.andreclaude.fr\/web\/index.php\/wp-json\/wp\/v2\/product\/5845"}],"collection":[{"href":"https:\/\/www.andreclaude.fr\/web\/index.php\/wp-json\/wp\/v2\/product"}],"about":[{"href":"https:\/\/www.andreclaude.fr\/web\/index.php\/wp-json\/wp\/v2\/types\/product"}],"replies":[{"embeddable":true,"href":"https:\/\/www.andreclaude.fr\/web\/index.php\/wp-json\/wp\/v2\/comments?post=5845"}],"wp:featuredmedia":[{"embeddable":true,"href":"https:\/\/www.andreclaude.fr\/web\/index.php\/wp-json\/wp\/v2\/media\/16874"}],"wp:attachment":[{"href":"https:\/\/www.andreclaude.fr\/web\/index.php\/wp-json\/wp\/v2\/media?parent=5845"}],"wp:term":[{"taxonomy":"product_cat","embeddable":true,"href":"https:\/\/www.andreclaude.fr\/web\/index.php\/wp-json\/wp\/v2\/product_cat?post=5845"},{"taxonomy":"product_tag","embeddable":true,"href":"https:\/\/www.andreclaude.fr\/web\/index.php\/wp-json\/wp\/v2\/product_tag?post=5845"}],"curies":[{"name":"wp","href":"https:\/\/api.w.org\/{rel}","templated":true}]}}