{"id":5758,"date":"2015-12-07T11:35:11","date_gmt":"2015-12-07T10:35:11","guid":{"rendered":"http:\/\/www.andreclaude.fr\/web\/index.php\/produit\/morbier-au-lait-cru-petite-part-env-150-grs\/"},"modified":"2025-02-20T08:43:48","modified_gmt":"2025-02-20T07:43:48","slug":"morbier-au-lait-cru-petite-part-env-150-grs","status":"publish","type":"product","link":"https:\/\/www.andreclaude.fr\/web\/index.php\/produit\/morbier-au-lait-cru-petite-part-env-150-grs\/","title":{"rendered":"Morbier au lait cru part env. 200g"},"content":{"rendered":"<p>Service Consommateurs Campagne de\u00a0 France<\/p>\n<p>Route de Combertault<\/p>\n<p>21200 Sainte Marie La Blanche<\/p>\n","protected":false},"excerpt":{"rendered":"<p>Fromage au <strong>lait<\/strong> cru de vache, fabriqu\u00e9 dans le massif du Jura.<\/p>\n<p>Ni douce ni forte, sa saveur de cr\u00e8me est d\u00e9licate. Sa p\u00e2te jaune clair est fondante et souple.<\/p>\n<p>Excellent aussi pour les amateurs de raclette !!!<\/p>\n<p>Ingr\u00e9dients : <strong>lait<\/strong> de vache cru, sel, <strong>ferments lactiques<\/strong>, pr\u00e9sure, colorant : charbon v\u00e9g\u00e9tal<\/p>\n<p>29% de mati\u00e8re grasse (produit fini)<\/p>\n","protected":false},"featured_media":5759,"comment_status":"closed","ping_status":"closed","template":"","meta":[],"product_cat":[194,165],"product_tag":[],"jetpack_publicize_connections":[],"_links":{"self":[{"href":"https:\/\/www.andreclaude.fr\/web\/index.php\/wp-json\/wp\/v2\/product\/5758"}],"collection":[{"href":"https:\/\/www.andreclaude.fr\/web\/index.php\/wp-json\/wp\/v2\/product"}],"about":[{"href":"https:\/\/www.andreclaude.fr\/web\/index.php\/wp-json\/wp\/v2\/types\/product"}],"replies":[{"embeddable":true,"href":"https:\/\/www.andreclaude.fr\/web\/index.php\/wp-json\/wp\/v2\/comments?post=5758"}],"wp:featuredmedia":[{"embeddable":true,"href":"https:\/\/www.andreclaude.fr\/web\/index.php\/wp-json\/wp\/v2\/media\/5759"}],"wp:attachment":[{"href":"https:\/\/www.andreclaude.fr\/web\/index.php\/wp-json\/wp\/v2\/media?parent=5758"}],"wp:term":[{"taxonomy":"product_cat","embeddable":true,"href":"https:\/\/www.andreclaude.fr\/web\/index.php\/wp-json\/wp\/v2\/product_cat?post=5758"},{"taxonomy":"product_tag","embeddable":true,"href":"https:\/\/www.andreclaude.fr\/web\/index.php\/wp-json\/wp\/v2\/product_tag?post=5758"}],"curies":[{"name":"wp","href":"https:\/\/api.w.org\/{rel}","templated":true}]}}