{"id":5728,"date":"2015-12-07T11:34:54","date_gmt":"2015-12-07T10:34:54","guid":{"rendered":"http:\/\/www.andreclaude.fr\/web\/index.php\/produit\/mascarpone-250-grs\/"},"modified":"2022-10-11T15:05:25","modified_gmt":"2022-10-11T14:05:25","slug":"mascarpone-250-grs","status":"publish","type":"product","link":"https:\/\/www.andreclaude.fr\/web\/index.php\/produit\/mascarpone-250-grs\/","title":{"rendered":"Mascarpone &#8211; le pot 250 grs"},"content":{"rendered":"<p>Fabriqu\u00e9 en Italie<\/p>\n<p>SAS CIPF CODIPAL<\/p>\n<p>28 Place St Thi\u00e9bault<\/p>\n<p>57000 METZ<\/p>\n","protected":false},"excerpt":{"rendered":"<p>Le Mascarpone est un fromage frais cr\u00e9meux au go\u00fbt tr\u00e8s fin. L\u2019onctuosit\u00e9 et la finesse de la\u00a0 mascarpone seront vos meilleures alli\u00e9es pour r\u00e9ussir toutes vos pr\u00e9parations culinaires. Il est surtout connu pour la recette du tiramisu et il peut remplacer la cr\u00e8me fra\u00eeche ou la chantilly.<\/p>\n<p>Fromage triple <strong>cr\u00e8me<\/strong> \u00e0 la <strong>cr\u00e8m<\/strong>e et au<strong> lait<\/strong> pasteuris\u00e9s.<\/p>\n<p>Ingr\u00e9dients : <strong>cr\u00e8me<\/strong> pasteuris\u00e9e,<strong> lait<\/strong>, correcteur d&rsquo;acidit\u00e9 E330<\/p>\n<p>Valeurs nutritionnelles moyennes pour 100g<\/p>\n<p>Energie : 1588kj\/385kcal<\/p>\n<p>Mati\u00e8res grasses : 40g dont acides gras satur\u00e9s : 27g<\/p>\n<p>Glucides : 2.5g dont sucres : 2.5g<\/p>\n<p>Prot\u00e9ines : 3.8g<\/p>\n<p>Sel : 0.10G<\/p>\n<p>&nbsp;<\/p>\n<p>&nbsp;<\/p>\n","protected":false},"featured_media":5729,"comment_status":"closed","ping_status":"closed","template":"","meta":[],"product_cat":[194,166],"product_tag":[],"jetpack_publicize_connections":[],"_links":{"self":[{"href":"https:\/\/www.andreclaude.fr\/web\/index.php\/wp-json\/wp\/v2\/product\/5728"}],"collection":[{"href":"https:\/\/www.andreclaude.fr\/web\/index.php\/wp-json\/wp\/v2\/product"}],"about":[{"href":"https:\/\/www.andreclaude.fr\/web\/index.php\/wp-json\/wp\/v2\/types\/product"}],"replies":[{"embeddable":true,"href":"https:\/\/www.andreclaude.fr\/web\/index.php\/wp-json\/wp\/v2\/comments?post=5728"}],"wp:featuredmedia":[{"embeddable":true,"href":"https:\/\/www.andreclaude.fr\/web\/index.php\/wp-json\/wp\/v2\/media\/5729"}],"wp:attachment":[{"href":"https:\/\/www.andreclaude.fr\/web\/index.php\/wp-json\/wp\/v2\/media?parent=5728"}],"wp:term":[{"taxonomy":"product_cat","embeddable":true,"href":"https:\/\/www.andreclaude.fr\/web\/index.php\/wp-json\/wp\/v2\/product_cat?post=5728"},{"taxonomy":"product_tag","embeddable":true,"href":"https:\/\/www.andreclaude.fr\/web\/index.php\/wp-json\/wp\/v2\/product_tag?post=5728"}],"curies":[{"name":"wp","href":"https:\/\/api.w.org\/{rel}","templated":true}]}}