{"id":5695,"date":"2015-12-07T11:34:33","date_gmt":"2015-12-07T10:34:33","guid":{"rendered":"http:\/\/www.andreclaude.fr\/web\/index.php\/produit\/parmesan-coupe-part-env-200-grs\/"},"modified":"2018-10-06T10:06:14","modified_gmt":"2018-10-06T09:06:14","slug":"parmesan-coupe-part-env-200-grs","status":"publish","type":"product","link":"https:\/\/www.andreclaude.fr\/web\/index.php\/produit\/parmesan-coupe-part-env-200-grs\/","title":{"rendered":"Parmesan coupe part env. 200g"},"content":{"rendered":"<p>SS ROMANA SUD<\/p>\n<p>CARPI ITALIE<\/p>\n<p>&nbsp;<\/p>\n","protected":false},"excerpt":{"rendered":"<p>Fromage italien traditionnel de lait de vache, \u00e0 p\u00e2te cuite non press\u00e9e.<\/p>\n<p>Ingr\u00e9dients : <strong>lait<\/strong> de vache , sel, pr\u00e9sure<\/p>\n<p>Valeurs nutritionnelles moyennes pour 100g<\/p>\n<p>Energie : 1671kj\/402kcal<\/p>\n<p>Mati\u00e8res grasses : 30g dont acides gras satur\u00e9s : 20g<\/p>\n<p>Glucides : 0g dont sucres 0g<\/p>\n<p>Prot\u00e9ines : 32g<\/p>\n<p>Sel : 1.6g<\/p>\n<p>&nbsp;<\/p>\n","protected":false},"featured_media":7447,"comment_status":"closed","ping_status":"closed","template":"","meta":[],"product_cat":[194,165],"product_tag":[],"jetpack_publicize_connections":[],"_links":{"self":[{"href":"https:\/\/www.andreclaude.fr\/web\/index.php\/wp-json\/wp\/v2\/product\/5695"}],"collection":[{"href":"https:\/\/www.andreclaude.fr\/web\/index.php\/wp-json\/wp\/v2\/product"}],"about":[{"href":"https:\/\/www.andreclaude.fr\/web\/index.php\/wp-json\/wp\/v2\/types\/product"}],"replies":[{"embeddable":true,"href":"https:\/\/www.andreclaude.fr\/web\/index.php\/wp-json\/wp\/v2\/comments?post=5695"}],"wp:featuredmedia":[{"embeddable":true,"href":"https:\/\/www.andreclaude.fr\/web\/index.php\/wp-json\/wp\/v2\/media\/7447"}],"wp:attachment":[{"href":"https:\/\/www.andreclaude.fr\/web\/index.php\/wp-json\/wp\/v2\/media?parent=5695"}],"wp:term":[{"taxonomy":"product_cat","embeddable":true,"href":"https:\/\/www.andreclaude.fr\/web\/index.php\/wp-json\/wp\/v2\/product_cat?post=5695"},{"taxonomy":"product_tag","embeddable":true,"href":"https:\/\/www.andreclaude.fr\/web\/index.php\/wp-json\/wp\/v2\/product_tag?post=5695"}],"curies":[{"name":"wp","href":"https:\/\/api.w.org\/{rel}","templated":true}]}}

<p>Fromage italien traditionnel de lait de vache, à pâte cuite non pressée.</p>
<p>Ingrédients : <strong>lait</strong> de vache , sel, présure</p>
<p>Valeurs nutritionnelles moyennes pour 100g</p>
<p>Energie : 1671kj/402kcal</p>
<p>Matières grasses : 30g dont acides gras saturés : 20g</p>
<p>Glucides : 0g dont sucres 0g</p>
<p>Protéines : 32g</p>
<p>Sel : 1.6g</p>
<p>&nbsp;</p>
