{"id":5689,"date":"2015-12-07T11:34:33","date_gmt":"2015-12-07T10:34:33","guid":{"rendered":"http:\/\/www.andreclaude.fr\/web\/index.php\/produit\/reblochon-env-500-grs\/"},"modified":"2022-07-19T08:50:31","modified_gmt":"2022-07-19T07:50:31","slug":"reblochon-env-500-grs","status":"publish","type":"product","link":"https:\/\/www.andreclaude.fr\/web\/index.php\/produit\/reblochon-env-500-grs\/","title":{"rendered":"Reblochon la pi\u00e8ce environ 500g"},"content":{"rendered":"<p>Fabriqu\u00e9 et affin\u00e9 par la fromagerie MASSON<\/p>\n<p>74100 JUVIGNY<\/p>\n<p>Distribu\u00e9 par<\/p>\n<p>LE GRAL<\/p>\n<p>62 Avenue du Crot Pin\u00e7on<\/p>\n<p>58502 CLAMECY<\/p>\n","protected":false},"excerpt":{"rendered":"<p>Reblochon de Savoie fermier. Sa p\u00e2te est onctueuse, souple, lisse et grasse. Il a un go\u00fbt agr\u00e9able, subtil et moelleux.<\/p>\n<p>Ingr\u00e9dients :<strong> lait<\/strong> cru de vache, <strong>ferments lactiques et d&rsquo;affinage<\/strong>, sel, pr\u00e9sure, colorant de la cro\u00fbte : rocou.<\/p>\n<p>Valeurs nutritionnelles moyennes pour 100g<\/p>\n<p>Energie :1403kj\/338kcal<\/p>\n<p>Mati\u00e8res grasses : 28g dont acides gras satur\u00e9s 22g<\/p>\n<p>Glucides : 0.6g dont sucres &lt;0.5g<\/p>\n<p>Prot\u00e9ines : 21g<\/p>\n<p>Sel : 1.3g<\/p>\n","protected":false},"featured_media":10600,"comment_status":"closed","ping_status":"closed","template":"","meta":[],"product_cat":[194,165],"product_tag":[],"jetpack_publicize_connections":[],"_links":{"self":[{"href":"https:\/\/www.andreclaude.fr\/web\/index.php\/wp-json\/wp\/v2\/product\/5689"}],"collection":[{"href":"https:\/\/www.andreclaude.fr\/web\/index.php\/wp-json\/wp\/v2\/product"}],"about":[{"href":"https:\/\/www.andreclaude.fr\/web\/index.php\/wp-json\/wp\/v2\/types\/product"}],"replies":[{"embeddable":true,"href":"https:\/\/www.andreclaude.fr\/web\/index.php\/wp-json\/wp\/v2\/comments?post=5689"}],"wp:featuredmedia":[{"embeddable":true,"href":"https:\/\/www.andreclaude.fr\/web\/index.php\/wp-json\/wp\/v2\/media\/10600"}],"wp:attachment":[{"href":"https:\/\/www.andreclaude.fr\/web\/index.php\/wp-json\/wp\/v2\/media?parent=5689"}],"wp:term":[{"taxonomy":"product_cat","embeddable":true,"href":"https:\/\/www.andreclaude.fr\/web\/index.php\/wp-json\/wp\/v2\/product_cat?post=5689"},{"taxonomy":"product_tag","embeddable":true,"href":"https:\/\/www.andreclaude.fr\/web\/index.php\/wp-json\/wp\/v2\/product_tag?post=5689"}],"curies":[{"name":"wp","href":"https:\/\/api.w.org\/{rel}","templated":true}]}}