{"id":5366,"date":"2015-12-07T11:31:25","date_gmt":"2015-12-07T10:31:25","guid":{"rendered":"http:\/\/www.andreclaude.fr\/web\/index.php\/produit\/lentille-corail-les-500-grs\/"},"modified":"2025-10-14T07:18:59","modified_gmt":"2025-10-14T06:18:59","slug":"lentille-corail-les-500-grs","status":"publish","type":"product","link":"https:\/\/www.andreclaude.fr\/web\/index.php\/produit\/lentille-corail-les-500-grs\/","title":{"rendered":"Lentille corail France Eure et Loir sachet 500g"},"content":{"rendered":"<p>&#8211; Ne salez jamais l&rsquo;eau de cuisson, car les l\u00e9gumes secs mettront bien plus de temps \u00e0 cuire !<br \/>\n&#8211; Pr\u00e9f\u00e9rez une cuisson lente pour qu&rsquo;ils ne se d\u00e9sagr\u00e8gent pas.<\/p>\n","protected":false},"excerpt":{"rendered":"<p>Trempage : non. Dur\u00e9e de cuisson \u00e0 l&rsquo;\u00e9bullition : 20 minutes<\/p>\n<p>Ingr\u00e9dients :Lentille corail, traces possibles d&rsquo;arachide, fruits \u00e0 la coque, de gluten, de s\u00e9same et de sulfites. Origine: Import<\/p>\n<p>Valeurs \u00e9nerg\u00e9tiques et nutritionnelles moyennes pour 100g :<\/p>\n<p>\u00e9nergie: 1413kJ\/ 334kcal<br \/>\nMati\u00e8res grasses: 2,2g<br \/>\ndont acides gras satur\u00e9s: &lt;0,5g<br \/>\nGlucides: 48g<br \/>\ndont sucres: 0g<br \/>\nFibres Alimentaires:11g<br \/>\nProt\u00e9ines: 25g<br \/>\nSel: 0,02g<br \/>\nVitamine B9: 204\u00b5g\u00a0\u00bb<\/p>\n","protected":false},"featured_media":8034,"comment_status":"closed","ping_status":"closed","template":"","meta":[],"product_cat":[194,150],"product_tag":[],"jetpack_publicize_connections":[],"_links":{"self":[{"href":"https:\/\/www.andreclaude.fr\/web\/index.php\/wp-json\/wp\/v2\/product\/5366"}],"collection":[{"href":"https:\/\/www.andreclaude.fr\/web\/index.php\/wp-json\/wp\/v2\/product"}],"about":[{"href":"https:\/\/www.andreclaude.fr\/web\/index.php\/wp-json\/wp\/v2\/types\/product"}],"replies":[{"embeddable":true,"href":"https:\/\/www.andreclaude.fr\/web\/index.php\/wp-json\/wp\/v2\/comments?post=5366"}],"wp:featuredmedia":[{"embeddable":true,"href":"https:\/\/www.andreclaude.fr\/web\/index.php\/wp-json\/wp\/v2\/media\/8034"}],"wp:attachment":[{"href":"https:\/\/www.andreclaude.fr\/web\/index.php\/wp-json\/wp\/v2\/media?parent=5366"}],"wp:term":[{"taxonomy":"product_cat","embeddable":true,"href":"https:\/\/www.andreclaude.fr\/web\/index.php\/wp-json\/wp\/v2\/product_cat?post=5366"},{"taxonomy":"product_tag","embeddable":true,"href":"https:\/\/www.andreclaude.fr\/web\/index.php\/wp-json\/wp\/v2\/product_tag?post=5366"}],"curies":[{"name":"wp","href":"https:\/\/api.w.org\/{rel}","templated":true}]}}