{"id":5226,"date":"2015-12-07T11:30:16","date_gmt":"2015-12-07T10:30:16","guid":{"rendered":"http:\/\/www.andreclaude.fr\/web\/index.php\/produit\/patate-douce-le-kilo\/"},"modified":"2026-03-21T05:21:02","modified_gmt":"2026-03-21T04:21:02","slug":"patate-douce-le-kilo","status":"publish","type":"product","link":"https:\/\/www.andreclaude.fr\/web\/index.php\/produit\/patate-douce-le-kilo\/","title":{"rendered":"Patate douce Egypte Cat 1 la pi\u00e8ce 500g env."},"content":{"rendered":"","protected":false},"excerpt":{"rendered":"<p>La patate douce se consomme cuite en mets sal\u00e9s ou sucr\u00e9s. <em>En mets sal\u00e9s<\/em>, la patate douce peut remplacer la pomme de terre, les carottes et les courges. En pur\u00e9e, en po\u00eal\u00e9s, en pot-au-feu, en pot\u00e9es, au wok, en frites, en galettes, en soupe, en souffl\u00e9, en croquettes, ou dans un couscous\u2026<\/p>\n","protected":false},"featured_media":10713,"comment_status":"closed","ping_status":"closed","template":"","meta":[],"product_cat":[194,145],"product_tag":[],"jetpack_publicize_connections":[],"_links":{"self":[{"href":"https:\/\/www.andreclaude.fr\/web\/index.php\/wp-json\/wp\/v2\/product\/5226"}],"collection":[{"href":"https:\/\/www.andreclaude.fr\/web\/index.php\/wp-json\/wp\/v2\/product"}],"about":[{"href":"https:\/\/www.andreclaude.fr\/web\/index.php\/wp-json\/wp\/v2\/types\/product"}],"replies":[{"embeddable":true,"href":"https:\/\/www.andreclaude.fr\/web\/index.php\/wp-json\/wp\/v2\/comments?post=5226"}],"wp:featuredmedia":[{"embeddable":true,"href":"https:\/\/www.andreclaude.fr\/web\/index.php\/wp-json\/wp\/v2\/media\/10713"}],"wp:attachment":[{"href":"https:\/\/www.andreclaude.fr\/web\/index.php\/wp-json\/wp\/v2\/media?parent=5226"}],"wp:term":[{"taxonomy":"product_cat","embeddable":true,"href":"https:\/\/www.andreclaude.fr\/web\/index.php\/wp-json\/wp\/v2\/product_cat?post=5226"},{"taxonomy":"product_tag","embeddable":true,"href":"https:\/\/www.andreclaude.fr\/web\/index.php\/wp-json\/wp\/v2\/product_tag?post=5226"}],"curies":[{"name":"wp","href":"https:\/\/api.w.org\/{rel}","templated":true}]}}