{"id":5210,"date":"2015-12-07T11:28:50","date_gmt":"2015-12-07T10:28:50","guid":{"rendered":"http:\/\/www.andreclaude.fr\/web\/index.php\/produit\/physalis-la-barquette\/"},"modified":"2021-10-19T16:37:10","modified_gmt":"2021-10-19T15:37:10","slug":"physalis-la-barquette","status":"publish","type":"product","link":"https:\/\/www.andreclaude.fr\/web\/index.php\/produit\/physalis-la-barquette\/","title":{"rendered":"Physalis Colombie Cat 1 la barquette"},"content":{"rendered":"","protected":false},"excerpt":{"rendered":"<p>Le physalis ou l&rsquo;amour en cage est de plus en plus souvent utilis\u00e9 pour la pr\u00e9sentation en p\u00e2tisserie, car la couleur orange de son fruit se marie bien avec le chocolat.<\/p>\n","protected":false},"featured_media":5211,"comment_status":"closed","ping_status":"closed","template":"","meta":[],"product_cat":[194,144],"product_tag":[],"jetpack_publicize_connections":[],"_links":{"self":[{"href":"https:\/\/www.andreclaude.fr\/web\/index.php\/wp-json\/wp\/v2\/product\/5210"}],"collection":[{"href":"https:\/\/www.andreclaude.fr\/web\/index.php\/wp-json\/wp\/v2\/product"}],"about":[{"href":"https:\/\/www.andreclaude.fr\/web\/index.php\/wp-json\/wp\/v2\/types\/product"}],"replies":[{"embeddable":true,"href":"https:\/\/www.andreclaude.fr\/web\/index.php\/wp-json\/wp\/v2\/comments?post=5210"}],"wp:featuredmedia":[{"embeddable":true,"href":"https:\/\/www.andreclaude.fr\/web\/index.php\/wp-json\/wp\/v2\/media\/5211"}],"wp:attachment":[{"href":"https:\/\/www.andreclaude.fr\/web\/index.php\/wp-json\/wp\/v2\/media?parent=5210"}],"wp:term":[{"taxonomy":"product_cat","embeddable":true,"href":"https:\/\/www.andreclaude.fr\/web\/index.php\/wp-json\/wp\/v2\/product_cat?post=5210"},{"taxonomy":"product_tag","embeddable":true,"href":"https:\/\/www.andreclaude.fr\/web\/index.php\/wp-json\/wp\/v2\/product_tag?post=5210"}],"curies":[{"name":"wp","href":"https:\/\/api.w.org\/{rel}","templated":true}]}}