{"id":5152,"date":"2015-12-07T11:28:40","date_gmt":"2015-12-07T10:28:40","guid":{"rendered":"http:\/\/www.andreclaude.fr\/web\/index.php\/produit\/rhubarbe-les-500-grs\/"},"modified":"2026-04-25T05:54:41","modified_gmt":"2026-04-25T04:54:41","slug":"rhubarbe-les-500-grs","status":"publish","type":"product","link":"https:\/\/www.andreclaude.fr\/web\/index.php\/produit\/rhubarbe-les-500-grs\/","title":{"rendered":"Rhubarbe Allemagne Cat 1 les 500 grs"},"content":{"rendered":"","protected":false},"excerpt":{"rendered":"<p>Pour adoucir la rhubarbe, sans trop lui faire perdre son acidit\u00e9, faites-la d\u00e9gorger : \u00e9pluchez les tiges avec un \u00e9conome, coupez-les ensuite en petits tron\u00e7ons, posez-les dans un plat et saupoudrer de deux \u00e0 trois cuill\u00e8res \u00e0 soupe de sucre. Laissez mac\u00e9rer ainsi au moins 4h \u00e0 temp\u00e9rature ambiante (voir jusqu&rsquo;\u00e0 24h). Vous pouvez alors la pr\u00e9parer en compote, en tarte ou en crumble, mais aussi en confiture ou poch\u00e9e dans un sirop pour la servir avec de la glace.<\/p>\n","protected":false},"featured_media":18977,"comment_status":"closed","ping_status":"closed","template":"","meta":[],"product_cat":[194,144],"product_tag":[],"jetpack_publicize_connections":[],"_links":{"self":[{"href":"https:\/\/www.andreclaude.fr\/web\/index.php\/wp-json\/wp\/v2\/product\/5152"}],"collection":[{"href":"https:\/\/www.andreclaude.fr\/web\/index.php\/wp-json\/wp\/v2\/product"}],"about":[{"href":"https:\/\/www.andreclaude.fr\/web\/index.php\/wp-json\/wp\/v2\/types\/product"}],"replies":[{"embeddable":true,"href":"https:\/\/www.andreclaude.fr\/web\/index.php\/wp-json\/wp\/v2\/comments?post=5152"}],"wp:featuredmedia":[{"embeddable":true,"href":"https:\/\/www.andreclaude.fr\/web\/index.php\/wp-json\/wp\/v2\/media\/18977"}],"wp:attachment":[{"href":"https:\/\/www.andreclaude.fr\/web\/index.php\/wp-json\/wp\/v2\/media?parent=5152"}],"wp:term":[{"taxonomy":"product_cat","embeddable":true,"href":"https:\/\/www.andreclaude.fr\/web\/index.php\/wp-json\/wp\/v2\/product_cat?post=5152"},{"taxonomy":"product_tag","embeddable":true,"href":"https:\/\/www.andreclaude.fr\/web\/index.php\/wp-json\/wp\/v2\/product_tag?post=5152"}],"curies":[{"name":"wp","href":"https:\/\/api.w.org\/{rel}","templated":true}]}}