{"id":5064,"date":"2015-12-07T11:28:13","date_gmt":"2015-12-07T10:28:13","guid":{"rendered":"http:\/\/www.andreclaude.fr\/web\/index.php\/produit\/noix-seches-les-500-grs\/"},"modified":"2025-10-23T04:43:58","modified_gmt":"2025-10-23T03:43:58","slug":"noix-fraiche-les-500-grs","status":"publish","type":"product","link":"https:\/\/www.andreclaude.fr\/web\/index.php\/produit\/noix-fraiche-les-500-grs\/","title":{"rendered":"Noix Seche France Cat\u00e9gorie 1 les 500 grs"},"content":{"rendered":"","protected":false},"excerpt":{"rendered":"<p><span class=\"label\">Petit conseil<\/span> : pour qu&rsquo;elles gardent toutes leurs saveurs et leurs qualit\u00e9s nutritionnelles, comment faut-il conserver les noix lorsqu&rsquo;elles sont fra\u00eeches ou s\u00e8ches ?<\/p>\n<p>\u2022 <b>Les noix fra\u00eeches<\/b>, que l&rsquo;on r\u00e9colte entre la mi-septembre et le d\u00e9but novembre\u00a0 peuvent se conserver plusieurs semaines \u00e0 l&rsquo;abri de la chaleur et de la lumi\u00e8re : cave, pi\u00e8ce bien ventil\u00e9e ou bac \u00e0 l\u00e9gumes du r\u00e9frig\u00e9rateur.<\/p>\n<p>\u2022 Par d\u00e9finition, <b>les noix s\u00e9ch\u00e9es<\/b> ne contiennent quasiment plus d&rsquo;eau. Les cerneaux ont \u00e9t\u00e9 d\u00e9tach\u00e9s de la coque. Elles peuvent \u00eatre d\u00e9gust\u00e9es entre six et douze mois apr\u00e8s la r\u00e9colte, \u00e0 la condition imp\u00e9rative de les conserver \u00e0 l&rsquo;abri du froid et de l&rsquo;humidit\u00e9 : dans une pi\u00e8ce temp\u00e9r\u00e9e et emball\u00e9es dans du papier absorbant ou dispos\u00e9es dans une bo\u00eete en m\u00e9tal, par exemple.<\/p>\n","protected":false},"featured_media":18785,"comment_status":"closed","ping_status":"closed","template":"","meta":[],"product_cat":[194,144],"product_tag":[],"jetpack_publicize_connections":[],"_links":{"self":[{"href":"https:\/\/www.andreclaude.fr\/web\/index.php\/wp-json\/wp\/v2\/product\/5064"}],"collection":[{"href":"https:\/\/www.andreclaude.fr\/web\/index.php\/wp-json\/wp\/v2\/product"}],"about":[{"href":"https:\/\/www.andreclaude.fr\/web\/index.php\/wp-json\/wp\/v2\/types\/product"}],"replies":[{"embeddable":true,"href":"https:\/\/www.andreclaude.fr\/web\/index.php\/wp-json\/wp\/v2\/comments?post=5064"}],"wp:featuredmedia":[{"embeddable":true,"href":"https:\/\/www.andreclaude.fr\/web\/index.php\/wp-json\/wp\/v2\/media\/18785"}],"wp:attachment":[{"href":"https:\/\/www.andreclaude.fr\/web\/index.php\/wp-json\/wp\/v2\/media?parent=5064"}],"wp:term":[{"taxonomy":"product_cat","embeddable":true,"href":"https:\/\/www.andreclaude.fr\/web\/index.php\/wp-json\/wp\/v2\/product_cat?post=5064"},{"taxonomy":"product_tag","embeddable":true,"href":"https:\/\/www.andreclaude.fr\/web\/index.php\/wp-json\/wp\/v2\/product_tag?post=5064"}],"curies":[{"name":"wp","href":"https:\/\/api.w.org\/{rel}","templated":true}]}}

Noix Seche France Catégorie 1 les 500 grs

<p><span class="label">Petit conseil</span> : pour qu&rsquo;elles gardent toutes leurs saveurs et leurs qualités nutritionnelles, comment faut-il conserver les noix lorsqu&rsquo;elles sont fraîches ou sèches ?</p>
<p>• <b>Les noix fraîches</b>, que l&rsquo;on récolte entre la mi-septembre et le début novembre  peuvent se conserver plusieurs semaines à l&rsquo;abri de la chaleur et de la lumière : cave, pièce bien ventilée ou bac à légumes du réfrigérateur.</p>
<p>• Par définition, <b>les noix séchées</b> ne contiennent quasiment plus d&rsquo;eau. Les cerneaux ont été détachés de la coque. Elles peuvent être dégustées entre six et douze mois après la récolte, à la condition impérative de les conserver à l&rsquo;abri du froid et de l&rsquo;humidité : dans une pièce tempérée et emballées dans du papier absorbant ou disposées dans une boîte en métal, par exemple.</p>
