{"id":21113,"date":"2024-03-12T09:01:50","date_gmt":"2024-03-12T08:01:50","guid":{"rendered":"https:\/\/www.andreclaude.fr\/web\/?post_type=product&#038;p=21113"},"modified":"2024-09-20T03:42:39","modified_gmt":"2024-09-20T02:42:39","slug":"lait-entier-pur-perche-en-brick-de-1-litre","status":"publish","type":"product","link":"https:\/\/www.andreclaude.fr\/web\/index.php\/produit\/lait-entier-pur-perche-en-brick-de-1-litre\/","title":{"rendered":"Lait entier en brick de 1 litre"},"content":{"rendered":"","protected":false},"excerpt":{"rendered":"<p><strong>Lait<\/strong> Entier st\u00e9rilis\u00e9 UHT de vache<\/p>\n<p>Valeurs nutritionnelles moyennes pour 100ml<\/p>\n<p>Energie : 268kj\/64kcal<\/p>\n<p>Mati\u00e8res grasses : 3.6g dont acides gras satur\u00e9s : 2.4 g<\/p>\n<p>Glucides : 4.8g dont sucres : 4.8g<\/p>\n<p>Prot\u00e9ines : 3.2g<\/p>\n<p>Sel : 0.10g<\/p>\n<p>Calcium : 120mg (15% des valeurs nutritionnelles de r\u00e9f\u00e9rence pour un adulte-type (8400kj\/2000kcal))<\/p>\n<p>A conserver<\/p>\n<p>Avant ouverture \u00e0 temp\u00e9rature ambiante<\/p>\n<p>Apr\u00e8s ouverture au r\u00e9frig\u00e9rateur \u00e0 +6\u00b0 C maximum et \u00e0 consommer dans les 3 jours<\/p>\n<p>&nbsp;<\/p>\n","protected":false},"featured_media":21114,"comment_status":"closed","ping_status":"closed","template":"","meta":[],"product_cat":[196,194,166],"product_tag":[],"jetpack_publicize_connections":[],"_links":{"self":[{"href":"https:\/\/www.andreclaude.fr\/web\/index.php\/wp-json\/wp\/v2\/product\/21113"}],"collection":[{"href":"https:\/\/www.andreclaude.fr\/web\/index.php\/wp-json\/wp\/v2\/product"}],"about":[{"href":"https:\/\/www.andreclaude.fr\/web\/index.php\/wp-json\/wp\/v2\/types\/product"}],"replies":[{"embeddable":true,"href":"https:\/\/www.andreclaude.fr\/web\/index.php\/wp-json\/wp\/v2\/comments?post=21113"}],"wp:featuredmedia":[{"embeddable":true,"href":"https:\/\/www.andreclaude.fr\/web\/index.php\/wp-json\/wp\/v2\/media\/21114"}],"wp:attachment":[{"href":"https:\/\/www.andreclaude.fr\/web\/index.php\/wp-json\/wp\/v2\/media?parent=21113"}],"wp:term":[{"taxonomy":"product_cat","embeddable":true,"href":"https:\/\/www.andreclaude.fr\/web\/index.php\/wp-json\/wp\/v2\/product_cat?post=21113"},{"taxonomy":"product_tag","embeddable":true,"href":"https:\/\/www.andreclaude.fr\/web\/index.php\/wp-json\/wp\/v2\/product_tag?post=21113"}],"curies":[{"name":"wp","href":"https:\/\/api.w.org\/{rel}","templated":true}]}}

<p><strong>Lait</strong> Entier stérilisé UHT de vache</p>
<p>Valeurs nutritionnelles moyennes pour 100ml</p>
<p>Energie : 268kj/64kcal</p>
<p>Matières grasses : 3.6g dont acides gras saturés : 2.4 g</p>
<p>Glucides : 4.8g dont sucres : 4.8g</p>
<p>Protéines : 3.2g</p>
<p>Sel : 0.10g</p>
<p>Calcium : 120mg (15% des valeurs nutritionnelles de référence pour un adulte-type (8400kj/2000kcal))</p>
<p>A conserver</p>
<p>Avant ouverture à température ambiante</p>
<p>Après ouverture au réfrigérateur à +6° C maximum et à consommer dans les 3 jours</p>
<p>&nbsp;</p>
