{"id":21078,"date":"2024-03-01T07:25:49","date_gmt":"2024-03-01T06:25:49","guid":{"rendered":"https:\/\/www.andreclaude.fr\/web\/?post_type=product&#038;p=21078"},"modified":"2024-12-05T11:37:09","modified_gmt":"2024-12-05T10:37:09","slug":"whisky-francais-bellevoye-triple-malt-non-tourbe-finition-rhum-70-cl","status":"publish","type":"product","link":"https:\/\/www.andreclaude.fr\/web\/index.php\/produit\/whisky-francais-bellevoye-triple-malt-non-tourbe-finition-rhum-70-cl\/","title":{"rendered":"Whisky Fran\u00e7ais Bellevoye triple malt, non tourb\u00e9 finition Rhum 70 cl"},"content":{"rendered":"","protected":false},"excerpt":{"rendered":"<p>Le whisky de France affin\u00e9 en barriques de rhum !<br \/>\nBELLEVOYE est d\u00e9j\u00e0 en t\u00eate du classement des whiskies fran\u00e7ais. Servi \u00e0 l\u2019Elys\u00e9e, il a \u00e9galement gagn\u00e9 l\u2019appel d\u2019offres d\u2019Air France pour la classe affaires. BELLEVOYE est une des productions qui se fait de mieux dans le Monde du whisky. Des single malt s\u00e9lectionn\u00e9s \u00e0 l&rsquo;aveugle, aux saveurs uniques et distinctives par leur richesse aromatique. Fini dans des chais en barrique de rhum, l&rsquo;affinage se poursuit \u00e0 travers son intensit\u00e9 aromatique de fruits et notes caram\u00e9lis\u00e9es. Passionn\u00e9ment fondante et envoutante avec ses saveurs bois\u00e9es, d\u2019essences de bois tropicaux, cette cuv\u00e9e est tout simplement un plaisir gustatif.<br \/>\nDegr\u00e9 40 %<br \/>\nL ABUS D ALCOOL EST DANGEREUX POUR LA SANTE. A CONSOMMER AVEC MODERATION.<\/p>\n<p>LA VENTE D ALCOOL EST INTERDITE AUX MINEURS.<\/p>\n<p>Les bienheureux 75000 Paris<\/p>\n","protected":false},"featured_media":21079,"comment_status":"closed","ping_status":"closed","template":"","meta":[],"product_cat":[194,164],"product_tag":[],"jetpack_publicize_connections":[],"_links":{"self":[{"href":"https:\/\/www.andreclaude.fr\/web\/index.php\/wp-json\/wp\/v2\/product\/21078"}],"collection":[{"href":"https:\/\/www.andreclaude.fr\/web\/index.php\/wp-json\/wp\/v2\/product"}],"about":[{"href":"https:\/\/www.andreclaude.fr\/web\/index.php\/wp-json\/wp\/v2\/types\/product"}],"replies":[{"embeddable":true,"href":"https:\/\/www.andreclaude.fr\/web\/index.php\/wp-json\/wp\/v2\/comments?post=21078"}],"wp:featuredmedia":[{"embeddable":true,"href":"https:\/\/www.andreclaude.fr\/web\/index.php\/wp-json\/wp\/v2\/media\/21079"}],"wp:attachment":[{"href":"https:\/\/www.andreclaude.fr\/web\/index.php\/wp-json\/wp\/v2\/media?parent=21078"}],"wp:term":[{"taxonomy":"product_cat","embeddable":true,"href":"https:\/\/www.andreclaude.fr\/web\/index.php\/wp-json\/wp\/v2\/product_cat?post=21078"},{"taxonomy":"product_tag","embeddable":true,"href":"https:\/\/www.andreclaude.fr\/web\/index.php\/wp-json\/wp\/v2\/product_tag?post=21078"}],"curies":[{"name":"wp","href":"https:\/\/api.w.org\/{rel}","templated":true}]}}