{"id":20410,"date":"2023-05-18T07:34:03","date_gmt":"2023-05-18T06:34:03","guid":{"rendered":"https:\/\/www.andreclaude.fr\/web\/?post_type=product&#038;p=20410"},"modified":"2023-05-18T07:35:24","modified_gmt":"2023-05-18T06:35:24","slug":"l-j-mercurey-la-bouteille-75-cl-2021","status":"publish","type":"product","link":"https:\/\/www.andreclaude.fr\/web\/index.php\/produit\/l-j-mercurey-la-bouteille-75-cl-2021\/","title":{"rendered":"L.J. Mercurey la bouteille 75 cl 2021"},"content":{"rendered":"","protected":false},"excerpt":{"rendered":"<p>La r\u00e9colte est manuelle en petite caisse afin de pr\u00e9server l&rsquo;int\u00e9grit\u00e9 du fruit. Les raisins sont ensuite tri\u00e9s soigneusement \u00e0 la main puis \u00e9grapp\u00e9s. La mac\u00e9ration des raisins a lieu en cuve ouverte en bois ou en inox pendant 3 semaines \u00e0 4 semaines. Les cuves sont pig\u00e9es 2 fois par jour pendant la fermentation. L&rsquo;\u00e9levage dure 18 mois environ dans les f\u00fbts de notre tonnellerie dont un tiers environ sont neufs.<br \/>\nAlcool 13 % Contient des sulfites.<\/p>\n<p>Maison Louis Jadot Route de Savigny, 21200 Beaune<\/p>\n<p>La consommation de boissons alcoolis\u00e9es pendant la grossesse, m\u00eame en faible quantit\u00e9, peut avoir des cons\u00e9quences graves sur la sant\u00e9 de l\u2019enfant.<\/p>\n<p>LA VENTE D ALCOOL EST INTERDITE AUX MINEURS.<\/p>\n<p>L ABUS D ALCOOL EST DANGEREUX POUR LA SANTE. A CONSOMMER AVEC MODERATION.<\/p>\n","protected":false},"featured_media":20411,"comment_status":"closed","ping_status":"closed","template":"","meta":[],"product_cat":[194,158],"product_tag":[],"jetpack_publicize_connections":[],"_links":{"self":[{"href":"https:\/\/www.andreclaude.fr\/web\/index.php\/wp-json\/wp\/v2\/product\/20410"}],"collection":[{"href":"https:\/\/www.andreclaude.fr\/web\/index.php\/wp-json\/wp\/v2\/product"}],"about":[{"href":"https:\/\/www.andreclaude.fr\/web\/index.php\/wp-json\/wp\/v2\/types\/product"}],"replies":[{"embeddable":true,"href":"https:\/\/www.andreclaude.fr\/web\/index.php\/wp-json\/wp\/v2\/comments?post=20410"}],"wp:featuredmedia":[{"embeddable":true,"href":"https:\/\/www.andreclaude.fr\/web\/index.php\/wp-json\/wp\/v2\/media\/20411"}],"wp:attachment":[{"href":"https:\/\/www.andreclaude.fr\/web\/index.php\/wp-json\/wp\/v2\/media?parent=20410"}],"wp:term":[{"taxonomy":"product_cat","embeddable":true,"href":"https:\/\/www.andreclaude.fr\/web\/index.php\/wp-json\/wp\/v2\/product_cat?post=20410"},{"taxonomy":"product_tag","embeddable":true,"href":"https:\/\/www.andreclaude.fr\/web\/index.php\/wp-json\/wp\/v2\/product_tag?post=20410"}],"curies":[{"name":"wp","href":"https:\/\/api.w.org\/{rel}","templated":true}]}}