{"id":19823,"date":"2022-09-26T09:22:52","date_gmt":"2022-09-26T08:22:52","guid":{"rendered":"https:\/\/www.andreclaude.fr\/web\/?post_type=product&#038;p=19823"},"modified":"2022-09-26T09:25:13","modified_gmt":"2022-09-26T08:25:13","slug":"veloute-de-tomate-bouteille-74-cl","status":"publish","type":"product","link":"https:\/\/www.andreclaude.fr\/web\/index.php\/produit\/veloute-de-tomate-bouteille-74-cl\/","title":{"rendered":"Velout\u00e9 de Tomate bouteille 74 cl"},"content":{"rendered":"<p>Soupe potage<\/p>\n<p>&nbsp;<\/p>\n<p>&nbsp;<\/p>\n","protected":false},"excerpt":{"rendered":"<p>Velout\u00e9 st\u00e9rilis\u00e9. Sans conservateur, ni colorant, conform\u00e9ment \u00e0 la l\u00e9gislation. Apr\u00e8s ouverture, conserver \u00e0 4 \u00b0 et \u00e0 consommer dans les 24 heures.<\/p>\n<p>Ingr\u00e9dients : eaux, tomates 35%, pommes de terre, oignons, <strong>cr\u00e8me fra\u00eeche<\/strong>, huile d&rsquo;olive, amidon de ma\u00efs, basilic 1%,, sel, sucre, ail.<\/p>\n<p>Traces \u00e9ventuelles de<strong> c\u00e9leri<\/strong> et de <strong>soja<\/strong><\/p>\n<p>Valeurs nutritionnelles moyennes pour 100g<\/p>\n<p>Energie : 188.41kj\/45.22 kcal<\/p>\n<p>Mati\u00e8res grasses : 2.55g dont acides gras satur\u00e9s : 0.99g<\/p>\n<p>Glucides : 3.79g dont sucres 2.19g<\/p>\n<p>Prot\u00e9ines : 0.43g<\/p>\n<p>Sel : 0.58g<\/p>\n<p>&nbsp;<\/p>\n<p>&nbsp;<\/p>\n","protected":false},"featured_media":19824,"comment_status":"closed","ping_status":"closed","template":"","meta":[],"product_cat":[215,194],"product_tag":[],"jetpack_publicize_connections":[],"_links":{"self":[{"href":"https:\/\/www.andreclaude.fr\/web\/index.php\/wp-json\/wp\/v2\/product\/19823"}],"collection":[{"href":"https:\/\/www.andreclaude.fr\/web\/index.php\/wp-json\/wp\/v2\/product"}],"about":[{"href":"https:\/\/www.andreclaude.fr\/web\/index.php\/wp-json\/wp\/v2\/types\/product"}],"replies":[{"embeddable":true,"href":"https:\/\/www.andreclaude.fr\/web\/index.php\/wp-json\/wp\/v2\/comments?post=19823"}],"wp:featuredmedia":[{"embeddable":true,"href":"https:\/\/www.andreclaude.fr\/web\/index.php\/wp-json\/wp\/v2\/media\/19824"}],"wp:attachment":[{"href":"https:\/\/www.andreclaude.fr\/web\/index.php\/wp-json\/wp\/v2\/media?parent=19823"}],"wp:term":[{"taxonomy":"product_cat","embeddable":true,"href":"https:\/\/www.andreclaude.fr\/web\/index.php\/wp-json\/wp\/v2\/product_cat?post=19823"},{"taxonomy":"product_tag","embeddable":true,"href":"https:\/\/www.andreclaude.fr\/web\/index.php\/wp-json\/wp\/v2\/product_tag?post=19823"}],"curies":[{"name":"wp","href":"https:\/\/api.w.org\/{rel}","templated":true}]}}