{"id":18913,"date":"2022-01-13T11:00:05","date_gmt":"2022-01-13T10:00:05","guid":{"rendered":"https:\/\/www.andreclaude.fr\/web\/?post_type=product&#038;p=18913"},"modified":"2024-01-09T17:50:22","modified_gmt":"2024-01-09T16:50:22","slug":"bibart-rose-puech-haut-le-benjamin-fontaine-3-litres","status":"publish","type":"product","link":"https:\/\/www.andreclaude.fr\/web\/index.php\/produit\/bibart-rose-puech-haut-le-benjamin-fontaine-3-litres\/","title":{"rendered":"Bib Fontaine 5 litres Pellehaut Blanc"},"content":{"rendered":"","protected":false},"excerpt":{"rendered":"<p>Soit 4,49 \u20ac les 75 cl<\/p>\n<p>Accords mets et vins: \u00ab\u00a0Le Pellehaut blanc\u00a0\u00bb vous accompagnera aussi bien \u00e0 l&rsquo;ap\u00e9ritif qu&rsquo;avec des crustac\u00e9s, des poissons grill\u00e9s ou encore des viandes blanches.<\/p>\n<p>La consommation de boissons alcoolis\u00e9es pendant la grossesse, m\u00eame en faible quantit\u00e9, peut avoir des cons\u00e9quences graves sur la sant\u00e9 de l\u2019enfant.<\/p>\n<p>L ABUS D ALCOOL EST DANGEREUX POUR LA SANTE. A CONSOMMER AVEC MODERATION.<\/p>\n<p>LA VENTE D ALCOOL EST INTERDITE AUX MINEURS.<\/p>\n<p>Famille B\u00e9raut 32250 Montr\u00e9al Du Gers<\/p>\n","protected":false},"featured_media":20946,"comment_status":"closed","ping_status":"closed","template":"","meta":[],"product_cat":[194,155],"product_tag":[],"jetpack_publicize_connections":[],"_links":{"self":[{"href":"https:\/\/www.andreclaude.fr\/web\/index.php\/wp-json\/wp\/v2\/product\/18913"}],"collection":[{"href":"https:\/\/www.andreclaude.fr\/web\/index.php\/wp-json\/wp\/v2\/product"}],"about":[{"href":"https:\/\/www.andreclaude.fr\/web\/index.php\/wp-json\/wp\/v2\/types\/product"}],"replies":[{"embeddable":true,"href":"https:\/\/www.andreclaude.fr\/web\/index.php\/wp-json\/wp\/v2\/comments?post=18913"}],"wp:featuredmedia":[{"embeddable":true,"href":"https:\/\/www.andreclaude.fr\/web\/index.php\/wp-json\/wp\/v2\/media\/20946"}],"wp:attachment":[{"href":"https:\/\/www.andreclaude.fr\/web\/index.php\/wp-json\/wp\/v2\/media?parent=18913"}],"wp:term":[{"taxonomy":"product_cat","embeddable":true,"href":"https:\/\/www.andreclaude.fr\/web\/index.php\/wp-json\/wp\/v2\/product_cat?post=18913"},{"taxonomy":"product_tag","embeddable":true,"href":"https:\/\/www.andreclaude.fr\/web\/index.php\/wp-json\/wp\/v2\/product_tag?post=18913"}],"curies":[{"name":"wp","href":"https:\/\/api.w.org\/{rel}","templated":true}]}}