{"id":18351,"date":"2021-08-17T08:55:38","date_gmt":"2021-08-17T07:55:38","guid":{"rendered":"http:\/\/www.andreclaude.fr\/web\/index.php\/produit\/chevre-sainte-maure-de-touraine-la-piece-250g\/"},"modified":"2022-03-17T06:51:43","modified_gmt":"2022-03-17T05:51:43","slug":"chevre-perche-long-la-piece-250g","status":"publish","type":"product","link":"https:\/\/www.andreclaude.fr\/web\/index.php\/produit\/chevre-perche-long-la-piece-250g\/","title":{"rendered":"Ch\u00e8vre Perche long la pi\u00e8ce 250g"},"content":{"rendered":"<p>Maison Limouzin<\/p>\n<p>37350 Le petit Pressigny<\/p>\n","protected":false},"excerpt":{"rendered":"<p>ingr\u00e9diends : <strong>Lait cru<\/strong>, sel, ferments, pr\u00e9sure, charbon v\u00e9g\u00e9tal,<\/p>\n<p>Paille de c\u00e9r\u00e9ale, Moul\u00e9 \u00e0 la louche.<\/p>\n","protected":false},"featured_media":7081,"comment_status":"closed","ping_status":"closed","template":"","meta":[],"product_cat":[196,194,169],"product_tag":[],"jetpack_publicize_connections":[],"_links":{"self":[{"href":"https:\/\/www.andreclaude.fr\/web\/index.php\/wp-json\/wp\/v2\/product\/18351"}],"collection":[{"href":"https:\/\/www.andreclaude.fr\/web\/index.php\/wp-json\/wp\/v2\/product"}],"about":[{"href":"https:\/\/www.andreclaude.fr\/web\/index.php\/wp-json\/wp\/v2\/types\/product"}],"replies":[{"embeddable":true,"href":"https:\/\/www.andreclaude.fr\/web\/index.php\/wp-json\/wp\/v2\/comments?post=18351"}],"wp:featuredmedia":[{"embeddable":true,"href":"https:\/\/www.andreclaude.fr\/web\/index.php\/wp-json\/wp\/v2\/media\/7081"}],"wp:attachment":[{"href":"https:\/\/www.andreclaude.fr\/web\/index.php\/wp-json\/wp\/v2\/media?parent=18351"}],"wp:term":[{"taxonomy":"product_cat","embeddable":true,"href":"https:\/\/www.andreclaude.fr\/web\/index.php\/wp-json\/wp\/v2\/product_cat?post=18351"},{"taxonomy":"product_tag","embeddable":true,"href":"https:\/\/www.andreclaude.fr\/web\/index.php\/wp-json\/wp\/v2\/product_tag?post=18351"}],"curies":[{"name":"wp","href":"https:\/\/api.w.org\/{rel}","templated":true}]}}

Chèvre Perche long la pièce 250g

<p>ingrédiends : <strong>Lait cru</strong>, sel, ferments, présure, charbon végétal,</p>
<p>Paille de céréale, Moulé à la louche.</p>
