{"id":18165,"date":"2021-06-03T09:08:48","date_gmt":"2021-06-03T08:08:48","guid":{"rendered":"http:\/\/www.andreclaude.fr\/web\/?post_type=product&#038;p=18165"},"modified":"2022-08-23T08:13:10","modified_gmt":"2022-08-23T07:13:10","slug":"vinaigre-de-cidre-bio-bouteille-75-cl","status":"publish","type":"product","link":"https:\/\/www.andreclaude.fr\/web\/index.php\/produit\/vinaigre-de-cidre-bio-bouteille-75-cl\/","title":{"rendered":"Vinaigre de cidre BIO la bouteille 75 cl"},"content":{"rendered":"","protected":false},"excerpt":{"rendered":"<p>Le vinaigre de cidre est pr\u00e9par\u00e9 \u00e0 partir de cidres s\u00e9lectionn\u00e9s et sp\u00e9cialement vieilli en cuve. C\u2019est un\u00a0vinaigre tr\u00e8s fruit\u00e9, pr\u00e9par\u00e9 naturellement comme le faisaient nos grands-m\u00e8res.<\/p>\n<p>Il accompagne volontiers les salades, la cr\u00e8me fra\u00eeche\u2026 Certains lui conf\u00e8rent des vertus de jouvence.<\/p>\n","protected":false},"featured_media":18167,"comment_status":"closed","ping_status":"closed","template":"","meta":[],"product_cat":[196,194,179],"product_tag":[],"jetpack_publicize_connections":[],"_links":{"self":[{"href":"https:\/\/www.andreclaude.fr\/web\/index.php\/wp-json\/wp\/v2\/product\/18165"}],"collection":[{"href":"https:\/\/www.andreclaude.fr\/web\/index.php\/wp-json\/wp\/v2\/product"}],"about":[{"href":"https:\/\/www.andreclaude.fr\/web\/index.php\/wp-json\/wp\/v2\/types\/product"}],"replies":[{"embeddable":true,"href":"https:\/\/www.andreclaude.fr\/web\/index.php\/wp-json\/wp\/v2\/comments?post=18165"}],"wp:featuredmedia":[{"embeddable":true,"href":"https:\/\/www.andreclaude.fr\/web\/index.php\/wp-json\/wp\/v2\/media\/18167"}],"wp:attachment":[{"href":"https:\/\/www.andreclaude.fr\/web\/index.php\/wp-json\/wp\/v2\/media?parent=18165"}],"wp:term":[{"taxonomy":"product_cat","embeddable":true,"href":"https:\/\/www.andreclaude.fr\/web\/index.php\/wp-json\/wp\/v2\/product_cat?post=18165"},{"taxonomy":"product_tag","embeddable":true,"href":"https:\/\/www.andreclaude.fr\/web\/index.php\/wp-json\/wp\/v2\/product_tag?post=18165"}],"curies":[{"name":"wp","href":"https:\/\/api.w.org\/{rel}","templated":true}]}}