{"id":17697,"date":"2021-03-12T08:46:14","date_gmt":"2021-03-12T07:46:14","guid":{"rendered":"http:\/\/www.andreclaude.fr\/web\/?post_type=product&#038;p=17697"},"modified":"2022-09-07T08:23:58","modified_gmt":"2022-09-07T07:23:58","slug":"gorgonzola-la-part-env-200g","status":"publish","type":"product","link":"https:\/\/www.andreclaude.fr\/web\/index.php\/produit\/gorgonzola-la-part-env-200g\/","title":{"rendered":"Gorgonzola La part d&rsquo; environ 200 grs"},"content":{"rendered":"","protected":false},"excerpt":{"rendered":"<p>Gorgonzola doux AOP Fromage \u00e0 p\u00e2te persill\u00e9e au\u00a0<strong>lait<\/strong>\u00a0de vache<\/p>\n<p>Mini 48 % MG\/Extrait sec<\/p>\n<p>Ingr\u00e9dients :\u00a0<strong>lait<\/strong>\u00a0de vache pasteuris\u00e9,\u00a0<strong>ferments lactiques (lait\u00a0), sel, .Cro\u00fbte non comestible<\/strong><\/p>\n<p>Valeurs nutritionnelles moyennes pour 100g<\/p>\n<p>Energie : 1299kj\/314kcal<\/p>\n<p>Lipides 27g<\/p>\n<p>Dont acides gras satur\u00e9s 19g,\u00a0acides gras monoinsatur\u00e9s 6.1g,\u00a0acides gras polyinsatur\u00e9s 0.7g<\/p>\n<p>Prot\u00e9ines : 18g<\/p>\n<p>Sel : 1.6g<\/p>\n<p>&nbsp;<\/p>\n<p>&nbsp;<\/p>\n<p>&nbsp;<\/p>\n","protected":false},"featured_media":17699,"comment_status":"closed","ping_status":"closed","template":"","meta":[],"product_cat":[194,167],"product_tag":[],"jetpack_publicize_connections":[],"_links":{"self":[{"href":"https:\/\/www.andreclaude.fr\/web\/index.php\/wp-json\/wp\/v2\/product\/17697"}],"collection":[{"href":"https:\/\/www.andreclaude.fr\/web\/index.php\/wp-json\/wp\/v2\/product"}],"about":[{"href":"https:\/\/www.andreclaude.fr\/web\/index.php\/wp-json\/wp\/v2\/types\/product"}],"replies":[{"embeddable":true,"href":"https:\/\/www.andreclaude.fr\/web\/index.php\/wp-json\/wp\/v2\/comments?post=17697"}],"wp:featuredmedia":[{"embeddable":true,"href":"https:\/\/www.andreclaude.fr\/web\/index.php\/wp-json\/wp\/v2\/media\/17699"}],"wp:attachment":[{"href":"https:\/\/www.andreclaude.fr\/web\/index.php\/wp-json\/wp\/v2\/media?parent=17697"}],"wp:term":[{"taxonomy":"product_cat","embeddable":true,"href":"https:\/\/www.andreclaude.fr\/web\/index.php\/wp-json\/wp\/v2\/product_cat?post=17697"},{"taxonomy":"product_tag","embeddable":true,"href":"https:\/\/www.andreclaude.fr\/web\/index.php\/wp-json\/wp\/v2\/product_tag?post=17697"}],"curies":[{"name":"wp","href":"https:\/\/api.w.org\/{rel}","templated":true}]}}