{"id":17072,"date":"2020-12-11T10:19:21","date_gmt":"2020-12-11T09:19:21","guid":{"rendered":"http:\/\/www.andreclaude.fr\/web\/index.php\/produit\/coffret-rhum-xo-pasador-3-x20-cl\/"},"modified":"2024-03-01T05:47:43","modified_gmt":"2024-03-01T04:47:43","slug":"coffret-rhum-xo-pasador-3-x20-cl","status":"publish","type":"product","link":"https:\/\/www.andreclaude.fr\/web\/index.php\/produit\/coffret-rhum-xo-pasador-3-x20-cl\/","title":{"rendered":"Rhum XO (Pasador le passeur d\u2019or en fran\u00e7ais) Coffret 3 x20 cl"},"content":{"rendered":"","protected":false},"excerpt":{"rendered":"<p>EL PASADOR DE ORO (le passeur d\u2019or en fran\u00e7ais) lance son premier coffret de trois bouteilles de 20 cl d\u00e9clinant ses trois cr\u00e9ations : XO, GRAN RESERVA et 50.<\/p>\n<p>EL PASADOR DE ORO XO met d\u2019abord en \u00e9vidence un nez intense d\u2019\u00e9pices douces et de cr\u00e8me brul\u00e9e avant de s\u2019enrichir de fruits exotiques, de fruits secs et de chocolat noir. La bouche est tr\u00e8s ronde et l\u00e9g\u00e8rement \u00e9pic\u00e9e. La finale est profonde et complexe. 40% alc.<\/p>\n<p>EL PASADOR DE ORO GRAN RESERVA se distingue d\u2019embl\u00e9e par sa puissance et sa richesse aromatique. Son nez puissant, sa bouche onctueuse et sa grande complexit\u00e9 en font un rhum d\u2019exception destin\u00e9 aux connaisseurs. 40% alc.<\/p>\n<p>EL PASADOR DE ORO 50 s\u00e9duit par sa personnalit\u00e9 unique. Avec un nez fruit\u00e9 et une bouche proche des rhums agricoles, une teneur de 10 grammes de sucre par litre et un degr\u00e9 d\u2019alcool de 50% vol. Ce rhum offre l\u2019authenticit\u00e9 du Guatemala \u00e0 l\u2019\u00e9tat brut, une formule qui privil\u00e9gie simplicit\u00e9, puissance et longueur. 50% al<\/p>\n<p>La consommation de boissons alcoolis\u00e9es pendant la grossesse, m\u00eame en faible quantit\u00e9, peut avoir des cons\u00e9quences graves sur la sant\u00e9 de l\u2019enfant.<\/p>\n<p>L ABUS D ALCOOL EST DANGEREUX POUR LA SANTE. A CONSOMMER AVEC MODERATION.<\/p>\n<p>LA VENTE D ALCOOL EST INTERDITE AUX MINEURS.<\/p>\n<p>Les bienheureux 10 avenue de la Grande Arm\u00e9e 75017 Paris.<\/p>\n<p>&nbsp;<\/p>\n","protected":false},"featured_media":17073,"comment_status":"closed","ping_status":"closed","template":"","meta":[],"product_cat":[194,197,160],"product_tag":[],"jetpack_publicize_connections":[],"_links":{"self":[{"href":"https:\/\/www.andreclaude.fr\/web\/index.php\/wp-json\/wp\/v2\/product\/17072"}],"collection":[{"href":"https:\/\/www.andreclaude.fr\/web\/index.php\/wp-json\/wp\/v2\/product"}],"about":[{"href":"https:\/\/www.andreclaude.fr\/web\/index.php\/wp-json\/wp\/v2\/types\/product"}],"replies":[{"embeddable":true,"href":"https:\/\/www.andreclaude.fr\/web\/index.php\/wp-json\/wp\/v2\/comments?post=17072"}],"wp:featuredmedia":[{"embeddable":true,"href":"https:\/\/www.andreclaude.fr\/web\/index.php\/wp-json\/wp\/v2\/media\/17073"}],"wp:attachment":[{"href":"https:\/\/www.andreclaude.fr\/web\/index.php\/wp-json\/wp\/v2\/media?parent=17072"}],"wp:term":[{"taxonomy":"product_cat","embeddable":true,"href":"https:\/\/www.andreclaude.fr\/web\/index.php\/wp-json\/wp\/v2\/product_cat?post=17072"},{"taxonomy":"product_tag","embeddable":true,"href":"https:\/\/www.andreclaude.fr\/web\/index.php\/wp-json\/wp\/v2\/product_tag?post=17072"}],"curies":[{"name":"wp","href":"https:\/\/api.w.org\/{rel}","templated":true}]}}