{"id":17070,"date":"2020-12-11T09:30:29","date_gmt":"2020-12-11T08:30:29","guid":{"rendered":"http:\/\/www.andreclaude.fr\/web\/index.php\/produit\/whisky-bellevoye-coffret-prestige-3x20cl-triple-malt-vert-noir-prune\/"},"modified":"2022-01-07T18:08:24","modified_gmt":"2022-01-07T17:08:24","slug":"whisky-bellevoye-coffret-prestige-3x20cl-triple-malt-vert-noir-prune","status":"publish","type":"product","link":"https:\/\/www.andreclaude.fr\/web\/index.php\/produit\/whisky-bellevoye-coffret-prestige-3x20cl-triple-malt-vert-noir-prune\/","title":{"rendered":"whisky Bellevoye Coffret Prestige 3x20cl triple malt"},"content":{"rendered":"","protected":false},"excerpt":{"rendered":"<p>BELLEVOYE VERT est un triple malt l\u00e9g\u00e8rement tourb\u00e9 affin\u00e9 en barriques de vieux Calvados. Il pr\u00e9sente au nez des ar\u00f4mes de pommes confites l\u00e9g\u00e8rement caram\u00e9lis\u00e9es. La bouche est ample et fra\u00eeche. Longue et exub\u00e9rante, la finale d\u00e9voile des ar\u00f4mes persistants de bois pr\u00e9cieux et de tabac.<\/p>\n<p>BELLEVOYE NOIR est un triple malt tourb\u00e9 \u00e9lu meilleur blended malt fran\u00e7ais par le World Whiskies Awards 2020. Il pr\u00e9sente un nez intense \u00e9voquant \u00e0 la fois la cendre, le pain grill\u00e9 et le moka. Sa bouche moelleuse et sa finale aux ar\u00f4mes de tourbe en font un produit d\u2019exception. Pour cette \u00e9dition, un \u00e9levage final de neuf \u00e0 douze mois en barriques de ch\u00eane fran\u00e7ais neuf a \u00e9t\u00e9 choisi.<\/p>\n<p>BELLEVOYE PRUNE est un triple malt non tourb\u00e9. L\u2019affinage en barriques de vieille prune a lieu durant les derniers mois d\u2019\u00e9levage. Ce subtil mariage entre l\u2019orge malt\u00e9e et la prune apporte un nez d\u2019une tr\u00e8s grande intensit\u00e9 fruit\u00e9e et une bouche abondamment gourmande et rafra\u00eechissante.<\/p>\n<div class=\"col-lg-4 col-md-12\">\n<div class=\"s-title8 ttu\">\n<div class=\"col-lg-4 col-md-12\">\n<div class=\"col-lg-4 col-md-12\">\n<div class=\"Popin-paragraphe\">\n<div class=\"s-title8 ttu\">\u00a0Un cadeau id\u00e9al pour l&rsquo;amateur de grands whisky qui pourra\u00a0profiter de ces formats d\u00e9gustation.<\/div>\n<div class=\"s-title8 ttu\"><\/div>\n<\/div>\n<\/div>\n<\/div>\n<\/div>\n<div class=\"s-title8 ttu\">\n<div class=\"col-lg-4 col-md-12\">\n<div class=\"s-title8 ttu\">\n<div class=\"col-lg-4 col-md-12\">\n<div class=\"s-title8 ttu\">La consommation de boissons alcoolis\u00e9es pendant la grossesse, m\u00eame en faible quantit\u00e9, peut avoir des cons\u00e9quences graves sur la sant\u00e9 de l\u2019enfant.<\/div>\n<\/div>\n<\/div>\n<\/div>\n<\/div>\n<\/div>\n<p>L ABUS D ALCOOL EST DANGEREUX POUR LA SANTE. A CONSOMMER AVEC MODERATION.<\/p>\n<p>LA VENTE D ALCOOL EST INTERDITE AUX MINEURS.<\/p>\n<p>Les bienheureux 10 avenue de la Grande Arm\u00e9e 75017 Paris.<\/p>\n","protected":false},"featured_media":17071,"comment_status":"closed","ping_status":"closed","template":"","meta":[],"product_cat":[194,197,164],"product_tag":[],"jetpack_publicize_connections":[],"_links":{"self":[{"href":"https:\/\/www.andreclaude.fr\/web\/index.php\/wp-json\/wp\/v2\/product\/17070"}],"collection":[{"href":"https:\/\/www.andreclaude.fr\/web\/index.php\/wp-json\/wp\/v2\/product"}],"about":[{"href":"https:\/\/www.andreclaude.fr\/web\/index.php\/wp-json\/wp\/v2\/types\/product"}],"replies":[{"embeddable":true,"href":"https:\/\/www.andreclaude.fr\/web\/index.php\/wp-json\/wp\/v2\/comments?post=17070"}],"wp:featuredmedia":[{"embeddable":true,"href":"https:\/\/www.andreclaude.fr\/web\/index.php\/wp-json\/wp\/v2\/media\/17071"}],"wp:attachment":[{"href":"https:\/\/www.andreclaude.fr\/web\/index.php\/wp-json\/wp\/v2\/media?parent=17070"}],"wp:term":[{"taxonomy":"product_cat","embeddable":true,"href":"https:\/\/www.andreclaude.fr\/web\/index.php\/wp-json\/wp\/v2\/product_cat?post=17070"},{"taxonomy":"product_tag","embeddable":true,"href":"https:\/\/www.andreclaude.fr\/web\/index.php\/wp-json\/wp\/v2\/product_tag?post=17070"}],"curies":[{"name":"wp","href":"https:\/\/api.w.org\/{rel}","templated":true}]}}