{"id":17064,"date":"2020-12-11T08:51:14","date_gmt":"2020-12-11T07:51:14","guid":{"rendered":"http:\/\/www.andreclaude.fr\/web\/index.php\/produit\/whisky-francais-bellevoye-triple-malt-tourbe-70-cl-noir\/"},"modified":"2021-03-17T17:07:43","modified_gmt":"2021-03-17T16:07:43","slug":"whisky-francais-bellevoye-triple-malt-tourbe-70-cl-noir","status":"publish","type":"product","link":"https:\/\/www.andreclaude.fr\/web\/index.php\/produit\/whisky-francais-bellevoye-triple-malt-tourbe-70-cl-noir\/","title":{"rendered":"Whisky Fran\u00e7ais Bellevoye Triple Malt Tourb\u00e9 70 cl noir"},"content":{"rendered":"","protected":false},"excerpt":{"rendered":"<p>Whisky Fran\u00e7ais Bellevoye 43\u00b0Avec \u00e9tui 70 cl<\/p>\n<div class=\"col-lg-4 col-md-12\">\n<div class=\"s-title8 ttu\">\n<div class=\"col-lg-4 col-md-12\">\n<p>Whisky triple malt, tourb\u00e9.\u200b<br \/>\nFini dans nos chais charentais en barriques neuves de ch\u00eane fran\u00e7ais.<\/p>\n<\/div>\n<div class=\"col-lg-4 col-md-12\"><\/div>\n<div class=\"col-lg-4 col-md-12\">\n<div class=\"s-title8 ttu\">\u00c9levage<\/div>\n<p>Primaire : cinq \u00e0 dix ans en barriques de ch\u00eane.<br \/>\nSecondaire : neuf \u00e0 douze mois post-assemblage en barriques neuves de ch\u00eane fran\u00e7ais dont l\u2019origine du bois et la qualit\u00e9 du grain sont sp\u00e9cifiques.<\/p>\n<div class=\"Popin-paragraphe\">\n<div class=\"s-title8 ttu\">Notes de d\u00e9gustation<\/div>\n<p>Le nez intense r\u00e9v\u00e8le des notes empyreumatiques qui \u00e9voquent \u00e0 la fois la cendre, le pain grill\u00e9 et le moka. De subtiles touches d\u2019\u00e9pices et de r\u00e9glisse renforcent sa complexit\u00e9.\u200b<\/p>\n<p>La bouche est \u00e9paisse, moelleuse et huileuse. Sa salinit\u00e9 lui conf\u00e8re un \u00e9quilibre frais et harmonieux. Sa structure est enrob\u00e9e gr\u00e2ce \u00e0 ses tanins \u00e9l\u00e9gants.\u200b<\/p>\n<p>La finale est longue et persistante sur des ar\u00f4mes caract\u00e9ristiques de tourbe.\u200b<\/p>\n<\/div>\n<div class=\"Popin-paragraphe\">\n<div class=\"s-title8 ttu\">R\u00e9compenses<\/div>\n<p>2020 : m\u00e9daille d\u2019or au Concours World Whiskies Awards, \u00ab Best French Blended Malt \u00bb.\u200b<br \/>\n2019 : m\u00e9daille d\u2019or au Concours Mondial de Bruxelles.\u200b<br \/>\n2018 : m\u00e9daille d\u2019or au Concours\u00a0Mondial de Bruxelles.\u200b<\/p>\n<\/div>\n<\/div>\n<\/div>\n<div class=\"s-title8 ttu\">\n<div class=\"col-lg-4 col-md-12\">\n<div class=\"s-title8 ttu\">\n<div class=\"col-lg-4 col-md-12\">\n<div class=\"s-title8 ttu\">La consommation de boissons alcoolis\u00e9es pendant la grossesse, m\u00eame en faible quantit\u00e9, peut avoir des cons\u00e9quences graves sur la sant\u00e9 de l\u2019enfant.<\/div>\n<\/div>\n<\/div>\n<\/div>\n<\/div>\n<\/div>\n<p>L ABUS D ALCOOL EST DANGEREUX POUR LA SANTE. A CONSOMMER AVEC MODERATION.<\/p>\n<p>LA VENTE D ALCOOL EST INTERDITE AUX MINEURS.<\/p>\n<p>Les bienheureux 10 avenue de la Grande Arm\u00e9e 75017 Paris.<\/p>\n","protected":false},"featured_media":17065,"comment_status":"closed","ping_status":"closed","template":"","meta":[],"product_cat":[194,164],"product_tag":[],"jetpack_publicize_connections":[],"_links":{"self":[{"href":"https:\/\/www.andreclaude.fr\/web\/index.php\/wp-json\/wp\/v2\/product\/17064"}],"collection":[{"href":"https:\/\/www.andreclaude.fr\/web\/index.php\/wp-json\/wp\/v2\/product"}],"about":[{"href":"https:\/\/www.andreclaude.fr\/web\/index.php\/wp-json\/wp\/v2\/types\/product"}],"replies":[{"embeddable":true,"href":"https:\/\/www.andreclaude.fr\/web\/index.php\/wp-json\/wp\/v2\/comments?post=17064"}],"wp:featuredmedia":[{"embeddable":true,"href":"https:\/\/www.andreclaude.fr\/web\/index.php\/wp-json\/wp\/v2\/media\/17065"}],"wp:attachment":[{"href":"https:\/\/www.andreclaude.fr\/web\/index.php\/wp-json\/wp\/v2\/media?parent=17064"}],"wp:term":[{"taxonomy":"product_cat","embeddable":true,"href":"https:\/\/www.andreclaude.fr\/web\/index.php\/wp-json\/wp\/v2\/product_cat?post=17064"},{"taxonomy":"product_tag","embeddable":true,"href":"https:\/\/www.andreclaude.fr\/web\/index.php\/wp-json\/wp\/v2\/product_tag?post=17064"}],"curies":[{"name":"wp","href":"https:\/\/api.w.org\/{rel}","templated":true}]}}

Whisky Français Bellevoye Triple Malt Tourbé 70 cl noir

<p>Whisky Français Bellevoye 43°Avec étui 70 cl</p>
<div class="col-lg-4 col-md-12">
<div class="s-title8 ttu">
<div class="col-lg-4 col-md-12">
<p>Whisky triple malt, tourbé.​<br />
Fini dans nos chais charentais en barriques neuves de chêne français.</p>
</div>
<div class="col-lg-4 col-md-12"></div>
<div class="col-lg-4 col-md-12">
<div class="s-title8 ttu">Élevage</div>
<p>Primaire : cinq à dix ans en barriques de chêne.<br />
Secondaire : neuf à douze mois post-assemblage en barriques neuves de chêne français dont l’origine du bois et la qualité du grain sont spécifiques.</p>
<div class="Popin-paragraphe">
<div class="s-title8 ttu">Notes de dégustation</div>
<p>Le nez intense révèle des notes empyreumatiques qui évoquent à la fois la cendre, le pain grillé et le moka. De subtiles touches d’épices et de réglisse renforcent sa complexité.​</p>
<p>La bouche est épaisse, moelleuse et huileuse. Sa salinité lui confère un équilibre frais et harmonieux. Sa structure est enrobée grâce à ses tanins élégants.​</p>
<p>La finale est longue et persistante sur des arômes caractéristiques de tourbe.​</p>
</div>
<div class="Popin-paragraphe">
<div class="s-title8 ttu">Récompenses</div>
<p>2020 : médaille d’or au Concours World Whiskies Awards, « Best French Blended Malt ».​<br />
2019 : médaille d’or au Concours Mondial de Bruxelles.​<br />
2018 : médaille d’or au Concours Mondial de Bruxelles.​</p>
</div>
</div>
</div>
<div class="s-title8 ttu">
<div class="col-lg-4 col-md-12">
<div class="s-title8 ttu">
<div class="col-lg-4 col-md-12">
<div class="s-title8 ttu">La consommation de boissons alcoolisées pendant la grossesse, même en faible quantité, peut avoir des conséquences graves sur la santé de l’enfant.</div>
</div>
</div>
</div>
</div>
</div>
<p>L ABUS D ALCOOL EST DANGEREUX POUR LA SANTE. A CONSOMMER AVEC MODERATION.</p>
<p>LA VENTE D ALCOOL EST INTERDITE AUX MINEURS.</p>
<p>Les bienheureux 10 avenue de la Grande Armée 75017 Paris.</p>
