{"id":17049,"date":"2020-12-10T16:19:47","date_gmt":"2020-12-10T15:19:47","guid":{"rendered":"http:\/\/www.andreclaude.fr\/web\/index.php\/produit\/coffret-biere-de-chartres-une-bouteille-75cl-et-une-chope-100-cl\/"},"modified":"2024-08-07T09:28:42","modified_gmt":"2024-08-07T08:28:42","slug":"coffret-biere-de-chartres-une-bouteille-75cl-et-une-chope-100-cl","status":"publish","type":"product","link":"https:\/\/www.andreclaude.fr\/web\/index.php\/produit\/coffret-biere-de-chartres-une-bouteille-75cl-et-une-chope-100-cl\/","title":{"rendered":"Coffret Bi\u00e8re de Chartres une bouteille 75cl et une Chope 100 cl"},"content":{"rendered":"","protected":false},"excerpt":{"rendered":"<p>Biere de Chartres<\/p>\n<p>Brass\u00e9e au bl\u00e9 de Beauce<\/p>\n<p>Fermentation haute non filtr\u00e9e, elle est brass\u00e9e naturellement.<\/p>\n<p>Contient du malt de <strong>bl\u00e9<\/strong> et du malte d&rsquo; <strong>orge<\/strong> .<\/p>\n<p>Alcool 5,0 %.<\/p>\n<p>Brasserie Meteor Alsace<\/p>\n<p>La consommation de boissons alcoolis\u00e9es pendant la grossesse, m\u00eame en faible quantit\u00e9, peut avoir des cons\u00e9quences graves sur la sant\u00e9 de l\u2019enfant.<\/p>\n<p>L ABUS D ALCOOL EST DANGEREUX POUR LA SANTE. A CONSOMMER AVEC MODERATION<\/p>\n<p>LA VENTE D ALCOOL EST INTERDITE AUX MINEURS.<\/p>\n<p>&nbsp;<\/p>\n","protected":false},"featured_media":14605,"comment_status":"closed","ping_status":"closed","template":"","meta":[],"product_cat":[196,194,197,160],"product_tag":[],"jetpack_publicize_connections":[],"_links":{"self":[{"href":"https:\/\/www.andreclaude.fr\/web\/index.php\/wp-json\/wp\/v2\/product\/17049"}],"collection":[{"href":"https:\/\/www.andreclaude.fr\/web\/index.php\/wp-json\/wp\/v2\/product"}],"about":[{"href":"https:\/\/www.andreclaude.fr\/web\/index.php\/wp-json\/wp\/v2\/types\/product"}],"replies":[{"embeddable":true,"href":"https:\/\/www.andreclaude.fr\/web\/index.php\/wp-json\/wp\/v2\/comments?post=17049"}],"wp:featuredmedia":[{"embeddable":true,"href":"https:\/\/www.andreclaude.fr\/web\/index.php\/wp-json\/wp\/v2\/media\/14605"}],"wp:attachment":[{"href":"https:\/\/www.andreclaude.fr\/web\/index.php\/wp-json\/wp\/v2\/media?parent=17049"}],"wp:term":[{"taxonomy":"product_cat","embeddable":true,"href":"https:\/\/www.andreclaude.fr\/web\/index.php\/wp-json\/wp\/v2\/product_cat?post=17049"},{"taxonomy":"product_tag","embeddable":true,"href":"https:\/\/www.andreclaude.fr\/web\/index.php\/wp-json\/wp\/v2\/product_tag?post=17049"}],"curies":[{"name":"wp","href":"https:\/\/api.w.org\/{rel}","templated":true}]}}