{"id":14433,"date":"2019-09-25T16:45:40","date_gmt":"2019-09-25T15:45:40","guid":{"rendered":"http:\/\/www.andreclaude.fr\/web\/index.php\/produit\/l-j-givry-75-cl-2016\/"},"modified":"2023-05-18T06:16:28","modified_gmt":"2023-05-18T05:16:28","slug":"l-j-givry-75-cl-2016","status":"publish","type":"product","link":"https:\/\/www.andreclaude.fr\/web\/index.php\/produit\/l-j-givry-75-cl-2016\/","title":{"rendered":"L.J. Givry la bouteille 75 cl 2021"},"content":{"rendered":"","protected":false},"excerpt":{"rendered":"<p>La C\u00f4te Chalonnaise est situ\u00e9e dans la continuit\u00e9 de la C\u00f4te de Beaune, au Sud de Santenay. Il y a cinq appellations en C\u00f4te Chalonnaise : Aligot\u00e9 de Bouzeron, Rully, Mercurey, Givry et Montagny.<\/p>\n<p>Les vins de Givry sont produits autour du petit village de Givry (entre Mercurey et Montagny) et sur les trois hameaux de Poncey, Cortiambles et Russilly. Les sols bruns calcaires ou calciques issus de l\u2019alt\u00e9ration des calcaires du jurassique donnent naissance \u00e0 une appellation souvent compar\u00e9e \u00e0 Volnay.<\/p>\n<p>La r\u00e9colte est manuelle en petite caisse afin de pr\u00e9server l&rsquo;int\u00e9grit\u00e9 du fruit. Les raisins sont ensuite tri\u00e9s soigneusement \u00e0 la main puis \u00e9grapp\u00e9s. La mac\u00e9ration des raisins a lieu en cuves ouvertes en bois ou en inox pendant 3 semaines \u00e0 4 semaines. Les cuves sont pig\u00e9es 2 fois par jour pendant la fermentation. L&rsquo;\u00e9levage dure 18 mois environ dans les f\u00fbts de notre tonnellerie dont un tiers environ sont neufs.<\/p>\n<p>Alcool 13 % Contient des sulfites.<\/p>\n<p>Maison Louis Jadot <span class=\"LrzXr\">Route de Savigny, 21200 Beaune<\/span><\/p>\n<p>La consommation de boissons alcoolis\u00e9es pendant la grossesse, m\u00eame en faible quantit\u00e9, peut avoir des cons\u00e9quences graves sur la sant\u00e9 de l\u2019enfant.<\/p>\n<p>LA VENTE D ALCOOL EST INTERDITE AUX MINEURS.<\/p>\n<p>L ABUS D ALCOOL EST DANGEREUX POUR LA SANTE. A CONSOMMER AVEC MODERATION.<\/p>\n","protected":false},"featured_media":14434,"comment_status":"closed","ping_status":"closed","template":"","meta":[],"product_cat":[194,158],"product_tag":[],"jetpack_publicize_connections":[],"_links":{"self":[{"href":"https:\/\/www.andreclaude.fr\/web\/index.php\/wp-json\/wp\/v2\/product\/14433"}],"collection":[{"href":"https:\/\/www.andreclaude.fr\/web\/index.php\/wp-json\/wp\/v2\/product"}],"about":[{"href":"https:\/\/www.andreclaude.fr\/web\/index.php\/wp-json\/wp\/v2\/types\/product"}],"replies":[{"embeddable":true,"href":"https:\/\/www.andreclaude.fr\/web\/index.php\/wp-json\/wp\/v2\/comments?post=14433"}],"wp:featuredmedia":[{"embeddable":true,"href":"https:\/\/www.andreclaude.fr\/web\/index.php\/wp-json\/wp\/v2\/media\/14434"}],"wp:attachment":[{"href":"https:\/\/www.andreclaude.fr\/web\/index.php\/wp-json\/wp\/v2\/media?parent=14433"}],"wp:term":[{"taxonomy":"product_cat","embeddable":true,"href":"https:\/\/www.andreclaude.fr\/web\/index.php\/wp-json\/wp\/v2\/product_cat?post=14433"},{"taxonomy":"product_tag","embeddable":true,"href":"https:\/\/www.andreclaude.fr\/web\/index.php\/wp-json\/wp\/v2\/product_tag?post=14433"}],"curies":[{"name":"wp","href":"https:\/\/api.w.org\/{rel}","templated":true}]}}