{"id":13954,"date":"2019-05-17T07:37:33","date_gmt":"2019-05-17T06:37:33","guid":{"rendered":"http:\/\/www.andreclaude.fr\/web\/index.php\/produit\/chateau-fleur-la-mothe-150-cl-2015\/"},"modified":"2020-02-05T06:04:07","modified_gmt":"2020-02-05T05:04:07","slug":"chateau-fleur-la-mothe-150-cl-2015","status":"publish","type":"product","link":"https:\/\/www.andreclaude.fr\/web\/index.php\/produit\/chateau-fleur-la-mothe-150-cl-2015\/","title":{"rendered":"Ch\u00e2teau Fleur La Mothe 150 cl  2015"},"content":{"rendered":"<p>&nbsp;<\/p>\n<p><span style=\"color: #000000;\">\u00a0<\/span><\/p>\n","protected":false},"excerpt":{"rendered":"<div>\n<div align=\"justify\">Le Ch\u00e2teau Fleur La Mothe M\u00e9doc Cru Bourgeois est une s\u00e9lection des meilleures parcelles. C&rsquo;est un vin riche, plein de finesse et de concentration. Sa structure tannique lui offre une grande aptitude au vieillissement.<\/div>\n<div align=\"justify\">\n<div align=\"justify\">Surface : 15 Hectares<\/div>\n<div align=\"justify\">Age moyen des vignes : 50 ans<\/div>\n<div align=\"justify\">Sol : Argilo calcaire, Graves M\u00e9docaine<\/div>\n<div align=\"justify\">Enc\u00e9pagement : 45% Merlot, 45% Cabernet Sauvignon et 10% Petit Verdot<\/div>\n<div align=\"justify\">Mode de culture : Enherbement et travail du sol traditionnel, \u00e9bourgeonnage, effeuillage<\/div>\n<div align=\"justify\">Vendange : M\u00e9canique avec trieur embarqu\u00e9<\/div>\n<div align=\"justify\">R\u00e9ception : Table de tri<\/div>\n<div align=\"justify\">Vinification : Traditionnelle. Cuvaison longue<\/div>\n<div align=\"justify\">Elevage : Traditionnel des grands vins du M\u00e9doc<\/div>\n<\/div>\n<\/div>\n<div><\/div>\n<div>\n<p>Alcool 13,5 % Contient des sulfites.SCEA des Oenologues 33250 Pauillac<\/p>\n<p>La consommation de boissons alcoolis\u00e9es pendant la grossesse, m\u00eame en faible quantit\u00e9, peut avoir des cons\u00e9quences graves sur la sant\u00e9 de l\u2019enfant.<\/p>\n<p>LA VENTE D ALCOOL EST INTERDITE AUX MINEURS.<\/p>\n<p>L ABUS D ALCOOL EST DANGEREUX POUR LA SANTE. A CONSOMMER AVEC MODERATION.<\/p>\n<\/div>\n","protected":false},"featured_media":13955,"comment_status":"closed","ping_status":"closed","template":"","meta":[],"product_cat":[194,157],"product_tag":[],"jetpack_publicize_connections":[],"_links":{"self":[{"href":"https:\/\/www.andreclaude.fr\/web\/index.php\/wp-json\/wp\/v2\/product\/13954"}],"collection":[{"href":"https:\/\/www.andreclaude.fr\/web\/index.php\/wp-json\/wp\/v2\/product"}],"about":[{"href":"https:\/\/www.andreclaude.fr\/web\/index.php\/wp-json\/wp\/v2\/types\/product"}],"replies":[{"embeddable":true,"href":"https:\/\/www.andreclaude.fr\/web\/index.php\/wp-json\/wp\/v2\/comments?post=13954"}],"wp:featuredmedia":[{"embeddable":true,"href":"https:\/\/www.andreclaude.fr\/web\/index.php\/wp-json\/wp\/v2\/media\/13955"}],"wp:attachment":[{"href":"https:\/\/www.andreclaude.fr\/web\/index.php\/wp-json\/wp\/v2\/media?parent=13954"}],"wp:term":[{"taxonomy":"product_cat","embeddable":true,"href":"https:\/\/www.andreclaude.fr\/web\/index.php\/wp-json\/wp\/v2\/product_cat?post=13954"},{"taxonomy":"product_tag","embeddable":true,"href":"https:\/\/www.andreclaude.fr\/web\/index.php\/wp-json\/wp\/v2\/product_tag?post=13954"}],"curies":[{"name":"wp","href":"https:\/\/api.w.org\/{rel}","templated":true}]}}

Château Fleur La Mothe 150 cl  2015

<div>
<div align="justify">Le Château Fleur La Mothe Médoc Cru Bourgeois est une sélection des meilleures parcelles. C&rsquo;est un vin riche, plein de finesse et de concentration. Sa structure tannique lui offre une grande aptitude au vieillissement.</div>
<div align="justify">
<div align="justify">Surface : 15 Hectares</div>
<div align="justify">Age moyen des vignes : 50 ans</div>
<div align="justify">Sol : Argilo calcaire, Graves Médocaine</div>
<div align="justify">Encépagement : 45% Merlot, 45% Cabernet Sauvignon et 10% Petit Verdot</div>
<div align="justify">Mode de culture : Enherbement et travail du sol traditionnel, ébourgeonnage, effeuillage</div>
<div align="justify">Vendange : Mécanique avec trieur embarqué</div>
<div align="justify">Réception : Table de tri</div>
<div align="justify">Vinification : Traditionnelle. Cuvaison longue</div>
<div align="justify">Elevage : Traditionnel des grands vins du Médoc</div>
</div>
</div>
<div></div>
<div>
<p>Alcool 13,5 % Contient des sulfites.SCEA des Oenologues 33250 Pauillac</p>
<p>La consommation de boissons alcoolisées pendant la grossesse, même en faible quantité, peut avoir des conséquences graves sur la santé de l’enfant.</p>
<p>LA VENTE D ALCOOL EST INTERDITE AUX MINEURS.</p>
<p>L ABUS D ALCOOL EST DANGEREUX POUR LA SANTE. A CONSOMMER AVEC MODERATION.</p>
</div>
