{"id":13846,"date":"2019-04-26T05:43:40","date_gmt":"2019-04-26T04:43:40","guid":{"rendered":"http:\/\/www.andreclaude.fr\/web\/index.php\/produit\/domaine-pellehaut-ete-gascond-blanc-75-cl-2018\/"},"modified":"2024-12-30T09:28:52","modified_gmt":"2024-12-30T08:28:52","slug":"domaine-pellehaut-ete-gascond-blanc-75-cl-2018","status":"publish","type":"product","link":"https:\/\/www.andreclaude.fr\/web\/index.php\/produit\/domaine-pellehaut-ete-gascond-blanc-75-cl-2018\/","title":{"rendered":"Domaine Pellehaut Et\u00e9 Gascond Blanc 75 cl 2023"},"content":{"rendered":"","protected":false},"excerpt":{"rendered":"<p>53.70 \u20ac le carton de 6 bouteilles soit 8.95 \u20ac la bouteille<\/p>\n<p>&nbsp;<\/p>\n<p>Une base \u00e0 80 % de Gros Manseng accompagn\u00e9e de Chardonnay et de c\u00e9pages locaux.<\/p>\n<p>Une robe jaune, un nez intense de fruits exotiques. Un v\u00e9ritable dessert en bouche, entre douceur, tonicit\u00e9 et fra\u00eecheur, ce vin accompagnera \u00e0 merveille tous vos repas de f\u00eates, vos ap\u00e9ritifs et vos desserts.<\/p>\n<p class=\" text-justify\">Servir de 10 \u00e0 12\u00b0C en ap\u00e9ritif, sur foie gras et poissons en sauce.<\/p>\n<section id=\"recompenseTab\" class=\"page-product-box tab-pane fade active in\">\n<div class=\"rte\">\n<p>M\u00e9daille d&#039;Argent au Concours Agricole de Paris 2019<\/p>\n<p>M\u00e9daille d&#039;Or au Concours National des Oenologues de France Vinalies 2019<\/p>\n<p>M\u00e9daille d\u2019Or au Concours des Vins IGP 2019<\/p>\n<p>M\u00e9daille d&#039;Or au Concours G\u00e9n\u00e9ral Agricole de Paris 2018<\/p>\n<p>M\u00e9daille d&#039;Or au Concours National des Vins IGP 2018<\/p>\n<p>M\u00e9daille d&#039;Or au Concours G\u00e9n\u00e9ral Agricole de Paris 2017.<\/p>\n<p>M\u00e9daille d&#039;Or au Concours International 2017 GILBERT &amp; GAILLARD<\/p>\n<\/div>\n<\/section>\n<p class=\" text-justify\">Alcool 13 % Contient des sulfites.<\/p>\n<p class=\" text-justify\">La consommation de boissons alcoolis\u00e9es pendant la grossesse, m\u00eame en faible quantit\u00e9, peut avoir des cons\u00e9quences graves sur la sant\u00e9 de l\u2019enfant.<\/p>\n<p class=\" text-justify\">L ABUS D ALCOOL EST DANGEREUX POUR LA SANTE. A CONSOMMER AVEC MODERATION.<\/p>\n<p class=\" text-justify\">LA VENTE D ALCOOL EST INTERDITE AUX MINEURS.<\/p>\n<ul>\n<li>Famille B\u00e9raut 32250 Montr\u00e9al Du Gers<\/li>\n<\/ul>\n","protected":false},"featured_media":13847,"comment_status":"closed","ping_status":"closed","template":"","meta":[],"product_cat":[194,162],"product_tag":[],"jetpack_publicize_connections":[],"_links":{"self":[{"href":"https:\/\/www.andreclaude.fr\/web\/index.php\/wp-json\/wp\/v2\/product\/13846"}],"collection":[{"href":"https:\/\/www.andreclaude.fr\/web\/index.php\/wp-json\/wp\/v2\/product"}],"about":[{"href":"https:\/\/www.andreclaude.fr\/web\/index.php\/wp-json\/wp\/v2\/types\/product"}],"replies":[{"embeddable":true,"href":"https:\/\/www.andreclaude.fr\/web\/index.php\/wp-json\/wp\/v2\/comments?post=13846"}],"wp:featuredmedia":[{"embeddable":true,"href":"https:\/\/www.andreclaude.fr\/web\/index.php\/wp-json\/wp\/v2\/media\/13847"}],"wp:attachment":[{"href":"https:\/\/www.andreclaude.fr\/web\/index.php\/wp-json\/wp\/v2\/media?parent=13846"}],"wp:term":[{"taxonomy":"product_cat","embeddable":true,"href":"https:\/\/www.andreclaude.fr\/web\/index.php\/wp-json\/wp\/v2\/product_cat?post=13846"},{"taxonomy":"product_tag","embeddable":true,"href":"https:\/\/www.andreclaude.fr\/web\/index.php\/wp-json\/wp\/v2\/product_tag?post=13846"}],"curies":[{"name":"wp","href":"https:\/\/api.w.org\/{rel}","templated":true}]}}