{"id":13584,"date":"2019-02-21T18:33:52","date_gmt":"2019-02-21T17:33:52","guid":{"rendered":"http:\/\/www.andreclaude.fr\/web\/?post_type=product&#038;p=13584"},"modified":"2026-03-03T07:27:22","modified_gmt":"2026-03-03T06:27:22","slug":"amande-effilee-barq-env-200-grs","status":"publish","type":"product","link":"https:\/\/www.andreclaude.fr\/web\/index.php\/produit\/amande-effilee-barq-env-200-grs\/","title":{"rendered":"Amande effil\u00e9e Barq. env. 200 grs"},"content":{"rendered":"","protected":false},"excerpt":{"rendered":"<p>Conditionn\u00e9 en barquette refermable \u00e0 volont\u00e9 pour garder toute sa saveur.<\/p>\n<p>Ingredi\u00e9nts : amandes \u00e9ffil\u00e9es<\/p>\n<p>Valeurs nutritionnelles moyennes pour 100 g<\/p>\n<p>Energie : 2625kj\/635kcal<\/p>\n<p>Mati\u00e8res grasses : 56g dont acides gras satures : 4,5g<\/p>\n<p>Glucides : 4,9g dont sucres 4,3g<\/p>\n<p>Prot\u00e9ines : 24g<\/p>\n<p>Sel &lt;0,1g<\/p>\n<p>Distribu\u00e9 par Agidra 69801 SAINT PRIEST<\/p>\n<p>&nbsp;<\/p>\n<p>&nbsp;<\/p>\n","protected":false},"featured_media":13589,"comment_status":"open","ping_status":"closed","template":"","meta":[],"product_cat":[194,171],"product_tag":[],"jetpack_publicize_connections":[],"_links":{"self":[{"href":"https:\/\/www.andreclaude.fr\/web\/index.php\/wp-json\/wp\/v2\/product\/13584"}],"collection":[{"href":"https:\/\/www.andreclaude.fr\/web\/index.php\/wp-json\/wp\/v2\/product"}],"about":[{"href":"https:\/\/www.andreclaude.fr\/web\/index.php\/wp-json\/wp\/v2\/types\/product"}],"replies":[{"embeddable":true,"href":"https:\/\/www.andreclaude.fr\/web\/index.php\/wp-json\/wp\/v2\/comments?post=13584"}],"wp:featuredmedia":[{"embeddable":true,"href":"https:\/\/www.andreclaude.fr\/web\/index.php\/wp-json\/wp\/v2\/media\/13589"}],"wp:attachment":[{"href":"https:\/\/www.andreclaude.fr\/web\/index.php\/wp-json\/wp\/v2\/media?parent=13584"}],"wp:term":[{"taxonomy":"product_cat","embeddable":true,"href":"https:\/\/www.andreclaude.fr\/web\/index.php\/wp-json\/wp\/v2\/product_cat?post=13584"},{"taxonomy":"product_tag","embeddable":true,"href":"https:\/\/www.andreclaude.fr\/web\/index.php\/wp-json\/wp\/v2\/product_tag?post=13584"}],"curies":[{"name":"wp","href":"https:\/\/api.w.org\/{rel}","templated":true}]}}

Amande effilée Barq. env. 200 grs

<p>Conditionné en barquette refermable à volonté pour garder toute sa saveur.</p>
<p>Ingrediénts : amandes éffilées</p>
<p>Valeurs nutritionnelles moyennes pour 100 g</p>
<p>Energie : 2625kj/635kcal</p>
<p>Matières grasses : 56g dont acides gras satures : 4,5g</p>
<p>Glucides : 4,9g dont sucres 4,3g</p>
<p>Protéines : 24g</p>
<p>Sel &lt;0,1g</p>
<p>Distribué par Agidra 69801 SAINT PRIEST</p>
<p>&nbsp;</p>
<p>&nbsp;</p>
