{"id":13159,"date":"2018-11-26T09:36:10","date_gmt":"2018-11-26T08:36:10","guid":{"rendered":"http:\/\/www.andreclaude.fr\/web\/index.php\/produit\/sirop-de-banane-vedrenne-la-bouteille-de-70-cl\/"},"modified":"2026-03-27T16:27:22","modified_gmt":"2026-03-27T15:27:22","slug":"sirop-de-banane-vedrenne-la-bouteille-de-70-cl","status":"publish","type":"product","link":"https:\/\/www.andreclaude.fr\/web\/index.php\/produit\/sirop-de-banane-vedrenne-la-bouteille-de-70-cl\/","title":{"rendered":"Sirop de Banane Vedrenne la bouteille de 70 cl"},"content":{"rendered":"<p>VEDRENNE<\/p>\n<p>6 Passage Montgolfier<\/p>\n<p>21702 Nuits Saint Georges<\/p>\n","protected":false},"excerpt":{"rendered":"<p>Couleur dor\u00e9e, brillante.<\/p>\n<p>Nez tr\u00e8s agr\u00e9ablement fruit\u00e9.<\/p>\n<p>Bouche fruit\u00e9e, intense et douce \u00e0 la fois.<\/p>\n","protected":false},"featured_media":13162,"comment_status":"closed","ping_status":"closed","template":"","meta":[],"product_cat":[212,194],"product_tag":[],"jetpack_publicize_connections":[],"_links":{"self":[{"href":"https:\/\/www.andreclaude.fr\/web\/index.php\/wp-json\/wp\/v2\/product\/13159"}],"collection":[{"href":"https:\/\/www.andreclaude.fr\/web\/index.php\/wp-json\/wp\/v2\/product"}],"about":[{"href":"https:\/\/www.andreclaude.fr\/web\/index.php\/wp-json\/wp\/v2\/types\/product"}],"replies":[{"embeddable":true,"href":"https:\/\/www.andreclaude.fr\/web\/index.php\/wp-json\/wp\/v2\/comments?post=13159"}],"wp:featuredmedia":[{"embeddable":true,"href":"https:\/\/www.andreclaude.fr\/web\/index.php\/wp-json\/wp\/v2\/media\/13162"}],"wp:attachment":[{"href":"https:\/\/www.andreclaude.fr\/web\/index.php\/wp-json\/wp\/v2\/media?parent=13159"}],"wp:term":[{"taxonomy":"product_cat","embeddable":true,"href":"https:\/\/www.andreclaude.fr\/web\/index.php\/wp-json\/wp\/v2\/product_cat?post=13159"},{"taxonomy":"product_tag","embeddable":true,"href":"https:\/\/www.andreclaude.fr\/web\/index.php\/wp-json\/wp\/v2\/product_tag?post=13159"}],"curies":[{"name":"wp","href":"https:\/\/api.w.org\/{rel}","templated":true}]}}