{"id":11934,"date":"2018-03-23T08:36:05","date_gmt":"2018-03-23T07:36:05","guid":{"rendered":"http:\/\/www.andreclaude.fr\/web\/index.php\/produit\/sirop-de-grenadine-vedrenne-la-bouteille-de-70-cl\/"},"modified":"2026-03-27T16:32:19","modified_gmt":"2026-03-27T15:32:19","slug":"sirop-de-grenadine-monin-la-bouteille-de-70-cl","status":"publish","type":"product","link":"https:\/\/www.andreclaude.fr\/web\/index.php\/produit\/sirop-de-grenadine-monin-la-bouteille-de-70-cl\/","title":{"rendered":"Sirop de grenadine Monin bouteille 70 cl"},"content":{"rendered":"<p>VEDRENNE<\/p>\n<p>6 Passage Montgolfier<\/p>\n<p>21702 Nuits Saint Georges<\/p>\n","protected":false},"excerpt":{"rendered":"<p>Couleur rouge vermillon brillante.<\/p>\n<p>Nez tr\u00e8s aromatique de grenade et fruits rouges.<\/p>\n<p>Bouche tr\u00e8s agr\u00e9ablement parfum\u00e9e, fruit\u00e9e aux notes fruits rouges et grenade.<\/p>\n","protected":false},"featured_media":11933,"comment_status":"closed","ping_status":"closed","template":"","meta":[],"product_cat":[212,194],"product_tag":[],"jetpack_publicize_connections":[],"_links":{"self":[{"href":"https:\/\/www.andreclaude.fr\/web\/index.php\/wp-json\/wp\/v2\/product\/11934"}],"collection":[{"href":"https:\/\/www.andreclaude.fr\/web\/index.php\/wp-json\/wp\/v2\/product"}],"about":[{"href":"https:\/\/www.andreclaude.fr\/web\/index.php\/wp-json\/wp\/v2\/types\/product"}],"replies":[{"embeddable":true,"href":"https:\/\/www.andreclaude.fr\/web\/index.php\/wp-json\/wp\/v2\/comments?post=11934"}],"wp:featuredmedia":[{"embeddable":true,"href":"https:\/\/www.andreclaude.fr\/web\/index.php\/wp-json\/wp\/v2\/media\/11933"}],"wp:attachment":[{"href":"https:\/\/www.andreclaude.fr\/web\/index.php\/wp-json\/wp\/v2\/media?parent=11934"}],"wp:term":[{"taxonomy":"product_cat","embeddable":true,"href":"https:\/\/www.andreclaude.fr\/web\/index.php\/wp-json\/wp\/v2\/product_cat?post=11934"},{"taxonomy":"product_tag","embeddable":true,"href":"https:\/\/www.andreclaude.fr\/web\/index.php\/wp-json\/wp\/v2\/product_tag?post=11934"}],"curies":[{"name":"wp","href":"https:\/\/api.w.org\/{rel}","templated":true}]}}