{"id":11905,"date":"2018-03-23T07:46:45","date_gmt":"2018-03-23T06:46:45","guid":{"rendered":"http:\/\/www.andreclaude.fr\/web\/?post_type=product&#038;p=11905"},"modified":"2022-09-27T14:15:43","modified_gmt":"2022-09-27T13:15:43","slug":"rhum-blanc-la-bouteille-de-1-litre","status":"publish","type":"product","link":"https:\/\/www.andreclaude.fr\/web\/index.php\/produit\/rhum-blanc-la-bouteille-de-1-litre\/","title":{"rendered":"Rhum blanc Bielle la bouteille de 70 cl"},"content":{"rendered":"","protected":false},"excerpt":{"rendered":"<p>Rhum Agricole Blanc de Marie Galante 40% alc. Distillerie Bielle<\/p>\n<p>Un pur parfum de canne distill\u00e9e, fruit\u00e9, \u00e9clatant et rac\u00e9, aux notes cara\u00efbes subtilement sauvages. Une bouche puissante, de pure canne fruit\u00e9e, ample et expressive, avec une longue finale g\u00e9n\u00e9reuse.<br \/>\nC\u2019est le rhum Antillais par excellence.<\/p>\n<p>Alcool 40 %<\/p>\n<p>La consommation de boissons alcoolis\u00e9es pendant la grossesse, m\u00eame en faible quantit\u00e9, peut avoir des cons\u00e9quences graves sur la sant\u00e9 de l\u2019enfant.<br \/>\nL ABUS D ALCOOL EST DANGEREUX POUR LA SANTE A CONSOMMER AVEC MODERATION.<\/p>\n<p>LA VENTE D ALCOOL EST INTERDITE AUX MINEURS.<\/p>\n<p>Distillerie Bielle 97112 Grand Bourg Marie Galante<\/p>\n","protected":false},"featured_media":13683,"comment_status":"closed","ping_status":"closed","template":"","meta":[],"product_cat":[194,160],"product_tag":[],"jetpack_publicize_connections":[],"_links":{"self":[{"href":"https:\/\/www.andreclaude.fr\/web\/index.php\/wp-json\/wp\/v2\/product\/11905"}],"collection":[{"href":"https:\/\/www.andreclaude.fr\/web\/index.php\/wp-json\/wp\/v2\/product"}],"about":[{"href":"https:\/\/www.andreclaude.fr\/web\/index.php\/wp-json\/wp\/v2\/types\/product"}],"replies":[{"embeddable":true,"href":"https:\/\/www.andreclaude.fr\/web\/index.php\/wp-json\/wp\/v2\/comments?post=11905"}],"wp:featuredmedia":[{"embeddable":true,"href":"https:\/\/www.andreclaude.fr\/web\/index.php\/wp-json\/wp\/v2\/media\/13683"}],"wp:attachment":[{"href":"https:\/\/www.andreclaude.fr\/web\/index.php\/wp-json\/wp\/v2\/media?parent=11905"}],"wp:term":[{"taxonomy":"product_cat","embeddable":true,"href":"https:\/\/www.andreclaude.fr\/web\/index.php\/wp-json\/wp\/v2\/product_cat?post=11905"},{"taxonomy":"product_tag","embeddable":true,"href":"https:\/\/www.andreclaude.fr\/web\/index.php\/wp-json\/wp\/v2\/product_tag?post=11905"}],"curies":[{"name":"wp","href":"https:\/\/api.w.org\/{rel}","templated":true}]}}