{"id":11726,"date":"2018-02-15T11:40:13","date_gmt":"2018-02-15T10:40:13","guid":{"rendered":"http:\/\/www.andreclaude.fr\/web\/?post_type=product&#038;p=11726"},"modified":"2022-02-18T11:42:28","modified_gmt":"2022-02-18T10:42:28","slug":"biscotte-tradition-le-paquet-370-grs","status":"publish","type":"product","link":"https:\/\/www.andreclaude.fr\/web\/index.php\/produit\/biscotte-tradition-le-paquet-370-grs\/","title":{"rendered":"Biscotte Tradition le paquet 370 grs"},"content":{"rendered":"","protected":false},"excerpt":{"rendered":"<p>Toutes les biscotteries artisanales ont disparu au cours des d\u00e9cennies qui suivirent, laissant place aux nombreuses fabrications industrielles.<\/p>\n<p>Toutes sauf une\u2026 la derni\u00e8re biscotterie artisanale en France aujourd\u2019hui encore, \u00e0\u00a0Saint Germain du\u00a0Salembre, \u00e9labore les biscottes suivant la recette et le savoir-faire authentiques.<\/p>\n<p>Contenance : 0 cl<br \/>\nPoids net : 370 g<br \/>\nPoids net \u00e9goutt\u00e9 : 0 g<\/p>\n<p>CARACTERISTIQUES PRODUIT<br \/>\nIngr\u00e9dients : Farine de bl\u00e9 (gluten), huile de coco non hydrog\u00e9n\u00e9e, sucre, levure boulang\u00e8re, sel, malt d\u2019orge (gluten).<br \/>\nAllerg\u00e8nes : Gluten<br \/>\nTraces d&rsquo;allerg\u00e8nes possibles :<br \/>\nAllerg\u00e8nes pr\u00e9sents dans l&rsquo;atelier : Fruits \u00e0 coques, s\u00e9same.<br \/>\nValeurs nutritionnelles pour 100 g de produit<\/p>\n<p>Energie 1559 kJ \/ 369 kcal<br \/>\nMati\u00e8res grasses 7,7 g<br \/>\ndont acides gras satur\u00e9s 6,6 g<br \/>\nGlucides 62 g<br \/>\nDont Sucres 4,9 g<br \/>\nFibres alimentaires 3,9 g<br \/>\nProt\u00e9ines 11 g<br \/>\nSel 1,5 g<br \/>\nMode d&#8217;emploi :<br \/>\nRecommandations :<br \/>\nContre indications :<br \/>\nStockage avant emploi : A conserver dans un endroit<br \/>\nfrais et sec, \u00e0 l\u2019abri de la lumi\u00e8re.<br \/>\nStockage apr\u00e8s ouverture : A consommer rapidement<br \/>\napr\u00e8s ouverture.<\/p>\n<p>DLUO \u00e0 fabrication : 360 jour(s)<br \/>\nDLUO garantie : 90 jour(s)<\/p>\n<p>Origine : FRANCE<br \/>\nLieu de fabrication : 24190 SAINT GERMAIN<br \/>\nDU SALEMBRE<\/p>\n","protected":false},"featured_media":11725,"comment_status":"closed","ping_status":"closed","template":"","meta":[],"product_cat":[194,171],"product_tag":[],"jetpack_publicize_connections":[],"_links":{"self":[{"href":"https:\/\/www.andreclaude.fr\/web\/index.php\/wp-json\/wp\/v2\/product\/11726"}],"collection":[{"href":"https:\/\/www.andreclaude.fr\/web\/index.php\/wp-json\/wp\/v2\/product"}],"about":[{"href":"https:\/\/www.andreclaude.fr\/web\/index.php\/wp-json\/wp\/v2\/types\/product"}],"replies":[{"embeddable":true,"href":"https:\/\/www.andreclaude.fr\/web\/index.php\/wp-json\/wp\/v2\/comments?post=11726"}],"wp:featuredmedia":[{"embeddable":true,"href":"https:\/\/www.andreclaude.fr\/web\/index.php\/wp-json\/wp\/v2\/media\/11725"}],"wp:attachment":[{"href":"https:\/\/www.andreclaude.fr\/web\/index.php\/wp-json\/wp\/v2\/media?parent=11726"}],"wp:term":[{"taxonomy":"product_cat","embeddable":true,"href":"https:\/\/www.andreclaude.fr\/web\/index.php\/wp-json\/wp\/v2\/product_cat?post=11726"},{"taxonomy":"product_tag","embeddable":true,"href":"https:\/\/www.andreclaude.fr\/web\/index.php\/wp-json\/wp\/v2\/product_tag?post=11726"}],"curies":[{"name":"wp","href":"https:\/\/api.w.org\/{rel}","templated":true}]}}

<p>Toutes les biscotteries artisanales ont disparu au cours des décennies qui suivirent, laissant place aux nombreuses fabrications industrielles.</p>
<p>Toutes sauf une… la dernière biscotterie artisanale en France aujourd’hui encore, à Saint Germain du Salembre, élabore les biscottes suivant la recette et le savoir-faire authentiques.</p>
<p>Contenance : 0 cl<br />
Poids net : 370 g<br />
Poids net égoutté : 0 g</p>
<p>CARACTERISTIQUES PRODUIT<br />
Ingrédients : Farine de blé (gluten), huile de coco non hydrogénée, sucre, levure boulangère, sel, malt d’orge (gluten).<br />
Allergènes : Gluten<br />
Traces d&rsquo;allergènes possibles :<br />
Allergènes présents dans l&rsquo;atelier : Fruits à coques, sésame.<br />
Valeurs nutritionnelles pour 100 g de produit</p>
<p>Energie 1559 kJ / 369 kcal<br />
Matières grasses 7,7 g<br />
dont acides gras saturés 6,6 g<br />
Glucides 62 g<br />
Dont Sucres 4,9 g<br />
Fibres alimentaires 3,9 g<br />
Protéines 11 g<br />
Sel 1,5 g<br />
Mode d&#8217;emploi :<br />
Recommandations :<br />
Contre indications :<br />
Stockage avant emploi : A conserver dans un endroit<br />
frais et sec, à l’abri de la lumière.<br />
Stockage après ouverture : A consommer rapidement<br />
après ouverture.</p>
<p>DLUO à fabrication : 360 jour(s)<br />
DLUO garantie : 90 jour(s)</p>
<p>Origine : FRANCE<br />
Lieu de fabrication : 24190 SAINT GERMAIN<br />
DU SALEMBRE</p>
