{"id":11701,"date":"2018-02-14T07:34:14","date_gmt":"2018-02-14T06:34:14","guid":{"rendered":"http:\/\/www.andreclaude.fr\/web\/?post_type=product&#038;p=11701"},"modified":"2023-02-09T10:58:00","modified_gmt":"2023-02-09T09:58:00","slug":"vinaigrette-au-vinaigre-de-xeres-ail-et-basilic-bouteille-500-ml","status":"publish","type":"product","link":"https:\/\/www.andreclaude.fr\/web\/index.php\/produit\/vinaigrette-au-vinaigre-de-xeres-ail-et-basilic-bouteille-500-ml\/","title":{"rendered":"Vinaigrette au vinaigre de X\u00e9r\u00e8s, Ail et Basilic bouteille 500 ml"},"content":{"rendered":"<p>Distribu\u00e9 par<\/p>\n<p>SDP Rungis<\/p>\n<p>6 Rue des Oliviers<\/p>\n<p>94537 Orly<\/p>\n","protected":false},"excerpt":{"rendered":"<p>Sauce vinaigrette au vinaigre de X\u00e9r\u00e8s Jean d\u2019 Audignac. Excellente vinaigrette pour assaisonner les salades et crudit\u00e9s.<\/p>\n<p>Ingr\u00e9dients : huile de colza 40%, vinaigre de X\u00e9r\u00e8s 15%, eau, huile d&rsquo;olive 10%, pur\u00e9e de tomates, <strong>moutarde<\/strong> de Dijon (vinaigre d&rsquo;alcool, graines de <strong>moutarde<\/strong>, eau, sel) , sel, ail 2%, basilic 1.5%, miel. Contient des sulfites.<\/p>\n<p>Valeurs nutritionnelles moyennes pour 100g<\/p>\n<p>Energie : 484kcal\/1993kj<\/p>\n<p>Mati\u00e8res grasses : 51g dont acides gras satur\u00e9s : 4.2g<\/p>\n<p>Glucides : 5g dont sucres : 4.5g<\/p>\n<p>Prot\u00e9ines : 0.7g<\/p>\n<p>Sel : 2.5g<\/p>\n","protected":false},"featured_media":11702,"comment_status":"closed","ping_status":"closed","template":"","meta":[],"product_cat":[194,179],"product_tag":[],"jetpack_publicize_connections":[],"_links":{"self":[{"href":"https:\/\/www.andreclaude.fr\/web\/index.php\/wp-json\/wp\/v2\/product\/11701"}],"collection":[{"href":"https:\/\/www.andreclaude.fr\/web\/index.php\/wp-json\/wp\/v2\/product"}],"about":[{"href":"https:\/\/www.andreclaude.fr\/web\/index.php\/wp-json\/wp\/v2\/types\/product"}],"replies":[{"embeddable":true,"href":"https:\/\/www.andreclaude.fr\/web\/index.php\/wp-json\/wp\/v2\/comments?post=11701"}],"wp:featuredmedia":[{"embeddable":true,"href":"https:\/\/www.andreclaude.fr\/web\/index.php\/wp-json\/wp\/v2\/media\/11702"}],"wp:attachment":[{"href":"https:\/\/www.andreclaude.fr\/web\/index.php\/wp-json\/wp\/v2\/media?parent=11701"}],"wp:term":[{"taxonomy":"product_cat","embeddable":true,"href":"https:\/\/www.andreclaude.fr\/web\/index.php\/wp-json\/wp\/v2\/product_cat?post=11701"},{"taxonomy":"product_tag","embeddable":true,"href":"https:\/\/www.andreclaude.fr\/web\/index.php\/wp-json\/wp\/v2\/product_tag?post=11701"}],"curies":[{"name":"wp","href":"https:\/\/api.w.org\/{rel}","templated":true}]}}